{"id":65,"date":"2014-09-18T10:12:22","date_gmt":"2014-09-18T10:12:22","guid":{"rendered":"http:\/\/agora.xtec.cat\/inssolderiu\/?page_id=65"},"modified":"2022-10-08T21:14:04","modified_gmt":"2022-10-08T19:14:04","slug":"serveis-digitals","status":"publish","type":"page","link":"https:\/\/agora.xtec.cat\/inssolderiu\/serveis\/serveis-digitals\/","title":{"rendered":"Biblioteca Escolar"},"content":{"rendered":"<p style=\"text-align: justify;\">El nostre centre disposa d\u2019una biblioteca oberta a la comunitat educativa. El seu responsable \u00e9s el Sr. Josep Llu\u00eds Agudo Juan, professor del\u00a0<a title=\"Lleng\u00fces\" href=\"http:\/\/institutsolderiu.cat\/equip-huma\/departaments-didactics\/llengues\/\" target=\"_blank\" rel=\"noopener\" data-saferedirecturl=\"https:\/\/www.google.com\/url?hl=ca&amp;q=http:\/\/institutsolderiu.cat\/equip-huma\/departaments-didactics\/llengues\/&amp;source=gmail&amp;ust=1507290769984000&amp;usg=AFQjCNG9MbV_CqBI7BWjxkGQmtc6DkYeEQ\">Departament de Lleng\u00fces<\/a>. Comptar\u00e0 amb la col\u00b7laboraci\u00f3 de Olga Reverter Nolla i de l&#8217;Equip Docent del Departament de Lleng\u00fces. En aquesta p\u00e0gina trobareu els serveis que ofereix i les activitats que realitza al llarg del curs.<\/p>\n<ul id=\"menu-enllacos-externs\" class=\"menu\" style=\"color: #474747;\">\n<li><a style=\"color: #145074;\" href=\"http:\/\/bibliotecaiesalcanar.blogspot.com.es\/\">Bloc de la biblioteca<\/a><\/li>\n<li><a style=\"color: #145074;\" href=\"http:\/\/bibliotecaiesalcanar\/\">Slideshare de la biblioteca<\/a><\/li>\n<li><a style=\"color: #145074;\" href=\"http:\/\/picasaweb.google.com\/bibliotecaIESAlcanar\">Picasa de la biblioteca<\/a><\/li>\n<li><a style=\"color: #145074;\" href=\"http:\/\/www.youtube.com\/bibliotecaIESAlcanar\">YouTube de la biblioteca<\/a><\/li>\n<li><a style=\"color: #145074;\" href=\"https:\/\/aplicacions.gestioeducativa.gencat.cat\/epergam\/web\/\" target=\"_blank\" rel=\"noopener\">Cat\u00e0leg de la biblioteca<\/a><\/li>\n<li><a style=\"color: #145074;\" href=\"https:\/\/app.box.com\/shared\/a3smcn4nva\" target=\"_blank\" rel=\"noopener\">Revistes de l&#8217;Institut<\/a><\/li>\n<\/ul>\n","protected":false},"excerpt":{"rendered":"<p>El nostre centre disposa d\u2019una biblioteca oberta a la comunitat educativa. El seu responsable \u00e9s el Sr. Josep Llu\u00eds Agudo Juan, professor del\u00a0<a title=\"Lleng\u00fces\" href=\"http:\/\/institutsolderiu.cat\/equip-huma\/departaments-didactics\/llengues\/\" target=\"_blank\" rel=\"noopener\" data-saferedirecturl=\"https:\/\/www.google.com\/url?hl=ca&amp;q=http:\/\/institutsolderiu.cat\/equip-huma\/departaments-didactics\/llengues\/&amp;source=gmail&amp;ust=1507290769984000&amp;usg=AFQjCNG9MbV_CqBI7BWjxkGQmtc6DkYeEQ\">Departament de Lleng\u00fces<\/a>. Comptar\u00e0 amb la col\u00b7laboraci\u00f3 de Olga Reverter Nolla i de l&#8217;Equip Docent del Departament de&hellip;  <a href=\"https:\/\/agora.xtec.cat\/inssolderiu\/serveis\/serveis-digitals\/\" title=\"Read Biblioteca Escolar\">Llegeix m\u00e9s\u00bb<\/a><\/p>\n","protected":false},"author":1,"featured_media":0,"parent":63,"menu_order":30,"comment_status":"closed","ping_status":"closed","template":"page-templates\/side-menu.php","meta":{"_bbp_topic_count":0,"_bbp_reply_count":0,"_bbp_total_topic_count":0,"_bbp_total_reply_count":0,"_bbp_voice_count":0,"_bbp_anonymous_reply_count":0,"_bbp_topic_count_hidden":0,"_bbp_reply_count_hidden":0,"_bbp_forum_subforum_count":0,"footnotes":""},"class_list":["post-65","page","type-page","status-publish","hentry"],"post_mailing_queue_ids":[],"_links":{"self":[{"href":"https:\/\/agora.xtec.cat\/inssolderiu\/wp-json\/wp\/v2\/pages\/65","targetHints":{"allow":["GET"]}}],"collection":[{"href":"https:\/\/agora.xtec.cat\/inssolderiu\/wp-json\/wp\/v2\/pages"}],"about":[{"href":"https:\/\/agora.xtec.cat\/inssolderiu\/wp-json\/wp\/v2\/types\/page"}],"author":[{"embeddable":true,"href":"https:\/\/agora.xtec.cat\/inssolderiu\/wp-json\/wp\/v2\/users\/1"}],"replies":[{"embeddable":true,"href":"https:\/\/agora.xtec.cat\/inssolderiu\/wp-json\/wp\/v2\/comments?post=65"}],"version-history":[{"count":3,"href":"https:\/\/agora.xtec.cat\/inssolderiu\/wp-json\/wp\/v2\/pages\/65\/revisions"}],"predecessor-version":[{"id":5432,"href":"https:\/\/agora.xtec.cat\/inssolderiu\/wp-json\/wp\/v2\/pages\/65\/revisions\/5432"}],"up":[{"embeddable":true,"href":"https:\/\/agora.xtec.cat\/inssolderiu\/wp-json\/wp\/v2\/pages\/63"}],"wp:attachment":[{"href":"https:\/\/agora.xtec.cat\/inssolderiu\/wp-json\/wp\/v2\/media?parent=65"}],"curies":[{"name":"wp","href":"https:\/\/api.w.org\/{rel}","templated":true}]}}