{"id":5209,"date":"2014-06-19T13:15:19","date_gmt":"2014-06-19T11:15:19","guid":{"rendered":"http:\/\/institutsolderiu.cat\/?page_id=90"},"modified":"2022-10-08T21:34:47","modified_gmt":"2022-10-08T19:34:47","slug":"fp","status":"publish","type":"page","link":"https:\/\/agora.xtec.cat\/inssolderiu\/linstitut\/estudis\/fp\/","title":{"rendered":"Cicles Formatius"},"content":{"rendered":"<p style=\"text-align: justify;\"><span style=\"font-family: inherit; font-size: 1em;\">La <\/span><a style=\"font-family: inherit; font-size: 1em;\" href=\"http:\/\/www20.gencat.cat\/portal\/site\/queestudiar\/menuitem.89bb085fa6f72c69e85c7273b0c0e1a0\/?vgnextoid=52a31d26608b2410VgnVCM1000008d0c1e0aRCRD&amp;vgnextchannel=52a31d26608b2410VgnVCM1000008d0c1e0aRCRD&amp;vgnextfmt=default\" target=\"_blank\" rel=\"noopener noreferrer\"><strong>formaci\u00f3 professional inicial<\/strong> <\/a><span style=\"font-family: inherit; font-size: 1em;\">capacita per a l&#8217;exercici qualificat de diverses professions i proporciona la formaci\u00f3 necess\u00e0ria per adquirir la compet\u00e8ncia professional i el coneixement propis de cada sector. S\u2019organitza en cicles formatius de <\/span><a style=\"font-family: inherit; font-size: 1em;\" href=\"http:\/\/www20.gencat.cat\/portal\/site\/queestudiar\/menuitem.d7cfc336363a7af8e85c7273b0c0e1a0\/?vgnextoid=835401b82ca2a310VgnVCM2000009b0c1e0aRCRD&amp;vgnextchannel=835401b82ca2a310VgnVCM2000009b0c1e0aRCRD&amp;vgnextfmt=default\" target=\"_blank\" rel=\"noopener noreferrer\"><strong>grau mitj\u00e0<\/strong> <\/a><span style=\"font-family: inherit; font-size: 1em;\">o de <\/span><a style=\"font-family: inherit; font-size: 1em;\" href=\"http:\/\/www20.gencat.cat\/portal\/site\/queestudiar\/menuitem.d7cfc336363a7af8e85c7273b0c0e1a0\/?vgnextoid=ec0ae8b57ca2a310VgnVCM2000009b0c1e0aRCRD&amp;vgnextchannel=ec0ae8b57ca2a310VgnVCM2000009b0c1e0aRCRD&amp;vgnextfmt=default\" target=\"_blank\" rel=\"noopener noreferrer\"><strong>grau superior<\/strong><\/a><span style=\"font-family: inherit; font-size: 1em;\">.<\/span><\/p>\n<div class=\"bulletsGenerals\">\n<p style=\"text-align: justify;\">A l&#8217;Institut S\u00f2l-de-Riu s&#8217;imparteix el\u00a0<a title=\"CFGM Manteniment electromec\u00e0nic\" href=\"http:\/\/institutsolderiu.cat\/centre\/oferta_educativa\/fp\/cfpm-im10\/\">Cicle Formatiu de Grau Mitj\u00e0 d\u2019Instal\u00b7lacions i Manteniment Electromec\u00e0nic<\/a> i el <a title=\"CFGM Manteniment electromec\u00e0nic\" href=\"https:\/\/agora.xtec.cat\/inssolderiu\/cfgm-video-discjoquei-i-so\/\" target=\"_blank\" rel=\"noopener noreferrer\">Cicle Formatiu de Grau Mitj\u00e0 de V\u00eddeo, Discj\u00f2quei i So<\/a><\/p>\n<p style=\"text-align: justify;\">A m\u00e9s dins de l&#8217;\u00e0mbit de la formaci\u00f3 professional el nostre centre ofereix el <a title=\"Assessorament i reconeixement\" href=\"http:\/\/institutsolderiu.cat\/centre\/estudis\/fp\/assessorament-reconeixement\/\" target=\"_blank\" rel=\"noopener noreferrer\"><strong>servei d&#8217;assessorament<\/strong> i el <strong>servei de reconeixement acad\u00e8mic<\/strong> <\/a>de l&#8217;experi\u00e8ncia professional\u00a0 en la fam\u00edlia professional d&#8217;<a href=\"http:\/\/www20.gencat.cat\/portal\/site\/queestudiar\/menuitem.796f7d19c318c94cd56a1c76b0c0e1a0\/?vgnextoid=856b62cfe5f2b210VgnVCM2000009b0c1e0aRCRD&amp;vgnextchannel=856b62cfe5f2b210VgnVCM2000009b0c1e0aRCRD&amp;vgnextfmt=default\" target=\"_blank\" rel=\"noopener noreferrer\">Instal\u00b7laci\u00f3 i Manteniment<\/a><\/p>\n<p style=\"text-align: justify;\">Tenen <strong>acc\u00e9s directe<\/strong> als cicles de <strong>grau mitj\u00e0<\/strong> les persones que compleixen <strong>algun dels requisits<\/strong> seg\u00fcents:<\/p>\n<ul style=\"text-align: justify;\">\n<li>tenir el t\u00edtol de graduat en educaci\u00f3 secund\u00e0ria obligat\u00f2ria,<\/li>\n<li>tenir el t\u00edtol de t\u00e8cnic o de t\u00e8cnic auxiliar,<\/li>\n<li>haver superat el curs espec\u00edfic per a l&#8217;acc\u00e9s als cicles formatius de grau mitj\u00e0 (CAM),<\/li>\n<li>haver superat el segon curs del batxillerat unificat i polivalent (BUP),<\/li>\n<li>tenir altres estudis equivalents a efectes acad\u00e8mics,<\/li>\n<li>haver superat un programa de qualificaci\u00f3 professional inicial (PQPI) amb nota igual o superior a 8,<\/li>\n<li>haver superat la prova d&#8217;acc\u00e9s a la universitat per a majors de 25 anys,<\/li>\n<li>tenir un t\u00edtol per accedir a un cicle formatiu de grau superior.<\/li>\n<\/ul>\n<p style=\"text-align: justify;\">Les persones que no compleixen cap dels requisits esmentats han de superar una <a href=\"http:\/\/www20.gencat.cat\/portal\/site\/ensenyament\/menuitem.75e1c94eb5dd9e184ed22010b0c0e1a0\/?vgnextoid=95af3ef3b8a05310VgnVCM1000008d0c1e0aRCRD&amp;\" target=\"_blank\" rel=\"noopener noreferrer\"><strong>prova d&#8217;acc\u00e9s<\/strong><\/a>. Per presentar-s&#8217;hi cal tenir com a m\u00ednim 17 anys l&#8217;any en qu\u00e8 es fa la prova. Existeix tamb\u00e9 la possibilitat d&#8217;assistir a cursos de <a href=\"http:\/\/www20.gencat.cat\/portal\/site\/queestudiar\/menuitem.e32cbab633a72f5cd56a1c76b0c0e1a0\/?vgnextoid=a242e75fa2338310VgnVCM2000009b0c1e0aRCRD&amp;vgnextchannel=a242e75fa2338310VgnVCM2000009b0c1e0aRCRD&amp;vgnextfmt=default\" target=\"_blank\" rel=\"noopener noreferrer\">preparaci\u00f3 de les proves d&#8217;acc\u00e9s a grau mitj\u00e0<\/a> aix\u00ed com el <a href=\"http:\/\/www20.gencat.cat\/portal\/site\/queestudiar\/menuitem.e32cbab633a72f5cd56a1c76b0c0e1a0\/?vgnextoid=8d76391e2e238310VgnVCM2000009b0c1e0aRCRD&amp;vgnextchannel=8d76391e2e238310VgnVCM2000009b0c1e0aRCRD&amp;vgnextfmt=default\" target=\"_blank\" rel=\"noopener noreferrer\">curs espec\u00edfic d&#8217;acc\u00e9s als cicles de grau mitj\u00e0.<\/a><\/p>\n<p style=\"text-align: justify;\">Pel que fa al cicles de <strong>grau superior<\/strong>, hi tenen <strong>acc\u00e9s directe<\/strong> als cicles les persones que compleixen <strong>algun dels requisits<\/strong> seg\u00fcents:<\/p>\n<ul style=\"text-align: justify;\">\n<li>tenir el t\u00edtol de batxillerat,<\/li>\n<li>tenir el t\u00edtol de t\u00e8cnic o t\u00e8cnica superior o especialista,<\/li>\n<li>haver superat el segon curs de batxillerat de qualsevol modalitat de batxillerat experimental,<\/li>\n<li>haver superat el curs d&#8217;orientaci\u00f3 universit\u00e0ria (COU) o el preuniversitari,<\/li>\n<li>haver superat el curs espec\u00edfic per a l&#8217;acc\u00e9s als cicles formatius de grau superior (CAS),<\/li>\n<li>tenir qualsevol titulaci\u00f3 universit\u00e0ria o una d&#8217;equivalent,<\/li>\n<li>haver superat la prova d&#8217;acc\u00e9s a la universitat per a majors de 25 anys.<\/li>\n<\/ul>\n<p style=\"text-align: justify;\">Les persones que no compleixen cap dels requisits esmentats han de superar una <a href=\"http:\/\/www20.gencat.cat\/portal\/site\/ensenyament\/menuitem.75e1c94eb5dd9e184ed22010b0c0e1a0\/?vgnextoid=0d4f80a92de05310VgnVCM2000009b0c1e0aRCRD\" target=\"_blank\" rel=\"noopener noreferrer\"><strong>prova d&#8217;acc\u00e9s<\/strong><\/a>. Per presentar-s&#8217;hi cal tenir com a m\u00ednim 19 anys l&#8217;any en qu\u00e8 es fa la prova o 18 les persones que tenen el t\u00edtol de t\u00e8cnic o t\u00e8cnica relacionat amb el cicle al qual volen accedir. A l&#8217;igual que en el cas dels cicles formatius de grau mitj\u00e0, es pot assistir a cursos de <a href=\"http:\/\/www20.gencat.cat\/portal\/site\/queestudiar\/menuitem.e32cbab633a72f5cd56a1c76b0c0e1a0\/?vgnextoid=5b28e75fa2338310VgnVCM2000009b0c1e0aRCRD&amp;vgnextchannel=5b28e75fa2338310VgnVCM2000009b0c1e0aRCRD&amp;vgnextfmt=default\" target=\"_blank\" rel=\"noopener noreferrer\">preparaci\u00f3 de les proves d&#8217;acc\u00e9s a grau superior<\/a> o b\u00e9 al <a href=\"http:\/\/www20.gencat.cat\/portal\/site\/queestudiar\/menuitem.e32cbab633a72f5cd56a1c76b0c0e1a0\/?vgnextoid=8f3ce891ce238310VgnVCM2000009b0c1e0aRCRD&amp;vgnextchannel=8f3ce891ce238310VgnVCM2000009b0c1e0aRCRD&amp;vgnextfmt=default\" target=\"_blank\" rel=\"noopener noreferrer\">curs espec\u00edfic d&#8217;acc\u00e9s als cicles de grau superior<\/a>.<\/p>\n<p style=\"text-align: justify;\">Els cicles s\u2019agrupen en fam\u00edlies professionals i tenen una durada variable: n\u2019hi ha de 2.000, 1.700, 1.400 i 1.300 hores. Una part d\u2019aquestes hores es destina a la formaci\u00f3 en un centre educatiu i una altra part a la <strong><a href=\"http:\/\/www20.gencat.cat\/portal\/site\/queestudiar\/menuitem.d7cfc336363a7af8e85c7273b0c0e1a0\/?vgnextoid=adf8647629f2b210VgnVCM2000009b0c1e0aRCRD&amp;vgnextchannel=adf8647629f2b210VgnVCM2000009b0c1e0aRCRD&amp;vgnextfmt=default\" target=\"_blank\" rel=\"noopener noreferrer\">formaci\u00f3 pr\u00e0ctica en centres de treball<\/a><\/strong> a trav\u00e9s del <a href=\"http:\/\/www.empresaescola.cat\/\" target=\"_blank\" rel=\"noopener noreferrer\">Programa Empresa+Escola<\/a>. Un cicle formatiu de 1.300 o de 1.400 hores correspon a un curs acad\u00e8mic, mentre que un cicle de 1.700 o de 2.000 hores correspon a dos cursos acad\u00e8mics. Amb la superaci\u00f3 d\u2019un cicle formatiu de grau mitj\u00e0 s\u2019obt\u00e9 el t\u00edtol de <strong>t\u00e8cnic<\/strong> i amb la superaci\u00f3 d\u2019un de grau superior, el de <strong>t\u00e8cnic superior<\/strong>.<\/p>\n<p style=\"text-align: justify;\"><strong>M\u00e9s informaci\u00f3:<\/strong><\/p>\n<ul>\n<li style=\"text-align: justify;\"><a title=\"V\u00e9s a 'Formaci\u00f3 professional. Grau mij\u00e0: Guia informativa'\" href=\"http:\/\/www.gencat.cat\/ensenyament\/eac\/pdf\/CFP_CGGM_CA.pdf\" target=\"_blank\" rel=\"noopener noreferrer\">Formaci\u00f3 professional. Grau mitj\u00e0: Guia informativa<\/a><\/li>\n<li style=\"text-align: justify;\"><a title=\"V\u00e9s a 'Formaci\u00f3 professional. Cicles formatius per fam\u00edlies professionals: Guia informativa'\" href=\"http:\/\/www20.gencat.cat\/docs\/Educacio\/Documents\/ARXIUS\/cicles_families.pdf\" target=\"_blank\" rel=\"noopener noreferrer\">Formaci\u00f3 professional. Cicles formatius per fam\u00edlies professionals: Guia informativa<\/a><\/li>\n<\/ul>\n<\/div>\n","protected":false},"excerpt":{"rendered":"<p>La <a style=\"font-family: inherit; font-size: 1em;\" href=\"http:\/\/www20.gencat.cat\/portal\/site\/queestudiar\/menuitem.89bb085fa6f72c69e85c7273b0c0e1a0\/?vgnextoid=52a31d26608b2410VgnVCM1000008d0c1e0aRCRD&amp;vgnextchannel=52a31d26608b2410VgnVCM1000008d0c1e0aRCRD&amp;vgnextfmt=default\" target=\"_blank\" rel=\"noopener noreferrer\">formaci\u00f3 professional inicial <\/a>capacita per a l&#8217;exercici qualificat de diverses professions i proporciona la formaci\u00f3 necess\u00e0ria per adquirir la compet\u00e8ncia professional i el coneixement propis de cada sector. S\u2019organitza en cicles formatius de <a style=\"font-family: inherit;&hellip;  <a href=\"https:\/\/agora.xtec.cat\/inssolderiu\/linstitut\/estudis\/fp\/\" title=\"Read Cicles Formatius\">Llegeix m\u00e9s\u00bb<\/a><\/p>\n","protected":false},"author":1,"featured_media":0,"parent":84,"menu_order":30,"comment_status":"open","ping_status":"open","template":"page-templates\/side-menu.php","meta":{"_bbp_topic_count":0,"_bbp_reply_count":0,"_bbp_total_topic_count":0,"_bbp_total_reply_count":0,"_bbp_voice_count":0,"_bbp_anonymous_reply_count":0,"_bbp_topic_count_hidden":0,"_bbp_reply_count_hidden":0,"_bbp_forum_subforum_count":0,"footnotes":""},"class_list":["post-5209","page","type-page","status-publish","hentry"],"post_mailing_queue_ids":[],"_links":{"self":[{"href":"https:\/\/agora.xtec.cat\/inssolderiu\/wp-json\/wp\/v2\/pages\/5209","targetHints":{"allow":["GET"]}}],"collection":[{"href":"https:\/\/agora.xtec.cat\/inssolderiu\/wp-json\/wp\/v2\/pages"}],"about":[{"href":"https:\/\/agora.xtec.cat\/inssolderiu\/wp-json\/wp\/v2\/types\/page"}],"author":[{"embeddable":true,"href":"https:\/\/agora.xtec.cat\/inssolderiu\/wp-json\/wp\/v2\/users\/1"}],"replies":[{"embeddable":true,"href":"https:\/\/agora.xtec.cat\/inssolderiu\/wp-json\/wp\/v2\/comments?post=5209"}],"version-history":[{"count":2,"href":"https:\/\/agora.xtec.cat\/inssolderiu\/wp-json\/wp\/v2\/pages\/5209\/revisions"}],"predecessor-version":[{"id":6750,"href":"https:\/\/agora.xtec.cat\/inssolderiu\/wp-json\/wp\/v2\/pages\/5209\/revisions\/6750"}],"up":[{"embeddable":true,"href":"https:\/\/agora.xtec.cat\/inssolderiu\/wp-json\/wp\/v2\/pages\/84"}],"wp:attachment":[{"href":"https:\/\/agora.xtec.cat\/inssolderiu\/wp-json\/wp\/v2\/media?parent=5209"}],"curies":[{"name":"wp","href":"https:\/\/api.w.org\/{rel}","templated":true}]}}