{"id":10013,"date":"2024-05-22T13:16:33","date_gmt":"2024-05-22T11:16:33","guid":{"rendered":"https:\/\/agora.xtec.cat\/inssolderiu\/?page_id=10013"},"modified":"2026-02-06T10:19:13","modified_gmt":"2026-02-06T09:19:13","slug":"centre-formador-mupfs","status":"publish","type":"page","link":"https:\/\/agora.xtec.cat\/inssolderiu\/centre-formador-mupfs\/","title":{"rendered":"Centre Formador MUPFS"},"content":{"rendered":"<p>El nostre centre forma part de la xarxa de Centres Formadors M<a href=\"https:\/\/agora.xtec.cat\/inssolderiu\/wp-content\/uploads\/usu1860\/2024\/05\/LOGO-centres-formadors-scaled.jpg\"><img loading=\"lazy\" decoding=\"async\" class=\"wp-image-10011 alignleft\" src=\"https:\/\/agora.xtec.cat\/inssolderiu\/wp-content\/uploads\/usu1860\/2024\/05\/LOGO-centres-formadors-1011x1024.jpg\" alt=\"\" width=\"168\" height=\"170\" srcset=\"https:\/\/agora.xtec.cat\/inssolderiu\/wp-content\/uploads\/usu1860\/2024\/05\/LOGO-centres-formadors-1011x1024.jpg 1011w, https:\/\/agora.xtec.cat\/inssolderiu\/wp-content\/uploads\/usu1860\/2024\/05\/LOGO-centres-formadors-296x300.jpg 296w, https:\/\/agora.xtec.cat\/inssolderiu\/wp-content\/uploads\/usu1860\/2024\/05\/LOGO-centres-formadors-768x778.jpg 768w, https:\/\/agora.xtec.cat\/inssolderiu\/wp-content\/uploads\/usu1860\/2024\/05\/LOGO-centres-formadors-1517x1536.jpg 1517w, https:\/\/agora.xtec.cat\/inssolderiu\/wp-content\/uploads\/usu1860\/2024\/05\/LOGO-centres-formadors-2022x2048.jpg 2022w\" sizes=\"auto, (max-width: 168px) 100vw, 168px\" \/><\/a>UPFS. En els seg\u00fcents enlla\u00e7os podeu trobar m\u00e9s informaci\u00f3:<\/p>\n<ul>\n<li style=\"list-style-type: none;\">\n<ul>\n<li style=\"list-style-type: none;\">\n<ul style=\"list-style-type: circle;\">\n<li><a href=\"https:\/\/app.box.com\/s\/2srv0uz3v9yha1ups4hyfrr84ssvclfp\" target=\"_blank\" rel=\"noopener\">Programa d&#8217;Innovaci\u00f3 Centres Formadors<\/a><\/li>\n<li><a href=\"https:\/\/projectes.xtec.cat\/centresformadors\/\" target=\"_blank\" rel=\"noopener\">Acc\u00e9s al nodes de Centres Formadors<\/a><\/li>\n<li><a href=\"https:\/\/app.box.com\/s\/hndihcavqyubahr0qvckgp4fbzk087tx\" target=\"_blank\" rel=\"noopener\">Presentaci\u00f3 Mentoria INS S\u00f2l-de-Riu<\/a><\/li>\n<li><a href=\"https:\/\/app.box.com\/s\/i69v5ewvpd1ftfw9g5y8tjzxvejz8kpg\" target=\"_blank\" rel=\"noopener\">Pla Acollida MUPFS INS S\u00f2l-de-Riu<\/a><\/li>\n<li><a href=\"https:\/\/app.box.com\/s\/vppirv0jf20tfh9vc4w3rjh8ob8ibbbm\" target=\"_blank\" rel=\"noopener\">Pla Acci\u00f3 MUPFS INS S\u00f2l-de-Riu<\/a><\/li>\n<\/ul>\n<\/li>\n<\/ul>\n<\/li>\n<\/ul>\n","protected":false},"excerpt":{"rendered":"<p>El nostre centre forma part de la xarxa de Centres Formadors M<a href=\"https:\/\/agora.xtec.cat\/inssolderiu\/wp-content\/uploads\/usu1860\/2024\/05\/LOGO-centres-formadors-scaled.jpg\"><\/a>UPFS. En els seg\u00fcents enlla\u00e7os podeu trobar m\u00e9s informaci\u00f3:<\/p>\n<ul>\n<li style=\"list-style-type: none;\">\n<ul>\n<li style=\"list-style-type: none;\">\n<ul style=\"list-style-type: circle;\">\n<li><a href=\"https:\/\/app.box.com\/s\/2srv0uz3v9yha1ups4hyfrr84ssvclfp\" target=\"_blank\" rel=\"noopener\">Programa d&#8217;Innovaci\u00f3 Centres Formadors<\/a><\/li>\n<li><a href=\"https:\/\/projectes.xtec.cat\/centresformadors\/\" target=\"_blank\" rel=\"noopener\">Acc\u00e9s al nodes de Centres Formadors<\/a><\/li>\n<li><a href=\"https:\/\/app.box.com\/s\/hndihcavqyubahr0qvckgp4fbzk087tx\" target=\"_blank\" rel=\"noopener\">Presentaci\u00f3 Mentoria&hellip;  <a href=\"https:\/\/agora.xtec.cat\/inssolderiu\/centre-formador-mupfs\/\" title=\"Read Centre Formador MUPFS\">Llegeix m\u00e9s\u00bb<\/a><br \/>\n","protected":false},"author":1,"featured_media":0,"parent":0,"menu_order":0,"comment_status":"closed","ping_status":"closed","template":"","meta":{"_bbp_topic_count":0,"_bbp_reply_count":0,"_bbp_total_topic_count":0,"_bbp_total_reply_count":0,"_bbp_voice_count":0,"_bbp_anonymous_reply_count":0,"_bbp_topic_count_hidden":0,"_bbp_reply_count_hidden":0,"_bbp_forum_subforum_count":0,"footnotes":""},"class_list":["post-10013","page","type-page","status-publish","hentry"],"post_mailing_queue_ids":[],"_links":{"self":[{"href":"https:\/\/agora.xtec.cat\/inssolderiu\/wp-json\/wp\/v2\/pages\/10013","targetHints":{"allow":["GET"]}}],"collection":[{"href":"https:\/\/agora.xtec.cat\/inssolderiu\/wp-json\/wp\/v2\/pages"}],"about":[{"href":"https:\/\/agora.xtec.cat\/inssolderiu\/wp-json\/wp\/v2\/types\/page"}],"author":[{"embeddable":true,"href":"https:\/\/agora.xtec.cat\/inssolderiu\/wp-json\/wp\/v2\/users\/1"}],"replies":[{"embeddable":true,"href":"https:\/\/agora.xtec.cat\/inssolderiu\/wp-json\/wp\/v2\/comments?post=10013"}],"version-history":[{"count":4,"href":"https:\/\/agora.xtec.cat\/inssolderiu\/wp-json\/wp\/v2\/pages\/10013\/revisions"}],"predecessor-version":[{"id":10726,"href":"https:\/\/agora.xtec.cat\/inssolderiu\/wp-json\/wp\/v2\/pages\/10013\/revisions\/10726"}],"wp:attachment":[{"href":"https:\/\/agora.xtec.cat\/inssolderiu\/wp-json\/wp\/v2\/media?parent=10013"}],"curies":[{"name":"wp","href":"https:\/\/api.w.org\/{rel}","templated":true}]}}