{"id":411,"date":"2014-12-14T12:20:04","date_gmt":"2014-12-14T11:20:04","guid":{"rendered":"http:\/\/agora.xtec.cat\/insserradenoet\/?page_id=411"},"modified":"2025-09-02T09:29:11","modified_gmt":"2025-09-02T07:29:11","slug":"departaments","status":"publish","type":"page","link":"https:\/\/agora.xtec.cat\/insserradenoet\/linstitut\/organigrama\/departaments\/","title":{"rendered":"Caps d&#8217;\u00e0mbit"},"content":{"rendered":"<p>Correspon al cap d&#8217;\u00e0mbit coordinar la concreci\u00f3 del curr\u00edculum de les mat\u00e8ries i optatives corresponents i vetllar per la seva coher\u00e8ncia al llarg dels cursos i les etapes.<\/p>\n<table style=\"width: 90.9895%; height: 120px;\">\n<tbody>\n<tr style=\"height: 32px;\">\n<td style=\"width: 40.8284%; height: 32px;\">Cap d&#8217;\u00e0mbit de lleng\u00fces<\/td>\n<td style=\"width: 21.1045%; height: 32px;\">Cl\u00e0udia Bosch<\/td>\n<td style=\"width: 66.356%; height: 32px;\"><span class=\"\"><span class=\"\">claudiab@se<\/span><\/span>rradenoet.cat<\/td>\n<\/tr>\n<tr style=\"height: 56px;\">\n<td style=\"width: 40.8284%; height: 56px;\">Cap d&#8217;\u00e0mbit cient\u00edfic-tecnol\u00f2gic<\/td>\n<td style=\"width: 21.1045%; height: 56px;\">Imma Casas<\/td>\n<td style=\"width: 66.356%; height: 56px;\">immac<span class=\"atwho-query\">@serradenoet.cat<\/span><\/td>\n<\/tr>\n<tr style=\"height: 32px;\">\n<td style=\"width: 40.8284%; height: 32px;\">Cap d&#8217;\u00e0mbit social-expressi\u00f3<\/td>\n<td style=\"width: 21.1045%; height: 32px;\">Miki L\u00f3pez<\/td>\n<td style=\"width: 66.356%; height: 32px;\">mikil@serradenoet.cat<\/td>\n<\/tr>\n<\/tbody>\n<\/table>\n<p>&nbsp;<\/p>\n","protected":false},"excerpt":{"rendered":"<p>Correspon al cap d&#8217;\u00e0mbit coordinar la concreci\u00f3 del curr\u00edculum de les mat\u00e8ries i optatives corresponents i vetllar per la seva coher\u00e8ncia al llarg dels cursos i les etapes. Cap d&#8217;\u00e0mbit de lleng\u00fces Cl\u00e0udia Bosch claudiab@serradenoet.cat Cap d&#8217;\u00e0mbit cient\u00edfic-tecnol\u00f2gic Imma Casas immac@serradenoet.cat Cap d&#8217;\u00e0mbit social-expressi\u00f3 Miki L\u00f3pez mikil@serradenoet.cat &nbsp;<\/p>\n","protected":false},"author":1,"featured_media":0,"parent":46,"menu_order":0,"comment_status":"closed","ping_status":"closed","template":"page-templates\/side-menu.php","meta":{"_bbp_topic_count":0,"_bbp_reply_count":0,"_bbp_total_topic_count":0,"_bbp_total_reply_count":0,"_bbp_voice_count":0,"_bbp_anonymous_reply_count":0,"_bbp_topic_count_hidden":0,"_bbp_reply_count_hidden":0,"_bbp_forum_subforum_count":0,"site-sidebar-layout":"default","site-content-layout":"","ast-site-content-layout":"","site-content-style":"default","site-sidebar-style":"default","ast-global-header-display":"","ast-banner-title-visibility":"","ast-main-header-display":"","ast-hfb-above-header-display":"","ast-hfb-below-header-display":"","ast-hfb-mobile-header-display":"","site-post-title":"","ast-breadcrumbs-content":"","ast-featured-img":"","footer-sml-layout":"","theme-transparent-header-meta":"","adv-header-id-meta":"","stick-header-meta":"","header-above-stick-meta":"","header-main-stick-meta":"","header-below-stick-meta":"","astra-migrate-meta-layouts":"default","ast-page-background-enabled":"default","ast-page-background-meta":{"desktop":{"background-color":"var(--ast-global-color-4)","background-image":"","background-repeat":"repeat","background-position":"center center","background-size":"auto","background-attachment":"scroll","background-type":"","background-media":"","overlay-type":"","overlay-color":"","overlay-opacity":"","overlay-gradient":""},"tablet":{"background-color":"","background-image":"","background-repeat":"repeat","background-position":"center center","background-size":"auto","background-attachment":"scroll","background-type":"","background-media":"","overlay-type":"","overlay-color":"","overlay-opacity":"","overlay-gradient":""},"mobile":{"background-color":"","background-image":"","background-repeat":"repeat","background-position":"center center","background-size":"auto","background-attachment":"scroll","background-type":"","background-media":"","overlay-type":"","overlay-color":"","overlay-opacity":"","overlay-gradient":""}},"ast-content-background-meta":{"desktop":{"background-color":"var(--ast-global-color-5)","background-image":"","background-repeat":"repeat","background-position":"center center","background-size":"auto","background-attachment":"scroll","background-type":"","background-media":"","overlay-type":"","overlay-color":"","overlay-opacity":"","overlay-gradient":""},"tablet":{"background-color":"var(--ast-global-color-5)","background-image":"","background-repeat":"repeat","background-position":"center center","background-size":"auto","background-attachment":"scroll","background-type":"","background-media":"","overlay-type":"","overlay-color":"","overlay-opacity":"","overlay-gradient":""},"mobile":{"background-color":"var(--ast-global-color-5)","background-image":"","background-repeat":"repeat","background-position":"center center","background-size":"auto","background-attachment":"scroll","background-type":"","background-media":"","overlay-type":"","overlay-color":"","overlay-opacity":"","overlay-gradient":""}},"footnotes":""},"class_list":["post-411","page","type-page","status-publish","hentry"],"post_mailing_queue_ids":[],"_links":{"self":[{"href":"https:\/\/agora.xtec.cat\/insserradenoet\/wp-json\/wp\/v2\/pages\/411","targetHints":{"allow":["GET"]}}],"collection":[{"href":"https:\/\/agora.xtec.cat\/insserradenoet\/wp-json\/wp\/v2\/pages"}],"about":[{"href":"https:\/\/agora.xtec.cat\/insserradenoet\/wp-json\/wp\/v2\/types\/page"}],"author":[{"embeddable":true,"href":"https:\/\/agora.xtec.cat\/insserradenoet\/wp-json\/wp\/v2\/users\/1"}],"replies":[{"embeddable":true,"href":"https:\/\/agora.xtec.cat\/insserradenoet\/wp-json\/wp\/v2\/comments?post=411"}],"version-history":[{"count":5,"href":"https:\/\/agora.xtec.cat\/insserradenoet\/wp-json\/wp\/v2\/pages\/411\/revisions"}],"predecessor-version":[{"id":21325,"href":"https:\/\/agora.xtec.cat\/insserradenoet\/wp-json\/wp\/v2\/pages\/411\/revisions\/21325"}],"up":[{"embeddable":true,"href":"https:\/\/agora.xtec.cat\/insserradenoet\/wp-json\/wp\/v2\/pages\/46"}],"wp:attachment":[{"href":"https:\/\/agora.xtec.cat\/insserradenoet\/wp-json\/wp\/v2\/media?parent=411"}],"curies":[{"name":"wp","href":"https:\/\/api.w.org\/{rel}","templated":true}]}}