{"id":1037,"date":"2015-04-24T10:17:38","date_gmt":"2015-04-24T08:17:38","guid":{"rendered":"http:\/\/agora.xtec.cat\/insserradenoet\/?page_id=1037"},"modified":"2023-02-21T19:40:33","modified_gmt":"2023-02-21T18:40:33","slug":"das-gymnasium","status":"publish","type":"page","link":"https:\/\/agora.xtec.cat\/insserradenoet\/linstitut\/das-gymnasium\/","title":{"rendered":"Das Gymnasium"},"content":{"rendered":"<p style=\"text-align: justify;\">Willkommen in dem Gymnasium Serra de Noet in Berga!<\/p>\n<p style=\"text-align: justify;\">Seit seiner Gr\u00fcndung im Jahr 2006 hat sich unser Gymnasium als Bildungsreferenz etabliert, die die bestehenden Schulungsmodelle f\u00fcr den Unterricht integriert und die neuen Technologien f\u00f6rdert, damit unsere Sch\u00fcler und Sch\u00fclerinnen nach den Anforderungen der Gesellschaft lernen.<\/p>\n<p style=\"text-align: justify;\">Unser Bildungsprojekt umfasst Erkennungsmerkmale und das p\u00e4dagogische Engagement, selbst\u00e4ndige und kompetente Menschen auszubilden, die sich effektiv und so vollst\u00e4ndig wie m\u00f6glich an der heutigen Gesellschaft anpassen k\u00f6nnen.<\/p>\n<p style=\"text-align: justify;\">Das Team von <strong>Lehrkr\u00e4ften im Gymasium<\/strong> beweist ihre <strong>Professionalit\u00e4t<\/strong> und <strong>Disziplin<\/strong> im Unterricht, indem sie sich an die folgenden Punkte richten:<\/p>\n<p style=\"text-align: justify;\">&#8211; Anpassung an \u00c4nderungen in der Umsetzung des Lehrplans in bezug auf die Kompetenzen und die Integration neuer Technologien.<\/p>\n<p style=\"text-align: justify;\">&#8211; F\u00f6rderung einer ernsthaften Haltung dem Lernen gegen\u00fcber, die <strong>die hohen Schulleistungen<\/strong> von unseren Sch\u00fclern anhand interdisziplin\u00e4ren Projekten oder der Einbeziehnung von der englischen Sprache als Unterrichtssprache in einigen F\u00e4chern, usw. f\u00f6rdert.<\/p>\n<p style=\"text-align: justify;\">&#8211; F\u00f6rderung einer kontinuierlichen Zusammenarbeit mit den Familien, die zu einer besseren Erreichung der Bildungsziele beitragen.<\/p>\n<p style=\"text-align: justify;\">&#8211; Kompromiss zu einer direkten menschenw\u00fcrdigen Haltung mit dem Wunsch, dass unsere Sch\u00fcler als Menschen wachsen, die st\u00e4ndig nach einer pers\u00f6nlichen Verbesserung suchen.<\/p>\n<p style=\"text-align: justify;\">Daher betrachten wir unsere Lehrkr\u00e4fte als <strong>ERZIEHER<\/strong> und wir betrachten Werte wie Respekt, Dialog, Toleranz, pers\u00f6nliche Autonomie, Selbst-Verbesserung als so wichtig wie die Vermittlung von Wissen.<\/p>\n<p style=\"text-align: justify;\">Wir arbeiten an Projekten, die Konsistenz in der Unterrichtspraxis geben wie &#8220;European Youth Company (EJE)&#8221; Plan f\u00fcr Fremdsprachen, Internet-Partnerschaften &#8220;Die Schule nimmt ein Denkmal (KVR)&#8221;, usw.<\/p>\n<p style=\"text-align: justify;\">WIR LADEN SIE EIN, UNSER GYMNASIUM KENNEN ZU LERNEN. SIE WERDEN HERZLICH WILLKOMMEN SEIN!!<\/p>\n","protected":false},"excerpt":{"rendered":"<p>Willkommen in dem Gymnasium Serra de Noet in Berga! Seit seiner Gr\u00fcndung im Jahr 2006 hat sich unser Gymnasium als Bildungsreferenz etabliert, die die bestehenden Schulungsmodelle f\u00fcr den Unterricht integriert und die neuen Technologien f\u00f6rdert, damit unsere Sch\u00fcler und Sch\u00fclerinnen nach den Anforderungen der Gesellschaft lernen. Unser Bildungsprojekt umfasst Erkennungsmerkmale und das p\u00e4dagogische Engagement, selbst\u00e4ndige [&hellip;]<\/p>\n","protected":false},"author":1,"featured_media":0,"parent":19,"menu_order":10,"comment_status":"closed","ping_status":"closed","template":"page-templates\/side-menu.php","meta":{"_bbp_topic_count":0,"_bbp_reply_count":0,"_bbp_total_topic_count":0,"_bbp_total_reply_count":0,"_bbp_voice_count":0,"_bbp_anonymous_reply_count":0,"_bbp_topic_count_hidden":0,"_bbp_reply_count_hidden":0,"_bbp_forum_subforum_count":0,"site-sidebar-layout":"default","site-content-layout":"","ast-site-content-layout":"","site-content-style":"default","site-sidebar-style":"default","ast-global-header-display":"","ast-banner-title-visibility":"","ast-main-header-display":"","ast-hfb-above-header-display":"","ast-hfb-below-header-display":"","ast-hfb-mobile-header-display":"","site-post-title":"","ast-breadcrumbs-content":"","ast-featured-img":"","footer-sml-layout":"","theme-transparent-header-meta":"","adv-header-id-meta":"","stick-header-meta":"","header-above-stick-meta":"","header-main-stick-meta":"","header-below-stick-meta":"","astra-migrate-meta-layouts":"default","ast-page-background-enabled":"default","ast-page-background-meta":{"desktop":{"background-color":"var(--ast-global-color-4)","background-image":"","background-repeat":"repeat","background-position":"center center","background-size":"auto","background-attachment":"scroll","background-type":"","background-media":"","overlay-type":"","overlay-color":"","overlay-opacity":"","overlay-gradient":""},"tablet":{"background-color":"","background-image":"","background-repeat":"repeat","background-position":"center center","background-size":"auto","background-attachment":"scroll","background-type":"","background-media":"","overlay-type":"","overlay-color":"","overlay-opacity":"","overlay-gradient":""},"mobile":{"background-color":"","background-image":"","background-repeat":"repeat","background-position":"center center","background-size":"auto","background-attachment":"scroll","background-type":"","background-media":"","overlay-type":"","overlay-color":"","overlay-opacity":"","overlay-gradient":""}},"ast-content-background-meta":{"desktop":{"background-color":"var(--ast-global-color-5)","background-image":"","background-repeat":"repeat","background-position":"center center","background-size":"auto","background-attachment":"scroll","background-type":"","background-media":"","overlay-type":"","overlay-color":"","overlay-opacity":"","overlay-gradient":""},"tablet":{"background-color":"var(--ast-global-color-5)","background-image":"","background-repeat":"repeat","background-position":"center center","background-size":"auto","background-attachment":"scroll","background-type":"","background-media":"","overlay-type":"","overlay-color":"","overlay-opacity":"","overlay-gradient":""},"mobile":{"background-color":"var(--ast-global-color-5)","background-image":"","background-repeat":"repeat","background-position":"center center","background-size":"auto","background-attachment":"scroll","background-type":"","background-media":"","overlay-type":"","overlay-color":"","overlay-opacity":"","overlay-gradient":""}},"footnotes":""},"class_list":["post-1037","page","type-page","status-publish","hentry"],"post_mailing_queue_ids":[],"_links":{"self":[{"href":"https:\/\/agora.xtec.cat\/insserradenoet\/wp-json\/wp\/v2\/pages\/1037","targetHints":{"allow":["GET"]}}],"collection":[{"href":"https:\/\/agora.xtec.cat\/insserradenoet\/wp-json\/wp\/v2\/pages"}],"about":[{"href":"https:\/\/agora.xtec.cat\/insserradenoet\/wp-json\/wp\/v2\/types\/page"}],"author":[{"embeddable":true,"href":"https:\/\/agora.xtec.cat\/insserradenoet\/wp-json\/wp\/v2\/users\/1"}],"replies":[{"embeddable":true,"href":"https:\/\/agora.xtec.cat\/insserradenoet\/wp-json\/wp\/v2\/comments?post=1037"}],"version-history":[{"count":3,"href":"https:\/\/agora.xtec.cat\/insserradenoet\/wp-json\/wp\/v2\/pages\/1037\/revisions"}],"predecessor-version":[{"id":4938,"href":"https:\/\/agora.xtec.cat\/insserradenoet\/wp-json\/wp\/v2\/pages\/1037\/revisions\/4938"}],"up":[{"embeddable":true,"href":"https:\/\/agora.xtec.cat\/insserradenoet\/wp-json\/wp\/v2\/pages\/19"}],"wp:attachment":[{"href":"https:\/\/agora.xtec.cat\/insserradenoet\/wp-json\/wp\/v2\/media?parent=1037"}],"curies":[{"name":"wp","href":"https:\/\/api.w.org\/{rel}","templated":true}]}}