{"id":866,"date":"2020-03-27T12:35:48","date_gmt":"2020-03-27T11:35:48","guid":{"rendered":"https:\/\/agora.xtec.cat\/insserrademiramar\/?page_id=866"},"modified":"2025-02-18T12:52:03","modified_gmt":"2025-02-18T11:52:03","slug":"biblioteca2","status":"publish","type":"page","link":"https:\/\/agora.xtec.cat\/insserrademiramar\/biblioteca2\/","title":{"rendered":"Biblioteca"},"content":{"rendered":"<p style=\"text-align: center;\"><strong><a href=\"https:\/\/agora.xtec.cat\/insserrademiramar\/wp-content\/uploads\/usu2047\/2020\/11\/C1D56A6F-CDE1-4484-9E85-8BCCE440EAAB.jpeg\"><img loading=\"lazy\" decoding=\"async\" class=\"alignnone size-full wp-image-1193\" src=\"https:\/\/agora.xtec.cat\/insserrademiramar\/wp-content\/uploads\/usu2047\/2020\/11\/C1D56A6F-CDE1-4484-9E85-8BCCE440EAAB.jpeg\" alt=\"\" width=\"320\" height=\"320\" srcset=\"https:\/\/agora.xtec.cat\/insserrademiramar\/wp-content\/uploads\/usu2047\/2020\/11\/C1D56A6F-CDE1-4484-9E85-8BCCE440EAAB.jpeg 320w, https:\/\/agora.xtec.cat\/insserrademiramar\/wp-content\/uploads\/usu2047\/2020\/11\/C1D56A6F-CDE1-4484-9E85-8BCCE440EAAB-150x150.jpeg 150w, https:\/\/agora.xtec.cat\/insserrademiramar\/wp-content\/uploads\/usu2047\/2020\/11\/C1D56A6F-CDE1-4484-9E85-8BCCE440EAAB-300x300.jpeg 300w\" sizes=\"auto, (max-width: 320px) 100vw, 320px\" \/><\/a><\/strong><\/p>\n<ul>\n<li><strong>Com pots demanar un llibre en pr\u00e9stec a la biblioteca ?<\/strong><\/li>\n<\/ul>\n<p>Malgrat \u00a0la pand\u00e8mia, pots continuar demanant llibres en pr\u00e9stec.<\/p>\n<p>1- Omple el punt de llibre\/sol\u00b7licitud que trobar\u00e0s al vest\u00edbul del centre.<\/p>\n<p>2- La coordinadora \u00a0t\u2019agafar\u00e0 el llibre de la biblioteca, et registrar\u00e0 el pr\u00e9stec i te\u2019l deixar\u00e0 a consergeria amb la mateixa butlleta, on escriur\u00e0 la data de retorn.<\/p>\n<p>3- Un cop llegit, l\u2019has de retornar a consergeria amb el punt de llibre\/sol\u00b7licitud. La coordinadora registrar\u00e0 el retorn, no pateixis.<\/p>\n<p>&nbsp;<\/p>\n<p>&nbsp;<\/p>\n<ul>\n<li><b>Com pots consultar quins llibres tenim en pr\u00e9stec?<\/b><\/li>\n<\/ul>\n<p>1-Clicant <a href=\"https:\/\/aplicacions.gestioeducativa.gencat.cat\/epergam\/web\/biblioteca.jsp\"><strong>aqu\u00ed <\/strong><\/a>pots <strong>consultar quins llibres tenim<\/strong> al nostre cat\u00e0leg i si estan disponibles.<\/p>\n<p>2- Pots fer la <strong>cerca<\/strong> per autor, t\u00edtol, editorial o mat\u00e8ria. Omple qualsevol dels camps i clica CERCA.<\/p>\n<p><a href=\"https:\/\/agora.xtec.cat\/insserrademiramar\/wp-content\/uploads\/usu2047\/2020\/11\/B9840E8B-9D57-464E-ACC6-7639E9EF859F.jpeg\"><img loading=\"lazy\" decoding=\"async\" class=\"alignnone size-large wp-image-1189\" src=\"https:\/\/agora.xtec.cat\/insserrademiramar\/wp-content\/uploads\/usu2047\/2020\/11\/B9840E8B-9D57-464E-ACC6-7639E9EF859F-1024x928.jpeg\" alt=\"\" width=\"1024\" height=\"928\" srcset=\"https:\/\/agora.xtec.cat\/insserrademiramar\/wp-content\/uploads\/usu2047\/2020\/11\/B9840E8B-9D57-464E-ACC6-7639E9EF859F-1024x928.jpeg 1024w, https:\/\/agora.xtec.cat\/insserrademiramar\/wp-content\/uploads\/usu2047\/2020\/11\/B9840E8B-9D57-464E-ACC6-7639E9EF859F-300x272.jpeg 300w, https:\/\/agora.xtec.cat\/insserrademiramar\/wp-content\/uploads\/usu2047\/2020\/11\/B9840E8B-9D57-464E-ACC6-7639E9EF859F-768x696.jpeg 768w, https:\/\/agora.xtec.cat\/insserrademiramar\/wp-content\/uploads\/usu2047\/2020\/11\/B9840E8B-9D57-464E-ACC6-7639E9EF859F.jpeg 1455w\" sizes=\"auto, (max-width: 1024px) 100vw, 1024px\" \/><\/a><\/p>\n<p>3-\u00a0<strong>Si no saps exactament quin llibre triar,<\/strong> t\u2019ajudar\u00e0 la classificaci\u00f3 per g\u00e8neres. Escriu el g\u00e8nere que t&#8217;interessi a l&#8217;apartat <strong>MAT\u00c8RIA<\/strong> i fes la cerca, et sortiran tots els llibres d&#8217;aquest g\u00e8nere que tenim a la biblioteca.<a href=\"https:\/\/agora.xtec.cat\/insserrademiramar\/wp-content\/uploads\/usu2047\/2020\/11\/68BD539D-9B2A-437F-B735-7D3C11F225D9.jpeg\"><img loading=\"lazy\" decoding=\"async\" class=\"alignnone size-large wp-image-1190\" src=\"https:\/\/agora.xtec.cat\/insserrademiramar\/wp-content\/uploads\/usu2047\/2020\/11\/68BD539D-9B2A-437F-B735-7D3C11F225D9-731x1024.jpeg\" alt=\"\" width=\"731\" height=\"1024\" srcset=\"https:\/\/agora.xtec.cat\/insserrademiramar\/wp-content\/uploads\/usu2047\/2020\/11\/68BD539D-9B2A-437F-B735-7D3C11F225D9-731x1024.jpeg 731w, https:\/\/agora.xtec.cat\/insserrademiramar\/wp-content\/uploads\/usu2047\/2020\/11\/68BD539D-9B2A-437F-B735-7D3C11F225D9-214x300.jpeg 214w, https:\/\/agora.xtec.cat\/insserrademiramar\/wp-content\/uploads\/usu2047\/2020\/11\/68BD539D-9B2A-437F-B735-7D3C11F225D9-768x1075.jpeg 768w, https:\/\/agora.xtec.cat\/insserrademiramar\/wp-content\/uploads\/usu2047\/2020\/11\/68BD539D-9B2A-437F-B735-7D3C11F225D9.jpeg 1537w\" sizes=\"auto, (max-width: 731px) 100vw, 731px\" \/><\/a><\/p>\n<p>&nbsp;<\/p>\n<p>&nbsp;<\/p>\n<p>&nbsp;<\/p>\n<ul>\n<li><b>Altres enlla\u00e7os que et poden interessar:<\/b><\/li>\n<\/ul>\n<p><a href=\"https:\/\/cultura.gencat.cat\/ca\/actualitat\/nota-premsa\/?id=384078\" target=\"_blank\" rel=\"noopener noreferrer\">Servei de Biblioteques de la Generalitat de Catalunya<\/a><\/p>\n<ul>\n<li><strong>Pr\u00e9stec de llibres electr\u00f2nics: <a href=\"https:\/\/catalunya.ebiblio.es\/opac\/?locale=ca#index\" target=\"_blank\" rel=\"noopener noreferrer\">eBiblio<\/a><\/strong><\/li>\n<\/ul>\n<p>eBiblio \u00e9s un servei del Sistema de Lectura P\u00fablica de Catalunya que fa possible el pr\u00e9stec de continguts digitals a tots els usuaris amb carnet de les biblioteques p\u00fabliques catalanes. Es pot accedir a aquests continguts a trav\u00e9s de diferents dispositius: ordinadors personals, lectors de llibres electr\u00f2nics, tauletes o tel\u00e8fons intel\u00b7ligents.<\/p>\n<ul>\n<li>Per demanar en pr\u00e9stec algun contingut digital necessitar\u00e0s tenir m\u00e9s de 14 anys i el <b>carnet d\u2019usuari de les biblioteques p\u00fabliques de Catalunya<\/b>. Si no tens el carnet, <a href=\"http:\/\/catalunya.ebiblio.es\/ayuda\/E0360\/ca\/carnet.htm\" target=\"_blank\" rel=\"noopener noreferrer\">sol\u00b7licita\u2019l aqu\u00ed<\/a><\/li>\n<\/ul>\n<p>&nbsp;<\/p>\n<p><b>ACTIVITATS DE LA BIBLIOTECA:<\/b><\/p>\n<p>&#8211; <a href=\"https:\/\/m.youtube.com\/watch?v=1eWG1-bsqOk\" target=\"_blank\" rel=\"noopener noreferrer\">Dia Mundial de la Poesia 2016<\/a><\/p>\n<p>&nbsp;<\/p>\n","protected":false},"excerpt":{"rendered":"<p><a href=\"https:\/\/agora.xtec.cat\/insserrademiramar\/wp-content\/uploads\/usu2047\/2020\/11\/C1D56A6F-CDE1-4484-9E85-8BCCE440EAAB.jpeg\"><\/a><\/p>\n<ul>\n<li>Com pots demanar un llibre en pr\u00e9stec a la biblioteca ?<\/li>\n<\/ul>\n<p>Malgrat \u00a0la pand\u00e8mia, pots continuar demanant llibres en pr\u00e9stec.<br \/>\n1- Omple el punt de llibre\/sol\u00b7licitud que trobar\u00e0s al vest\u00edbul del centre.<br \/>\n2- La coordinadora \u00a0t\u2019agafar\u00e0 el llibre de la biblioteca, et registrar\u00e0 el pr\u00e9stec i te\u2019l&hellip;  <a href=\"https:\/\/agora.xtec.cat\/insserrademiramar\/biblioteca2\/\" title=\"Read Biblioteca\">Llegeix m\u00e9s\u00bb<\/a><\/p>\n","protected":false},"author":1,"featured_media":0,"parent":0,"menu_order":0,"comment_status":"closed","ping_status":"closed","template":"","meta":{"_bbp_topic_count":0,"_bbp_reply_count":0,"_bbp_total_topic_count":0,"_bbp_total_reply_count":0,"_bbp_voice_count":0,"_bbp_anonymous_reply_count":0,"_bbp_topic_count_hidden":0,"_bbp_reply_count_hidden":0,"_bbp_forum_subforum_count":0,"footnotes":""},"class_list":["post-866","page","type-page","status-publish","hentry"],"post_mailing_queue_ids":[],"_links":{"self":[{"href":"https:\/\/agora.xtec.cat\/insserrademiramar\/wp-json\/wp\/v2\/pages\/866","targetHints":{"allow":["GET"]}}],"collection":[{"href":"https:\/\/agora.xtec.cat\/insserrademiramar\/wp-json\/wp\/v2\/pages"}],"about":[{"href":"https:\/\/agora.xtec.cat\/insserrademiramar\/wp-json\/wp\/v2\/types\/page"}],"author":[{"embeddable":true,"href":"https:\/\/agora.xtec.cat\/insserrademiramar\/wp-json\/wp\/v2\/users\/1"}],"replies":[{"embeddable":true,"href":"https:\/\/agora.xtec.cat\/insserrademiramar\/wp-json\/wp\/v2\/comments?post=866"}],"version-history":[{"count":5,"href":"https:\/\/agora.xtec.cat\/insserrademiramar\/wp-json\/wp\/v2\/pages\/866\/revisions"}],"predecessor-version":[{"id":2962,"href":"https:\/\/agora.xtec.cat\/insserrademiramar\/wp-json\/wp\/v2\/pages\/866\/revisions\/2962"}],"wp:attachment":[{"href":"https:\/\/agora.xtec.cat\/insserrademiramar\/wp-json\/wp\/v2\/media?parent=866"}],"curies":[{"name":"wp","href":"https:\/\/api.w.org\/{rel}","templated":true}]}}