{"id":769,"date":"2020-03-06T13:03:05","date_gmt":"2020-03-06T12:03:05","guid":{"rendered":"https:\/\/agora.xtec.cat\/insserrademiramar\/?page_id=769"},"modified":"2023-01-31T10:36:04","modified_gmt":"2023-01-31T09:36:04","slug":"tertulies-dialogiques","status":"publish","type":"page","link":"https:\/\/agora.xtec.cat\/insserrademiramar\/tertulies-dialogiques\/","title":{"rendered":"Tert\u00falies dial\u00f2giques: liter\u00e0ries, cient\u00edfiques, musicals i pedag\u00f2giques"},"content":{"rendered":"<p><strong>Presentaci\u00f3<\/strong><\/p>\n<p>Benvolgudes fam\u00edlies,<\/p>\n<p>Som un centre que ens definim com a innovador, inclusiu i respectu\u00f3s amb la pluralitat. Afavorim l\u2019aprenentatge cooperatiu, la integraci\u00f3 amb l\u2019entorn, l\u2019\u00fas de les noves tecnologies, la sostenibilitat, la satisfacci\u00f3 personal i la participaci\u00f3.<\/p>\n<p>Des d\u2019aquest punt de vista i entenent que <u>l\u2019educaci\u00f3 dels joves \u00e9s responsabilitat de tota la comunitat educativa<\/u>, sempre hem dissenyat metodologies de treball participatives, en qu\u00e8 tant l\u2019alumne\/a, com el professorat, els pares i mares, us pugueu sentir membres actius de la din\u00e0mica del centre.<\/p>\n<p>Vosaltres, pares i mares, formeu part de comissions de treball (esportiva, escoles verdes&#8230;), entreu a l\u2019aula per dinamitzar els grups interactius, acompanyeu els professors a les sortides, participeu en el consell escolar&#8230;<\/p>\n<p>Gr\u00e0cies a la vostra aportaci\u00f3, el centre creix i s\u2019enriqueix.<\/p>\n<p><strong>Us convidem a participar en les tert\u00falies dial\u00f2giques que vam iniciar el curs 2010-11 i que any rere any han estat valorades molt positivament per a tots\/es.<\/strong><\/p>\n<p>Equip Directiu<\/p>\n<p><a href=\"https:\/\/agora.xtec.cat\/insserrademiramar\/wp-content\/uploads\/usu2047\/2023\/01\/full-informatiu-tertulies-22-23.pdf\">Descarregar full informatiu<\/a><\/p>\n<p>&nbsp;<\/p>\n<p><iframe loading=\"lazy\" title=\"Tert\u00falia dial\u00f2gica\" width=\"500\" height=\"375\" src=\"https:\/\/www.youtube.com\/embed\/t5cOJzt8gIc?feature=oembed\" frameborder=\"0\" allow=\"accelerometer; autoplay; clipboard-write; encrypted-media; gyroscope; picture-in-picture; web-share\" referrerpolicy=\"strict-origin-when-cross-origin\" allowfullscreen><\/iframe><\/p>\n<p>&nbsp;<\/p>\n","protected":false},"excerpt":{"rendered":"<p>Presentaci\u00f3<br \/>\nBenvolgudes fam\u00edlies,<br \/>\nSom un centre que ens definim com a innovador, inclusiu i respectu\u00f3s amb la pluralitat. Afavorim l\u2019aprenentatge cooperatiu, la integraci\u00f3 amb l\u2019entorn, l\u2019\u00fas de les noves tecnologies, la sostenibilitat, la satisfacci\u00f3 personal i la participaci\u00f3.<br \/>\nDes d\u2019aquest punt de vista i entenent que l\u2019educaci\u00f3 dels&hellip;  <a href=\"https:\/\/agora.xtec.cat\/insserrademiramar\/tertulies-dialogiques\/\" title=\"Read Tert\u00falies dial\u00f2giques: liter\u00e0ries, cient\u00edfiques, musicals i pedag\u00f2giques\">Llegeix m\u00e9s\u00bb<\/a><\/p>\n","protected":false},"author":1,"featured_media":0,"parent":0,"menu_order":0,"comment_status":"closed","ping_status":"closed","template":"","meta":{"_bbp_topic_count":0,"_bbp_reply_count":0,"_bbp_total_topic_count":0,"_bbp_total_reply_count":0,"_bbp_voice_count":0,"_bbp_anonymous_reply_count":0,"_bbp_topic_count_hidden":0,"_bbp_reply_count_hidden":0,"_bbp_forum_subforum_count":0,"footnotes":""},"class_list":["post-769","page","type-page","status-publish","hentry"],"post_mailing_queue_ids":[],"_links":{"self":[{"href":"https:\/\/agora.xtec.cat\/insserrademiramar\/wp-json\/wp\/v2\/pages\/769","targetHints":{"allow":["GET"]}}],"collection":[{"href":"https:\/\/agora.xtec.cat\/insserrademiramar\/wp-json\/wp\/v2\/pages"}],"about":[{"href":"https:\/\/agora.xtec.cat\/insserrademiramar\/wp-json\/wp\/v2\/types\/page"}],"author":[{"embeddable":true,"href":"https:\/\/agora.xtec.cat\/insserrademiramar\/wp-json\/wp\/v2\/users\/1"}],"replies":[{"embeddable":true,"href":"https:\/\/agora.xtec.cat\/insserrademiramar\/wp-json\/wp\/v2\/comments?post=769"}],"version-history":[{"count":3,"href":"https:\/\/agora.xtec.cat\/insserrademiramar\/wp-json\/wp\/v2\/pages\/769\/revisions"}],"predecessor-version":[{"id":1907,"href":"https:\/\/agora.xtec.cat\/insserrademiramar\/wp-json\/wp\/v2\/pages\/769\/revisions\/1907"}],"wp:attachment":[{"href":"https:\/\/agora.xtec.cat\/insserrademiramar\/wp-json\/wp\/v2\/media?parent=769"}],"curies":[{"name":"wp","href":"https:\/\/api.w.org\/{rel}","templated":true}]}}