{"id":707,"date":"2020-02-15T11:49:31","date_gmt":"2020-02-15T10:49:31","guid":{"rendered":"https:\/\/agora.xtec.cat\/insserrademiramar\/?page_id=707"},"modified":"2020-02-17T12:42:00","modified_gmt":"2020-02-17T11:42:00","slug":"programes-europeus","status":"publish","type":"page","link":"https:\/\/agora.xtec.cat\/insserrademiramar\/programes-europeus\/","title":{"rendered":"PROGRAMES EUROPEUS"},"content":{"rendered":"<p>Des del Serra de Miramar, es d\u00f3na molta import\u00e0ncia a treballar europeament per tenir contacte directe amb alumnat d&#8217;altres pa\u00efsos. Oferim als nostres alumnes\u00a0 la possibilitat d&#8217;enriquir-se a trav\u00e9s de projectes Europeus. Des d&#8217;una optativa a 1rESO (digital Technologies) fins a altres optatives de nivells superirors.<\/p>\n<p>Els alumnes treballen dins de la plataforam eTwinning amb petits projectes setmanals o mensuals, o\u00a0 en d&#8217;altres m\u00e9s llargs en cas de ser acceptats com a projectes Erasmus+<\/p>\n<p>El curs 2018-19, els alumnes del nostre centre van poder gaudir d&#8217;un projecte Europeu conjuntament amb \u00c0ustria.\u00a0 Els alumnes van poder assitir durant una setmana en un institut austr\u00edac, convivint amb els nous companys a casa seva i vivint una experipencia \u00fanica.<\/p>\n<p>Enlla\u00e7 a la p\u00e0gina web del projecte: <a href=\"https:\/\/englishallaround.wixsite.com\/serra\">https:\/\/englishallaround.wixsite.com\/serra<\/a><\/p>\n<p>Des del Serra de Miramar treballem per aconseguir programes Europeus d&#8217;\u00e8xit. Intentem tenir contacte amb alumnat d&#8217;altres pa\u00efsos perqu\u00e8 l&#8217;enriquiment de l&#8217;aprenentatge d&#8217;una llengua estrangera sigui el m\u00e9s real i directe possible.<\/p>\n<p>&nbsp;<\/p>\n<p>&nbsp;<\/p>\n<p>&nbsp;<\/p>\n","protected":false},"excerpt":{"rendered":"<p>Des del Serra de Miramar, es d\u00f3na molta import\u00e0ncia a treballar europeament per tenir contacte directe amb alumnat d&#8217;altres pa\u00efsos. Oferim als nostres alumnes\u00a0 la possibilitat d&#8217;enriquir-se a trav\u00e9s de projectes Europeus. Des d&#8217;una optativa a 1rESO (digital Technologies) fins a altres optatives de nivells&hellip;  <a href=\"https:\/\/agora.xtec.cat\/insserrademiramar\/programes-europeus\/\" title=\"Read PROGRAMES EUROPEUS\">Llegeix m\u00e9s\u00bb<\/a><\/p>\n","protected":false},"author":4,"featured_media":0,"parent":0,"menu_order":0,"comment_status":"closed","ping_status":"closed","template":"","meta":{"_bbp_topic_count":0,"_bbp_reply_count":0,"_bbp_total_topic_count":0,"_bbp_total_reply_count":0,"_bbp_voice_count":0,"_bbp_anonymous_reply_count":0,"_bbp_topic_count_hidden":0,"_bbp_reply_count_hidden":0,"_bbp_forum_subforum_count":0,"footnotes":""},"class_list":["post-707","page","type-page","status-publish","hentry"],"post_mailing_queue_ids":[],"_links":{"self":[{"href":"https:\/\/agora.xtec.cat\/insserrademiramar\/wp-json\/wp\/v2\/pages\/707","targetHints":{"allow":["GET"]}}],"collection":[{"href":"https:\/\/agora.xtec.cat\/insserrademiramar\/wp-json\/wp\/v2\/pages"}],"about":[{"href":"https:\/\/agora.xtec.cat\/insserrademiramar\/wp-json\/wp\/v2\/types\/page"}],"author":[{"embeddable":true,"href":"https:\/\/agora.xtec.cat\/insserrademiramar\/wp-json\/wp\/v2\/users\/4"}],"replies":[{"embeddable":true,"href":"https:\/\/agora.xtec.cat\/insserrademiramar\/wp-json\/wp\/v2\/comments?post=707"}],"version-history":[{"count":2,"href":"https:\/\/agora.xtec.cat\/insserrademiramar\/wp-json\/wp\/v2\/pages\/707\/revisions"}],"predecessor-version":[{"id":711,"href":"https:\/\/agora.xtec.cat\/insserrademiramar\/wp-json\/wp\/v2\/pages\/707\/revisions\/711"}],"wp:attachment":[{"href":"https:\/\/agora.xtec.cat\/insserrademiramar\/wp-json\/wp\/v2\/media?parent=707"}],"curies":[{"name":"wp","href":"https:\/\/api.w.org\/{rel}","templated":true}]}}