{"id":610,"date":"2020-02-06T13:45:40","date_gmt":"2020-02-06T12:45:40","guid":{"rendered":"https:\/\/agora.xtec.cat\/insserrademiramar\/?page_id=610"},"modified":"2025-02-25T12:46:22","modified_gmt":"2025-02-25T11:46:22","slug":"batxillerat","status":"publish","type":"page","link":"https:\/\/agora.xtec.cat\/insserrademiramar\/batxillerat\/","title":{"rendered":"Batxillerat2"},"content":{"rendered":"<h3><strong>El Batxillerat a l\u2019Institut Serra de Miramar<\/strong><\/h3>\n<p>El curs 2014-2015 l\u2019Institut Serra de Miramar va ampliar la seva oferta educativa del<br \/>\ncentre implementant els estudis postobligatoris de batxillerat en les modalitats cient\u00edfica,<br \/>\ntecnol\u00f2gica, human\u00edstica i social. Sis anys despr\u00e9s, volem fer balan\u00e7 i compartir quines<br \/>\ns\u00f3n les conseq\u00fc\u00e8ncies del nostre comprom\u00eds, motivaci\u00f3 i professionalitat, com a docents,<br \/>\nen el futur professional dels nostres estudiants<\/p>\n<p>Avui el nostre centre pot afirmar amb orgull que compta ja amb exalumnes graduats i<br \/>\ngraduades en un ampli repertori d\u2019especialitats: Enginyeria Mec\u00e0nica, Inform\u00e0tica,<br \/>\nTelecomunicacions, Ci\u00e8ncies de l\u2019Activitat F\u00edsica i de l\u2019Esport, Medicina, Psicologia,<br \/>\nEducaci\u00f3 Prim\u00e0ria, Fisioter\u00e0pia, Dret, Economia, Periodisme, Filologies, Veterin\u00e0ria o<br \/>\nBiologia. Des d\u2019aqu\u00ed volem fer-los arribar la nostra m\u00e9s sincera enhorabona i desitjar-los<br \/>\nmolta sort en la seva incorporaci\u00f3 en el m\u00f3n laboral.<\/p>\n<p>Seguint el cam\u00ed d\u2019aquestes dues primeres promocions del Serra de Miramar, hi ha quatre<br \/>\npromocions m\u00e9s d\u2019antics alumnes cursant estudis universitaris, a m\u00e9s dels ja esmentats,<br \/>\nd\u2019Enginyeria de Materials, de Camins, Aeron\u00e0utica, Aeroespacial, Naval, Qu\u00edmica,<br \/>\nBiotecnologia, Ci\u00e8ncies Ambientals, Biomedicina, Infermeria, Hist\u00f2ria, Comunicaci\u00f3<br \/>\nAudiovisual, Arquitectura, Economia, Finances i Comptabilitat, Pedagogia i Relacions<br \/>\nLaborals.<\/p>\n<p>Aix\u00ed doncs, el balan\u00e7 dels resultats de la nostra tasca \u00e9s sens dubte positiu. El Serra de<br \/>\nMiramar compta amb docents implicats i sobretot molt conscients que tenen entre mans la<br \/>\npreparaci\u00f3 acad\u00e8mica d\u2019estudiants que en dos anys accediran als estudis universitaris. La<br \/>\nformaci\u00f3 impartida pels nostres professionals, fonamentada en els valors de l\u2019esfor\u00e7 i de<br \/>\nl\u2019excel\u00b7l\u00e8ncia, t\u00e9 un clar objectiu: garantir una atenci\u00f3 personalitzada per despertar en els<br \/>\nnostres estudiants, promoci\u00f3 rere promoci\u00f3, aptituds i actituds que els permetin una millor<br \/>\norientaci\u00f3 en el seu futur professional.<\/p>\n<p>&nbsp;<\/p>\n<h3>Enlla\u00e7 al fullet\u00f3 informatiu 1<\/h3>\n<h3>Enlla\u00e7 al fullet\u00f3 informatiu 2<\/h3>\n<p><a href=\"https:\/\/agora.xtec.cat\/insserrademiramar\/wp-content\/uploads\/usu2047\/2022\/07\/MATERIES-DE-1R-I-2N-DE-BATXILLERAT.pdf\"><img loading=\"lazy\" decoding=\"async\" class=\"alignnone wp-image-969\" src=\"https:\/\/agora.xtec.cat\/insserrademiramar\/wp-content\/uploads\/usu2047\/2020\/05\/1-1-1024x576.jpg\" alt=\"\" width=\"477\" height=\"268\" srcset=\"https:\/\/agora.xtec.cat\/insserrademiramar\/wp-content\/uploads\/usu2047\/2020\/05\/1-1-1024x576.jpg 1024w, https:\/\/agora.xtec.cat\/insserrademiramar\/wp-content\/uploads\/usu2047\/2020\/05\/1-1-300x169.jpg 300w, https:\/\/agora.xtec.cat\/insserrademiramar\/wp-content\/uploads\/usu2047\/2020\/05\/1-1-768x432.jpg 768w, https:\/\/agora.xtec.cat\/insserrademiramar\/wp-content\/uploads\/usu2047\/2020\/05\/1-1.jpg 1920w\" sizes=\"auto, (max-width: 477px) 100vw, 477px\" \/><\/a><\/p>\n<p>&nbsp;<\/p>\n<p><a href=\"https:\/\/agora.xtec.cat\/insserrademiramar\/wp-content\/uploads\/usu2047\/2021\/05\/Presentacio\u0301-21_22-Batxillerat.pdf\"><img loading=\"lazy\" decoding=\"async\" class=\"alignnone wp-image-491\" src=\"https:\/\/agora.xtec.cat\/insserrademiramar\/wp-content\/uploads\/usu2047\/2019\/11\/logo.jpg\" alt=\"\" width=\"388\" height=\"230\" srcset=\"https:\/\/agora.xtec.cat\/insserrademiramar\/wp-content\/uploads\/usu2047\/2019\/11\/logo.jpg 515w, https:\/\/agora.xtec.cat\/insserrademiramar\/wp-content\/uploads\/usu2047\/2019\/11\/logo-300x178.jpg 300w\" sizes=\"auto, (max-width: 388px) 100vw, 388px\" \/><\/a><\/p>\n<p>&nbsp;<\/p>\n<p>&nbsp;<\/p>\n<p>&nbsp;<\/p>\n","protected":false},"excerpt":{"rendered":"<p>El Batxillerat a l\u2019Institut Serra de Miramar<br \/>\nEl curs 2014-2015 l\u2019Institut Serra de Miramar va ampliar la seva oferta educativa del<br \/>\ncentre implementant els estudis postobligatoris de batxillerat en les modalitats cient\u00edfica,<br \/>\ntecnol\u00f2gica, human\u00edstica i social. Sis anys despr\u00e9s, volem fer balan\u00e7 i compartir quines<br \/>\ns\u00f3n les conseq\u00fc\u00e8ncies del&hellip;  <a href=\"https:\/\/agora.xtec.cat\/insserrademiramar\/batxillerat\/\" title=\"Read Batxillerat2\">Llegeix m\u00e9s\u00bb<\/a><\/p>\n","protected":false},"author":1,"featured_media":0,"parent":0,"menu_order":0,"comment_status":"closed","ping_status":"closed","template":"","meta":{"_bbp_topic_count":0,"_bbp_reply_count":0,"_bbp_total_topic_count":0,"_bbp_total_reply_count":0,"_bbp_voice_count":0,"_bbp_anonymous_reply_count":0,"_bbp_topic_count_hidden":0,"_bbp_reply_count_hidden":0,"_bbp_forum_subforum_count":0,"footnotes":""},"class_list":["post-610","page","type-page","status-publish","hentry"],"post_mailing_queue_ids":[],"_links":{"self":[{"href":"https:\/\/agora.xtec.cat\/insserrademiramar\/wp-json\/wp\/v2\/pages\/610","targetHints":{"allow":["GET"]}}],"collection":[{"href":"https:\/\/agora.xtec.cat\/insserrademiramar\/wp-json\/wp\/v2\/pages"}],"about":[{"href":"https:\/\/agora.xtec.cat\/insserrademiramar\/wp-json\/wp\/v2\/types\/page"}],"author":[{"embeddable":true,"href":"https:\/\/agora.xtec.cat\/insserrademiramar\/wp-json\/wp\/v2\/users\/1"}],"replies":[{"embeddable":true,"href":"https:\/\/agora.xtec.cat\/insserrademiramar\/wp-json\/wp\/v2\/comments?post=610"}],"version-history":[{"count":4,"href":"https:\/\/agora.xtec.cat\/insserrademiramar\/wp-json\/wp\/v2\/pages\/610\/revisions"}],"predecessor-version":[{"id":3007,"href":"https:\/\/agora.xtec.cat\/insserrademiramar\/wp-json\/wp\/v2\/pages\/610\/revisions\/3007"}],"wp:attachment":[{"href":"https:\/\/agora.xtec.cat\/insserrademiramar\/wp-json\/wp\/v2\/media?parent=610"}],"curies":[{"name":"wp","href":"https:\/\/api.w.org\/{rel}","templated":true}]}}