{"id":584,"date":"2020-01-28T09:48:31","date_gmt":"2020-01-28T08:48:31","guid":{"rendered":"https:\/\/agora.xtec.cat\/insserrademiramar\/?page_id=584"},"modified":"2025-09-24T13:40:31","modified_gmt":"2025-09-24T11:40:31","slug":"departament-expressio-artistica-i-corporal","status":"publish","type":"page","link":"https:\/\/agora.xtec.cat\/insserrademiramar\/departament-expressio-artistica-i-corporal\/","title":{"rendered":"Departament Expressi\u00f3 art\u00edstica i corporal"},"content":{"rendered":"<p><strong>Visual i Pl\u00e0stica<\/strong><\/p>\n<ul>\n<li>Joan Mestre (ESO i BATX)<\/li>\n<li>Vicent Mart\u00ednez (ESO)<\/li>\n<li>N\u00faria Gonz\u00e1lez (Cap de departament) (ESO i BATX)<\/li>\n<\/ul>\n<p><strong>M\u00fasica<\/strong><\/p>\n<ul>\n<li>Elisa Molpeceres (ESO)<\/li>\n<li>David Tronchoni (ESO)<\/li>\n<\/ul>\n<p><strong>Educaci\u00f3 F\u00edsica<\/strong><\/p>\n<ul>\n<li>Joan Ferrando (tutor 1r d&#8217;eso C) (ESO)<\/li>\n<li>Oriol Blavi (ESO i BATX)<\/li>\n<li>Albert Ribas (tutor 4t d&#8217;eso D) (ESO)<\/li>\n<\/ul>\n<p>&nbsp;<\/p>\n<p>Visiteu el <a href=\"https:\/\/vipserramiramar.edublogs.org\/\">Blog d\u2019EVP 1r ESO \u00a0<\/a>per veure qu\u00e8 fem a 1r d\u2019ESO a la mat\u00e8ria de Visual i Pl\u00e0stica.<\/p>\n<p>V\u00eddeo d\u2019EVP (2019)<\/p>\n<p><iframe loading=\"lazy\" title=\"Visual i Pl\u00e0stica - Ins Serra De Miramar\" width=\"500\" height=\"281\" src=\"https:\/\/www.youtube.com\/embed\/_ngIiQMq11E?feature=oembed\" frameborder=\"0\" allow=\"accelerometer; autoplay; clipboard-write; encrypted-media; gyroscope; picture-in-picture; web-share\" referrerpolicy=\"strict-origin-when-cross-origin\" allowfullscreen><\/iframe><\/p>\n<p>&nbsp;<\/p>\n<p><iframe loading=\"lazy\" title=\"Departament E F\u00edsica\" width=\"500\" height=\"281\" src=\"https:\/\/www.youtube.com\/embed\/PSUYmXtXYlQ?feature=oembed\" frameborder=\"0\" allow=\"accelerometer; autoplay; clipboard-write; encrypted-media; gyroscope; picture-in-picture; web-share\" referrerpolicy=\"strict-origin-when-cross-origin\" allowfullscreen><\/iframe><\/p>\n<p>&nbsp;<\/p>\n","protected":false},"excerpt":{"rendered":"<p>Visual i Pl\u00e0stica<\/p>\n<ul>\n<li>Joan Mestre (ESO i BATX)<\/li>\n<li>Vicent Mart\u00ednez (ESO)<\/li>\n<li>N\u00faria Gonz\u00e1lez (Cap de departament) (ESO i BATX)<\/li>\n<\/ul>\n<p>M\u00fasica<\/p>\n<ul>\n<li>Elisa Molpeceres (ESO)<\/li>\n<li>David Tronchoni (ESO)<\/li>\n<\/ul>\n<p>Educaci\u00f3 F\u00edsica<\/p>\n<ul>\n<li>Joan Ferrando (tutor 1r d&#8217;eso C) (ESO)<\/li>\n<li>Oriol Blavi (ESO i BATX)<\/li>\n<li>Albert Ribas (tutor 4t d&#8217;eso D) (ESO)<\/li>\n<\/ul>\n<p>&nbsp;<br \/>\nVisiteu el <a href=\"https:\/\/vipserramiramar.edublogs.org\/\">Blog d\u2019EVP 1r ESO \u00a0<\/a>per veure&hellip;  <a href=\"https:\/\/agora.xtec.cat\/insserrademiramar\/departament-expressio-artistica-i-corporal\/\" title=\"Read Departament Expressi\u00f3 art\u00edstica i corporal\">Llegeix m\u00e9s\u00bb<\/a><\/p>\n","protected":false},"author":5,"featured_media":0,"parent":0,"menu_order":0,"comment_status":"closed","ping_status":"closed","template":"","meta":{"_bbp_topic_count":0,"_bbp_reply_count":0,"_bbp_total_topic_count":0,"_bbp_total_reply_count":0,"_bbp_voice_count":0,"_bbp_anonymous_reply_count":0,"_bbp_topic_count_hidden":0,"_bbp_reply_count_hidden":0,"_bbp_forum_subforum_count":0,"footnotes":""},"class_list":["post-584","page","type-page","status-publish","hentry"],"post_mailing_queue_ids":[],"_links":{"self":[{"href":"https:\/\/agora.xtec.cat\/insserrademiramar\/wp-json\/wp\/v2\/pages\/584","targetHints":{"allow":["GET"]}}],"collection":[{"href":"https:\/\/agora.xtec.cat\/insserrademiramar\/wp-json\/wp\/v2\/pages"}],"about":[{"href":"https:\/\/agora.xtec.cat\/insserrademiramar\/wp-json\/wp\/v2\/types\/page"}],"author":[{"embeddable":true,"href":"https:\/\/agora.xtec.cat\/insserrademiramar\/wp-json\/wp\/v2\/users\/5"}],"replies":[{"embeddable":true,"href":"https:\/\/agora.xtec.cat\/insserrademiramar\/wp-json\/wp\/v2\/comments?post=584"}],"version-history":[{"count":6,"href":"https:\/\/agora.xtec.cat\/insserrademiramar\/wp-json\/wp\/v2\/pages\/584\/revisions"}],"predecessor-version":[{"id":3245,"href":"https:\/\/agora.xtec.cat\/insserrademiramar\/wp-json\/wp\/v2\/pages\/584\/revisions\/3245"}],"wp:attachment":[{"href":"https:\/\/agora.xtec.cat\/insserrademiramar\/wp-json\/wp\/v2\/media?parent=584"}],"curies":[{"name":"wp","href":"https:\/\/api.w.org\/{rel}","templated":true}]}}