{"id":630,"date":"2019-09-23T18:35:43","date_gmt":"2019-09-23T16:35:43","guid":{"rendered":"https:\/\/agora.xtec.cat\/inssantquirzelloret\/?page_id=630"},"modified":"2021-09-10T10:33:33","modified_gmt":"2021-09-10T08:33:33","slug":"el-pla-lector","status":"publish","type":"page","link":"https:\/\/agora.xtec.cat\/inssantquirzelloret\/projecte-educatiu\/el-pla-lector\/","title":{"rendered":"El pla lector"},"content":{"rendered":"<p>L&#8217;institut posa en pr\u00e0ctica un pla lector que es basa en els principis de Gust per la Lectura, segons els quals els alumnes han d&#8217;acabar llegint per plaer. I per aix\u00f2 poden triar la lectura que m\u00e9s s&#8217;adeq\u00fc\u00ef als seus interessos i nivell. Cada dia fem lectura silenciosa durant mitja hora despr\u00e9s del primer pati.<\/p>\n<p style=\"text-align: center;\"><a href=\"https:\/\/docs.google.com\/presentation\/d\/1U_lDXFlFthabX0_FVjkjEvssc4oPD6cNRBttctPiY4Y\/edit?usp=sharing\">PRESENTACI\u00d3 DEL PLA LECTOR<\/a><\/p>\n","protected":false},"excerpt":{"rendered":"<p>L&#8217;institut posa en pr\u00e0ctica un pla lector que es basa en els principis de Gust per la Lectura, segons els quals els alumnes han d&#8217;acabar llegint per plaer. I per aix\u00f2 poden triar la lectura que m\u00e9s s&#8217;adeq\u00fc\u00ef als seus interessos i nivell. Cada dia&hellip;  <a href=\"https:\/\/agora.xtec.cat\/inssantquirzelloret\/projecte-educatiu\/el-pla-lector\/\" title=\"Read El pla lector\">Llegeix m\u00e9s\u00bb<\/a><\/p>\n","protected":false},"author":1,"featured_media":0,"parent":57,"menu_order":20,"comment_status":"closed","ping_status":"closed","template":"page-templates\/side-menu.php","meta":{"_bbp_topic_count":0,"_bbp_reply_count":0,"_bbp_total_topic_count":0,"_bbp_total_reply_count":0,"_bbp_voice_count":0,"_bbp_anonymous_reply_count":0,"_bbp_topic_count_hidden":0,"_bbp_reply_count_hidden":0,"_bbp_forum_subforum_count":0,"footnotes":""},"class_list":["post-630","page","type-page","status-publish","hentry"],"post_mailing_queue_ids":[],"_links":{"self":[{"href":"https:\/\/agora.xtec.cat\/inssantquirzelloret\/wp-json\/wp\/v2\/pages\/630","targetHints":{"allow":["GET"]}}],"collection":[{"href":"https:\/\/agora.xtec.cat\/inssantquirzelloret\/wp-json\/wp\/v2\/pages"}],"about":[{"href":"https:\/\/agora.xtec.cat\/inssantquirzelloret\/wp-json\/wp\/v2\/types\/page"}],"author":[{"embeddable":true,"href":"https:\/\/agora.xtec.cat\/inssantquirzelloret\/wp-json\/wp\/v2\/users\/1"}],"replies":[{"embeddable":true,"href":"https:\/\/agora.xtec.cat\/inssantquirzelloret\/wp-json\/wp\/v2\/comments?post=630"}],"version-history":[{"count":2,"href":"https:\/\/agora.xtec.cat\/inssantquirzelloret\/wp-json\/wp\/v2\/pages\/630\/revisions"}],"predecessor-version":[{"id":1085,"href":"https:\/\/agora.xtec.cat\/inssantquirzelloret\/wp-json\/wp\/v2\/pages\/630\/revisions\/1085"}],"up":[{"embeddable":true,"href":"https:\/\/agora.xtec.cat\/inssantquirzelloret\/wp-json\/wp\/v2\/pages\/57"}],"wp:attachment":[{"href":"https:\/\/agora.xtec.cat\/inssantquirzelloret\/wp-json\/wp\/v2\/media?parent=630"}],"curies":[{"name":"wp","href":"https:\/\/api.w.org\/{rel}","templated":true}]}}