{"id":39,"date":"2014-09-17T16:36:44","date_gmt":"2014-09-17T16:36:44","guid":{"rendered":"http:\/\/agora.xtec.cat\/inssantquirzelloret\/?page_id=39"},"modified":"2023-01-26T11:29:18","modified_gmt":"2023-01-26T10:29:18","slug":"instal%c2%b7lacions","status":"publish","type":"page","link":"https:\/\/agora.xtec.cat\/inssantquirzelloret\/linstitut\/instal%c2%b7lacions\/","title":{"rendered":"Instal\u00b7lacions"},"content":{"rendered":"<p><a href=\"https:\/\/agora.xtec.cat\/inssantquirzelloret\/wp-content\/uploads\/usu996\/2023\/01\/interi.png\"><img loading=\"lazy\" decoding=\"async\" class=\"alignleft  wp-image-1279\" src=\"https:\/\/agora.xtec.cat\/inssantquirzelloret\/wp-content\/uploads\/usu996\/2023\/01\/interi.png\" alt=\"\" width=\"354\" height=\"461\" srcset=\"https:\/\/agora.xtec.cat\/inssantquirzelloret\/wp-content\/uploads\/usu996\/2023\/01\/interi.png 514w, https:\/\/agora.xtec.cat\/inssantquirzelloret\/wp-content\/uploads\/usu996\/2023\/01\/interi-230x300.png 230w\" sizes=\"auto, (max-width: 354px) 100vw, 354px\" \/><\/a><a href=\"https:\/\/agora.xtec.cat\/inssantquirzelloret\/wp-content\/uploads\/usu996\/2023\/01\/pati.png\"><img loading=\"lazy\" decoding=\"async\" class=\"alignleft  wp-image-1276\" src=\"https:\/\/agora.xtec.cat\/inssantquirzelloret\/wp-content\/uploads\/usu996\/2023\/01\/pati.png\" alt=\"\" width=\"355\" height=\"450\" srcset=\"https:\/\/agora.xtec.cat\/inssantquirzelloret\/wp-content\/uploads\/usu996\/2023\/01\/pati.png 528w, https:\/\/agora.xtec.cat\/inssantquirzelloret\/wp-content\/uploads\/usu996\/2023\/01\/pati-237x300.png 237w\" sizes=\"auto, (max-width: 355px) 100vw, 355px\" \/><\/a><\/p>\n<p>&nbsp;<\/p>\n<p>&nbsp;<\/p>\n<p>&nbsp;<\/p>\n<p>&nbsp;<\/p>\n<p>&nbsp;<\/p>\n<p>&nbsp;<\/p>\n<p>&nbsp;<\/p>\n<p>&nbsp;<\/p>\n<p>&nbsp;<\/p>\n<p>&nbsp;<\/p>\n<p>&nbsp;<\/p>\n<p style=\"text-align: justify;\">Les instal\u00b7lacions del nostre centre s\u00f3n provisionals fins que no es construeixi l&#8217;edifici definitiu en un terreny proper a l&#8217;actual empla\u00e7ament. Actualment comptem amb quatre m\u00f2duls que tenen tres aules de 60 metres quadrats cadascuna, una aula de desdoblament i biblioteca, una sala de professorat i l&#8217;espai de direcci\u00f3 que est\u00e0 situat a l&#8217;entrada.<\/p>\n<p style=\"text-align: justify;\">L&#8217;educaci\u00f3 f\u00edsica es realitza al poliesportiu annex a l&#8217;escola Pompeu Fabra i a les instal\u00b7lacions municipals d&#8217;atletisme.<\/p>\n<p style=\"text-align: justify;\">El terreny del pati encara s&#8217;est\u00e0 acabant d&#8217;adequar.<\/p>\n<p>&nbsp;<\/p>\n<p style=\"text-align: justify;\"><a href=\"https:\/\/agora.xtec.cat\/inssantquirzelloret\/wp-content\/uploads\/usu996\/2023\/01\/extet.png\"><img loading=\"lazy\" decoding=\"async\" class=\"wp-image-1281 aligncenter\" src=\"https:\/\/agora.xtec.cat\/inssantquirzelloret\/wp-content\/uploads\/usu996\/2023\/01\/extet.png\" alt=\"\" width=\"343\" height=\"431\" srcset=\"https:\/\/agora.xtec.cat\/inssantquirzelloret\/wp-content\/uploads\/usu996\/2023\/01\/extet.png 519w, https:\/\/agora.xtec.cat\/inssantquirzelloret\/wp-content\/uploads\/usu996\/2023\/01\/extet-239x300.png 239w\" sizes=\"auto, (max-width: 343px) 100vw, 343px\" \/><\/a><\/p>\n","protected":false},"excerpt":{"rendered":"<p><a href=\"https:\/\/agora.xtec.cat\/inssantquirzelloret\/wp-content\/uploads\/usu996\/2023\/01\/interi.png\"><\/a><a href=\"https:\/\/agora.xtec.cat\/inssantquirzelloret\/wp-content\/uploads\/usu996\/2023\/01\/pati.png\"><\/a><br \/>\n&nbsp;<br \/>\n&nbsp;<br \/>\n&nbsp;<br \/>\n&nbsp;<br \/>\n&nbsp;<br \/>\n&nbsp;<br \/>\n&nbsp;<br \/>\n&nbsp;<br \/>\n&nbsp;<br \/>\n&nbsp;<br \/>\n&nbsp;<br \/>\nLes instal\u00b7lacions del nostre centre s\u00f3n provisionals fins que no es construeixi l&#8217;edifici definitiu en un terreny proper a l&#8217;actual empla\u00e7ament. Actualment comptem amb quatre m\u00f2duls que tenen tres aules de 60 metres quadrats cadascuna, una aula de desdoblament i biblioteca, una sala&hellip;  <a href=\"https:\/\/agora.xtec.cat\/inssantquirzelloret\/linstitut\/instal%c2%b7lacions\/\" title=\"Read Instal\u00b7lacions\">Llegeix m\u00e9s\u00bb<\/a><\/p>\n","protected":false},"author":1,"featured_media":0,"parent":19,"menu_order":30,"comment_status":"closed","ping_status":"closed","template":"page-templates\/side-menu.php","meta":{"_bbp_topic_count":0,"_bbp_reply_count":0,"_bbp_total_topic_count":0,"_bbp_total_reply_count":0,"_bbp_voice_count":0,"_bbp_anonymous_reply_count":0,"_bbp_topic_count_hidden":0,"_bbp_reply_count_hidden":0,"_bbp_forum_subforum_count":0,"footnotes":""},"class_list":["post-39","page","type-page","status-publish","hentry"],"post_mailing_queue_ids":[],"_links":{"self":[{"href":"https:\/\/agora.xtec.cat\/inssantquirzelloret\/wp-json\/wp\/v2\/pages\/39","targetHints":{"allow":["GET"]}}],"collection":[{"href":"https:\/\/agora.xtec.cat\/inssantquirzelloret\/wp-json\/wp\/v2\/pages"}],"about":[{"href":"https:\/\/agora.xtec.cat\/inssantquirzelloret\/wp-json\/wp\/v2\/types\/page"}],"author":[{"embeddable":true,"href":"https:\/\/agora.xtec.cat\/inssantquirzelloret\/wp-json\/wp\/v2\/users\/1"}],"replies":[{"embeddable":true,"href":"https:\/\/agora.xtec.cat\/inssantquirzelloret\/wp-json\/wp\/v2\/comments?post=39"}],"version-history":[{"count":3,"href":"https:\/\/agora.xtec.cat\/inssantquirzelloret\/wp-json\/wp\/v2\/pages\/39\/revisions"}],"predecessor-version":[{"id":1282,"href":"https:\/\/agora.xtec.cat\/inssantquirzelloret\/wp-json\/wp\/v2\/pages\/39\/revisions\/1282"}],"up":[{"embeddable":true,"href":"https:\/\/agora.xtec.cat\/inssantquirzelloret\/wp-json\/wp\/v2\/pages\/19"}],"wp:attachment":[{"href":"https:\/\/agora.xtec.cat\/inssantquirzelloret\/wp-json\/wp\/v2\/media?parent=39"}],"curies":[{"name":"wp","href":"https:\/\/api.w.org\/{rel}","templated":true}]}}