{"id":43,"date":"2014-09-17T16:45:07","date_gmt":"2014-09-17T15:45:07","guid":{"rendered":"http:\/\/agora.xtec.cat\/inssantandreu\/\/?page_id=43"},"modified":"2026-02-19T09:57:21","modified_gmt":"2026-02-19T08:57:21","slug":"consell-escolar","status":"publish","type":"page","link":"https:\/\/agora.xtec.cat\/inssantandreu\/linstitut\/consell-escolar\/","title":{"rendered":"Consell escolar"},"content":{"rendered":"<p>Composici\u00f3 del Consell Escolar:<\/p>\n<ul>\n<li>Director: Javier Medina D\u00edaz<\/li>\n<li>Cap d&#8217;estudis: Georgina Brichs Fern\u00e1ndez<\/li>\n<li>Secret\u00e0ria: Ana S\u00e1nchez Soto<\/li>\n<li>Representant de l&#8217;ajuntament: Anna Serra \u00c1lvarez<\/li>\n<li>Representants del professorat: Carmen Hern\u00e1ndez Mart\u00ednez, Ana Marcos P\u00e9rez, Javier Bellido Briega, Patricia Trevi\u00f1o Salda\u00f1a, Clara Ribalta Riu<\/li>\n<li>Representant de l&#8217;alumnat: Bruna Lorenzo Garc\u00e9s, Pau Oulego Amat<\/li>\n<li>Representant de pares i mares: Maite Narv\u00e1ez Seixa, Eva Manuel Sala, Lidia G\u00f3mez Mart\u00ednez (AMPA)<\/li>\n<li>Sector PAS: Cristina Soler Masero<\/li>\n<\/ul>\n<p>Es pot consultar la normativa gen\u00e8rica dels consells escolars, al seg\u00fcent\u00a0<span style=\"text-decoration: underline;\"><strong><a title=\"Definici\u00f3 de consell escolar (gencat)\" href=\"http:\/\/www20.gencat.cat\/portal\/site\/ensenyament\/menuitem.75e1c94eb5dd9e184ed22010b0c0e1a0\/?vgnextoid=f6c263fddc7e9310VgnVCM1000008d0c1e0aRCRD&amp;vgnextchannel=f6c263fddc7e9310VgnVCM1000008d0c1e0aRCRD\" target=\"_blank\" rel=\"noopener\">enlla\u00e7<\/a><\/strong><\/span><\/p>\n","protected":false},"excerpt":{"rendered":"<p>Composici\u00f3 del Consell Escolar:<\/p>\n<ul>\n<li>Director: Javier Medina D\u00edaz<\/li>\n<li>Cap d&#8217;estudis: Georgina Brichs Fern\u00e1ndez<\/li>\n<li>Secret\u00e0ria: Ana S\u00e1nchez Soto<\/li>\n<li>Representant de l&#8217;ajuntament: Anna Serra \u00c1lvarez<\/li>\n<li>Representants del professorat: Carmen Hern\u00e1ndez Mart\u00ednez, Ana Marcos P\u00e9rez, Javier Bellido Briega, Patricia Trevi\u00f1o Salda\u00f1a, Clara Ribalta Riu<\/li>\n<li>Representant de l&#8217;alumnat: Bruna Lorenzo Garc\u00e9s, Pau Oulego Amat<\/li>\n<li>Representant de&hellip;  <a href=\"https:\/\/agora.xtec.cat\/inssantandreu\/linstitut\/consell-escolar\/\" title=\"Read Consell escolar\">Llegeix m\u00e9s\u00bb<\/a><br \/>\n","protected":false},"author":1,"featured_media":0,"parent":19,"menu_order":6,"comment_status":"open","ping_status":"closed","template":"page-templates\/side-menu.php","meta":{"_bbp_topic_count":0,"_bbp_reply_count":0,"_bbp_total_topic_count":0,"_bbp_total_reply_count":0,"_bbp_voice_count":0,"_bbp_anonymous_reply_count":0,"_bbp_topic_count_hidden":0,"_bbp_reply_count_hidden":0,"_bbp_forum_subforum_count":0,"footnotes":""},"class_list":["post-43","page","type-page","status-publish","hentry"],"post_mailing_queue_ids":[],"_links":{"self":[{"href":"https:\/\/agora.xtec.cat\/inssantandreu\/wp-json\/wp\/v2\/pages\/43","targetHints":{"allow":["GET"]}}],"collection":[{"href":"https:\/\/agora.xtec.cat\/inssantandreu\/wp-json\/wp\/v2\/pages"}],"about":[{"href":"https:\/\/agora.xtec.cat\/inssantandreu\/wp-json\/wp\/v2\/types\/page"}],"author":[{"embeddable":true,"href":"https:\/\/agora.xtec.cat\/inssantandreu\/wp-json\/wp\/v2\/users\/1"}],"replies":[{"embeddable":true,"href":"https:\/\/agora.xtec.cat\/inssantandreu\/wp-json\/wp\/v2\/comments?post=43"}],"version-history":[{"count":6,"href":"https:\/\/agora.xtec.cat\/inssantandreu\/wp-json\/wp\/v2\/pages\/43\/revisions"}],"predecessor-version":[{"id":12507,"href":"https:\/\/agora.xtec.cat\/inssantandreu\/wp-json\/wp\/v2\/pages\/43\/revisions\/12507"}],"up":[{"embeddable":true,"href":"https:\/\/agora.xtec.cat\/inssantandreu\/wp-json\/wp\/v2\/pages\/19"}],"wp:attachment":[{"href":"https:\/\/agora.xtec.cat\/inssantandreu\/wp-json\/wp\/v2\/media?parent=43"}],"curies":[{"name":"wp","href":"https:\/\/api.w.org\/{rel}","templated":true}]}}