{"id":1177,"date":"2017-05-09T13:05:10","date_gmt":"2017-05-09T11:05:10","guid":{"rendered":"http:\/\/agora.xtec.cat\/inssantandreu\/?page_id=1177"},"modified":"2017-07-31T11:35:22","modified_gmt":"2017-07-31T09:35:22","slug":"revista","status":"publish","type":"page","link":"https:\/\/agora.xtec.cat\/inssantandreu\/projectes\/revista\/","title":{"rendered":"Revista"},"content":{"rendered":"<p>A partir del curs 2016-2017, dins de la franja d&#8217;optatives, fem\u00a0la revista del centre.<\/p>\n<p>\u00c9s un projecte que es porta a terme des de l&#8217;\u00e0rea d&#8217;educaci\u00f3 visual i pl\u00e0stica.<\/p>\n<p>La podeu consultar al seg\u00fcent enlla\u00e7:<\/p>\n<ul>\n<li><a href=\"https:\/\/issuu.com\/institutsantandreu\/docs\/embalum?utm_source=conversion_success&amp;utm_campaign=Transactional&amp;utm_medium=email\" target=\"_blank\" rel=\"noopener noreferrer\">Clica aqu\u00ed!<\/a><\/li>\n<\/ul>\n<p><a href=\"https:\/\/issuu.com\/institutsantandreu\/docs\/embalum?utm_source=conversion_success&amp;utm_campaign=Transactional&amp;utm_medium=email\" target=\"_blank\" rel=\"noopener noreferrer\"><img loading=\"lazy\" decoding=\"async\" class=\"aligncenter wp-image-1285 size-full\" src=\"http:\/\/agora.xtec.cat\/inssantandreu\/wp-content\/uploads\/usu94\/2017\/05\/revista.jpg\" alt=\"\" width=\"455\" height=\"497\" srcset=\"https:\/\/agora.xtec.cat\/inssantandreu\/wp-content\/uploads\/usu94\/2017\/05\/revista.jpg 455w, https:\/\/agora.xtec.cat\/inssantandreu\/wp-content\/uploads\/usu94\/2017\/05\/revista-275x300.jpg 275w\" sizes=\"auto, (max-width: 455px) 100vw, 455px\" \/><\/a><\/p>\n","protected":false},"excerpt":{"rendered":"<p>A partir del curs 2016-2017, dins de la franja d&#8217;optatives, fem\u00a0la revista del centre.<br \/>\n\u00c9s un projecte que es porta a terme des de l&#8217;\u00e0rea d&#8217;educaci\u00f3 visual i pl\u00e0stica.<br \/>\nLa podeu consultar al seg\u00fcent enlla\u00e7:<\/p>\n<ul>\n<li><a href=\"https:\/\/issuu.com\/institutsantandreu\/docs\/embalum?utm_source=conversion_success&amp;utm_campaign=Transactional&amp;utm_medium=email\" target=\"_blank\" rel=\"noopener noreferrer\">Clica aqu\u00ed!<\/a><\/li>\n<\/ul>\n<p><a href=\"https:\/\/issuu.com\/institutsantandreu\/docs\/embalum?utm_source=conversion_success&amp;utm_campaign=Transactional&amp;utm_medium=email\" target=\"_blank\" rel=\"noopener noreferrer\"><\/a><\/p>\n","protected":false},"author":1,"featured_media":0,"parent":1133,"menu_order":0,"comment_status":"closed","ping_status":"closed","template":"page-templates\/side-menu.php","meta":{"_bbp_topic_count":0,"_bbp_reply_count":0,"_bbp_total_topic_count":0,"_bbp_total_reply_count":0,"_bbp_voice_count":0,"_bbp_anonymous_reply_count":0,"_bbp_topic_count_hidden":0,"_bbp_reply_count_hidden":0,"_bbp_forum_subforum_count":0,"footnotes":""},"class_list":["post-1177","page","type-page","status-publish","hentry"],"post_mailing_queue_ids":[],"_links":{"self":[{"href":"https:\/\/agora.xtec.cat\/inssantandreu\/wp-json\/wp\/v2\/pages\/1177","targetHints":{"allow":["GET"]}}],"collection":[{"href":"https:\/\/agora.xtec.cat\/inssantandreu\/wp-json\/wp\/v2\/pages"}],"about":[{"href":"https:\/\/agora.xtec.cat\/inssantandreu\/wp-json\/wp\/v2\/types\/page"}],"author":[{"embeddable":true,"href":"https:\/\/agora.xtec.cat\/inssantandreu\/wp-json\/wp\/v2\/users\/1"}],"replies":[{"embeddable":true,"href":"https:\/\/agora.xtec.cat\/inssantandreu\/wp-json\/wp\/v2\/comments?post=1177"}],"version-history":[{"count":3,"href":"https:\/\/agora.xtec.cat\/inssantandreu\/wp-json\/wp\/v2\/pages\/1177\/revisions"}],"predecessor-version":[{"id":1306,"href":"https:\/\/agora.xtec.cat\/inssantandreu\/wp-json\/wp\/v2\/pages\/1177\/revisions\/1306"}],"up":[{"embeddable":true,"href":"https:\/\/agora.xtec.cat\/inssantandreu\/wp-json\/wp\/v2\/pages\/1133"}],"wp:attachment":[{"href":"https:\/\/agora.xtec.cat\/inssantandreu\/wp-json\/wp\/v2\/media?parent=1177"}],"curies":[{"name":"wp","href":"https:\/\/api.w.org\/{rel}","templated":true}]}}