{"id":11238,"date":"2022-09-28T18:51:38","date_gmt":"2022-09-28T16:51:38","guid":{"rendered":"https:\/\/agora.xtec.cat\/inssantandreu\/?page_id=11238"},"modified":"2023-06-22T10:07:46","modified_gmt":"2023-06-22T08:07:46","slug":"fotografies-curs-2022-2023","status":"publish","type":"page","link":"https:\/\/agora.xtec.cat\/inssantandreu\/fotografies\/fotografies-curs-2022-2023\/","title":{"rendered":"Fotografies curs 2022-2023"},"content":{"rendered":"<div class=\"entry-content\">\n<ul>\n<li>21.06.23: <a href=\"https:\/\/photos.app.goo.gl\/d7ShJiBu6nuqBHui9\" target=\"_blank\" rel=\"noopener\">Graduaci\u00f3 4t ESO<\/a><\/li>\n<li>20.06.23:\u00a0<a href=\"https:\/\/photos.app.goo.gl\/GhmpMwhtftfnFBjk6\" target=\"_blank\" rel=\"noopener\">Activitats de tancament de curs 22-23<\/a><\/li>\n<li>16.06.23: <a href=\"https:\/\/photos.app.goo.gl\/x69YtTMMrzS8z11Y9\" target=\"_blank\" rel=\"noopener\">1r ESO, Educaci\u00f3 ambiental al riu Llobregat<\/a><\/li>\n<li>15.06.23: <a href=\"https:\/\/photos.app.goo.gl\/K6WL8PFTNb48SqCX8\" target=\"_blank\" rel=\"noopener\">Jornada intercanvi esportiu, 2n ESO &gt; 6 EP<\/a><\/li>\n<li>15.06.23: <a href=\"https:\/\/photos.app.goo.gl\/dQkFg1HnRy2LS8839\" target=\"_blank\" rel=\"noopener\">Coets d&#8217;aigua a l&#8217;optativa de f\u00edsica i qu\u00edmica<\/a><\/li>\n<li>07.06.23: <a href=\"https:\/\/photos.app.goo.gl\/k8YcHZURW1ideht67\" target=\"_blank\" rel=\"noopener\">Funny Day 22-23<\/a><\/li>\n<li>06.06.23: <a href=\"https:\/\/photos.app.goo.gl\/hZEL1X1hVAQHgdABA\" target=\"_blank\" rel=\"noopener\">4t ESO, La Casa de Bernarda Alba<\/a><\/li>\n<li>01.06.23: <a href=\"https:\/\/photos.app.goo.gl\/nM6dJumZpGzGdWo69\" target=\"_blank\" rel=\"noopener\">3r ESO, Projecte Rius<\/a><\/li>\n<li>01.06.23: <a href=\"https:\/\/photos.app.goo.gl\/Hgx6oCX8AJkSbD7E7\" target=\"_blank\" rel=\"noopener\">1r ESO, Museu de les Matem\u00e0tiques<\/a><\/li>\n<li>19.05.23: <a href=\"https:\/\/photos.app.goo.gl\/zHfXDDes9nj17oYZ8\" target=\"_blank\" rel=\"noopener\">4t ESO F\u00edsica i Tecnologia al Fisidabo<\/a><\/li>\n<li>10.05.23: <a href=\"https:\/\/photos.app.goo.gl\/9DJwysF19JgXECVU8\" target=\"_blank\" rel=\"noopener\">XV Trobada de Mediadors del Baix Llobregat<\/a><\/li>\n<li>10.05.23: <a href=\"https:\/\/photos.app.goo.gl\/sQZT7gx5cEvG7x797\" target=\"_blank\" rel=\"noopener\">3r ESO, NanoEduca<\/a><\/li>\n<li>09.05.23: <a href=\"https:\/\/photos.app.goo.gl\/RC94qawXVG4Fkx5AA\" target=\"_blank\" rel=\"noopener\">Visita 2n ESO al Cosmocaixa<\/a><\/li>\n<li>8-12.05.23: <a href=\"https:\/\/photos.app.goo.gl\/eSNPpiJTS3QL5pYD8\" target=\"_blank\" rel=\"noopener\">Viatge fi de curs 4t ESO<\/a><\/li>\n<li>05.05.23: <a href=\"https:\/\/photos.app.goo.gl\/Eo3fVEGLunBKAqiG9\" target=\"_blank\" rel=\"noopener\">Visita avis i \u00e0vies a 1r ESO<\/a><\/li>\n<li>3-5.05.23:\u00a0<a href=\"https:\/\/photos.app.goo.gl\/n6n5CszaFFXdiGpr8\" target=\"_blank\" rel=\"noopener\">Treball de s\u00edntesi 3r ESO a Llan\u00e7\u00e0<\/a><\/li>\n<li>28.04.23: <a href=\"https:\/\/photos.app.goo.gl\/EH5QTeoKyNaV5PZy9\" target=\"_blank\" rel=\"noopener\">Premis Sant Jordi ajuntament 2023<\/a><\/li>\n<li>26.04.23: <a href=\"https:\/\/photos.app.goo.gl\/3PAQb9CajmjasQo98\" target=\"_blank\" rel=\"noopener\">Sortida en bicicleta 1r ESO. abril-maig 2023<\/a><\/li>\n<li>21.04.23: <a href=\"https:\/\/photos.app.goo.gl\/d9t57TfGcEzppRhT7\" target=\"_blank\" rel=\"noopener\">Sant Jordi 2023<\/a><\/li>\n<li>20.04.23: <a href=\"https:\/\/photos.app.goo.gl\/w92nBAEzbu4oBYt68\" target=\"_blank\" rel=\"noopener\">2n ESO Once upon a time&#8230;<\/a><\/li>\n<li>19.04.23: <a href=\"https:\/\/photos.app.goo.gl\/oQfykNywg3gkTxND9\" target=\"_blank\" rel=\"noopener\">Sortida 3r ESO M\u00f3n Sant Benet<\/a><\/li>\n<li>14.04.23: <a href=\"https:\/\/photos.app.goo.gl\/pQVbLnHZnJiSkTWc8\" target=\"_blank\" rel=\"noopener\">Sortida 2n ESO Barcelona medieval<\/a><\/li>\n<li>31.03.23: <a href=\"https:\/\/photos.app.goo.gl\/Z4tSXcX1xcxPzjQf7\" target=\"_blank\" rel=\"noopener\">Sortida 3r ESO al MNAC i CaixaForum<\/a><\/li>\n<li>29.03.23: <a href=\"https:\/\/photos.app.goo.gl\/eiCLpu9Krxn3WPZJ7\" target=\"_blank\" rel=\"noopener\">4t ESO al TNC<\/a><\/li>\n<li>23.03.23: <a href=\"https:\/\/photos.app.goo.gl\/o2Ne2eKETZq1RHUbA\" target=\"_blank\" rel=\"noopener\">3r ESO al Cosmocaixa<\/a><\/li>\n<li>15.03.23: <a href=\"https:\/\/photos.app.goo.gl\/JKB865sRgfV6eLWv8\" target=\"_blank\" rel=\"noopener\">III Jornades Cargolades<\/a><\/li>\n<li>23.02.23: <a href=\"https:\/\/photos.app.goo.gl\/rqiVn6aSHJ278AJx8\" target=\"_blank\" rel=\"noopener\">Obra de teatre en angl\u00e8s<\/a><\/li>\n<li>17.02.23:\u00a0<a href=\"https:\/\/photos.app.goo.gl\/NQ5hrZow4g8CbfRF7\" target=\"_blank\" rel=\"noopener\">3r ESO obra teatre \u201cDioses en Sanan\u201d<\/a><\/li>\n<li>26 i 27.01.23: <a href=\"https:\/\/photos.app.goo.gl\/KzwwCAoiV1My3mES9\" target=\"_blank\" rel=\"noopener\">1r ESO visita Museu Egipci<\/a><\/li>\n<li>21.12.22: <a href=\"https:\/\/photos.app.goo.gl\/HSEAkjMMdfZVbcyh8\" target=\"_blank\" rel=\"noopener\">Jornada de tancament del primer trimestre<\/a><\/li>\n<li>20.12.22: <a href=\"https:\/\/photos.app.goo.gl\/KsigkZdiGhoPtJwy6\" target=\"_blank\" rel=\"noopener\">Mercat Nadalenc, optativa d\u2019economia<\/a><\/li>\n<li>16.12.22: <a href=\"https:\/\/photos.app.goo.gl\/igH9Up61CrzUy7Ti8\" target=\"_blank\" rel=\"noopener\">Escalada 2n ESO<\/a><\/li>\n<li>12.12.22: <a href=\"https:\/\/photos.app.goo.gl\/85Em8hdg3KbzCBxF7\" target=\"_blank\" rel=\"noopener\">Diplomes campanya dia de la SIDA<\/a><\/li>\n<li>14.12.22: <a href=\"https:\/\/photos.app.goo.gl\/VPWGXQ86YBHRVzjGA\" target=\"_blank\" rel=\"noopener\">Sortida 1r ESO Trobada esportiva<\/a><\/li>\n<li>13.12.22: <a href=\"https:\/\/photos.app.goo.gl\/ddME3bUonFcmheK37\" target=\"_blank\" rel=\"noopener\">Sortida 4t ESO, Col\u00f2nia G\u00fcell<\/a><\/li>\n<li>23.11.22: <a href=\"https:\/\/photos.app.goo.gl\/D6J1vAqaUqAf8hEx7\" target=\"_blank\" rel=\"noopener\">Sortida 3r ESO al TNC<\/a><\/li>\n<li>22.11.22: <a href=\"https:\/\/photos.app.goo.gl\/jEXA3juA5UUmy94EA\" target=\"_blank\" rel=\"noopener\">Santa Cec\u00edlia<\/a><\/li>\n<li>16.11.22: <a href=\"https:\/\/photos.app.goo.gl\/vb1ebXhMwTgdd2Q87\" target=\"_blank\" rel=\"noopener\">Setmana de la Ci\u00e8ncia 2022<\/a><\/li>\n<li>11.11.22: <a href=\"https:\/\/photos.app.goo.gl\/9ZEDdZdFJ2BK4iDv9\" target=\"_blank\" rel=\"noopener\">Amic gran 1r-3r ESO<\/a><\/li>\n<li>08.11.22: <a href=\"https:\/\/photos.app.goo.gl\/zHsjCx2MjdkU2efD9\" target=\"_blank\" rel=\"noopener\">sortida al teatre 3r ESO<\/a><\/li>\n<li>28.10.22: <a href=\"https:\/\/photos.app.goo.gl\/RAKrArp4qRLBUX3p6\" target=\"_blank\" rel=\"noopener\">Sortida 3r ESO, riu Llobregat<\/a><\/li>\n<li>20.10.22: <a href=\"https:\/\/photos.app.goo.gl\/81BMDZDxFB9BPi6w8\" target=\"_blank\" rel=\"noopener\">Planetari 1r ESO<\/a><\/li>\n<li>6-7.10.22: <a href=\"https:\/\/photos.app.goo.gl\/VpZwwWvaejLCZK727\" target=\"_blank\" rel=\"noopener\">Col\u00f2nies 1r ESO<\/a><\/li>\n<li>29.09.22: <a href=\"https:\/\/photos.app.goo.gl\/y76edDPXTaxNVgH66\" target=\"_blank\" rel=\"noopener\">Sortida 2n ESO al Delta del Llobregat<\/a><\/li>\n<li><a href=\"https:\/\/photos.app.goo.gl\/8yoQaYxxC9Pko1ju9\" target=\"_blank\" rel=\"noopener\">Fotografies grups, curs 2022-2023<\/a><\/li>\n<\/ul>\n<\/div>\n","protected":false},"excerpt":{"rendered":"<ul>\n<li>21.06.23: <a href=\"https:\/\/photos.app.goo.gl\/d7ShJiBu6nuqBHui9\" target=\"_blank\" rel=\"noopener\">Graduaci\u00f3 4t ESO<\/a><\/li>\n<li>20.06.23:\u00a0<a href=\"https:\/\/photos.app.goo.gl\/GhmpMwhtftfnFBjk6\" target=\"_blank\" rel=\"noopener\">Activitats de tancament de curs 22-23<\/a><\/li>\n<li>16.06.23: <a href=\"https:\/\/photos.app.goo.gl\/x69YtTMMrzS8z11Y9\" target=\"_blank\" rel=\"noopener\">1r ESO, Educaci\u00f3 ambiental al riu Llobregat<\/a><\/li>\n<li>15.06.23: <a href=\"https:\/\/photos.app.goo.gl\/K6WL8PFTNb48SqCX8\" target=\"_blank\" rel=\"noopener\">Jornada intercanvi esportiu, 2n ESO &gt; 6 EP<\/a><\/li>\n<li>15.06.23: <a href=\"https:\/\/photos.app.goo.gl\/dQkFg1HnRy2LS8839\" target=\"_blank\" rel=\"noopener\">Coets d&#8217;aigua a l&#8217;optativa de f\u00edsica&hellip;  <a href=\"https:\/\/agora.xtec.cat\/inssantandreu\/fotografies\/fotografies-curs-2022-2023\/\" title=\"Read Fotografies curs 2022-2023\">Llegeix m\u00e9s\u00bb<\/a><br \/>\n","protected":false},"author":1,"featured_media":0,"parent":956,"menu_order":9,"comment_status":"closed","ping_status":"closed","template":"","meta":{"_bbp_topic_count":0,"_bbp_reply_count":0,"_bbp_total_topic_count":0,"_bbp_total_reply_count":0,"_bbp_voice_count":0,"_bbp_anonymous_reply_count":0,"_bbp_topic_count_hidden":0,"_bbp_reply_count_hidden":0,"_bbp_forum_subforum_count":0,"footnotes":""},"class_list":["post-11238","page","type-page","status-publish","hentry"],"post_mailing_queue_ids":[],"_links":{"self":[{"href":"https:\/\/agora.xtec.cat\/inssantandreu\/wp-json\/wp\/v2\/pages\/11238","targetHints":{"allow":["GET"]}}],"collection":[{"href":"https:\/\/agora.xtec.cat\/inssantandreu\/wp-json\/wp\/v2\/pages"}],"about":[{"href":"https:\/\/agora.xtec.cat\/inssantandreu\/wp-json\/wp\/v2\/types\/page"}],"author":[{"embeddable":true,"href":"https:\/\/agora.xtec.cat\/inssantandreu\/wp-json\/wp\/v2\/users\/1"}],"replies":[{"embeddable":true,"href":"https:\/\/agora.xtec.cat\/inssantandreu\/wp-json\/wp\/v2\/comments?post=11238"}],"version-history":[{"count":3,"href":"https:\/\/agora.xtec.cat\/inssantandreu\/wp-json\/wp\/v2\/pages\/11238\/revisions"}],"predecessor-version":[{"id":11574,"href":"https:\/\/agora.xtec.cat\/inssantandreu\/wp-json\/wp\/v2\/pages\/11238\/revisions\/11574"}],"up":[{"embeddable":true,"href":"https:\/\/agora.xtec.cat\/inssantandreu\/wp-json\/wp\/v2\/pages\/956"}],"wp:attachment":[{"href":"https:\/\/agora.xtec.cat\/inssantandreu\/wp-json\/wp\/v2\/media?parent=11238"}],"curies":[{"name":"wp","href":"https:\/\/api.w.org\/{rel}","templated":true}]}}