{"id":462,"date":"2017-02-20T12:11:14","date_gmt":"2017-02-20T11:11:14","guid":{"rendered":"http:\/\/agora.xtec.cat\/inssalvadorsunyer\/?page_id=462"},"modified":"2026-02-24T00:02:18","modified_gmt":"2026-02-23T23:02:18","slug":"ampa","status":"publish","type":"page","link":"https:\/\/agora.xtec.cat\/inssalvadorsunyer\/institut\/ampa\/","title":{"rendered":"AFA"},"content":{"rendered":"<p><strong>AMPA\/AFA INSTITUT SALVADOR SUNYER I AIMERICH<\/strong><\/p>\n<p>Som les mares i pares o familiars dels alumnes de l&#8217;institut que ens organitzem com a associaci\u00f3 de forma volunt\u00e0ria.<span class=\"Apple-converted-space\">\u00a0<\/span><\/p>\n<p><strong>OBJECTIUS<\/strong> (curt i llarg termini)<\/p>\n<ul>\n<li>Col\u00b7laborar amb les activitats educatives del centre.<\/li>\n<li>Vetllar per la dignificaci\u00f3 dels equipament actuals i per la construcci\u00f3 definitiva de l&#8217;edifici.<\/li>\n<\/ul>\n<ul>\n<li>Lluitar contra l&#8217;estigmatitzaci\u00f3 i la segregaci\u00f3 del centre.<\/li>\n<\/ul>\n<ul>\n<li>Fomentar la participaci\u00f3 dels alumnes per tal d&#8217;apoderar-los i incentivar-los en les pr\u00e0ctiques democr\u00e0tiques. Ajudar-los a formar-se com a ciutadans.<\/li>\n<\/ul>\n<ul>\n<li>Afavorir la relaci\u00f3 i coordinaci\u00f3 entre les fam\u00edlies i el personal docent.<\/li>\n<li>Organitzar activitats formatives (xerrades, di\u00e0legs) i activitats socio-culturals (festes, concerts&#8230;) que afavoreixin l&#8217;educaci\u00f3 dels nostres fills i facilitin el coneixement i la relaci\u00f3 entre les fam\u00edlies.<\/li>\n<li>Compartir un projecte com\u00fa entre equip de mestres i fam\u00edlies.<\/li>\n<\/ul>\n<p>&nbsp;<\/p>\n<p><strong>QU\u00c8 FEM \/ HEM FET<\/strong><\/p>\n<ul>\n<li>Projecte de reutilitzaci\u00f3 de llibres de text Ampa\/Institut.<\/li>\n<li>Biblioteca, aportaci\u00f3 de llibres.<\/li>\n<li>Seguiment de les millores del centre i contacte amb les administracions (Ajuntament i Generalitat).<\/li>\n<li>Diverses jornades de treball (pintem barracons, bancs, vinil logotip, cartelleres&#8230;)<\/li>\n<li>Col\u00b7laboraci\u00f3 amb les activitats o sortides del centre.<\/li>\n<li>Col\u00b7laboraci\u00f3 amb la parada de Sant Jordi.<\/li>\n<li>Organitzaci\u00f3 i acollida Jornada FaPaC \u201cInnovem junts la secund\u00e0ria\u201d<\/li>\n<li>Disseny i estampaci\u00f3 samarretes<\/li>\n<li>Participaci\u00f3 activa a:<span class=\"Apple-converted-space\">\u00a0<\/span>\n<ul>\n<li>Coordinadora Ampas de Salt<\/li>\n<li>Plataforma <a href=\"https:\/\/www.salteduca.org\" target=\"_blank\" rel=\"noopener\">Salt&#8217;educa<\/a><\/li>\n<li>Consell escolar de l&#8217;institut i Consell Escolar Municipal<\/li>\n<li><a href=\"https:\/\/affac.cat\/\" target=\"_blank\" rel=\"noopener\">aFFaC<\/a><\/li>\n<\/ul>\n<\/li>\n<\/ul>\n<ul>\n<li>Coorganitzaci\u00f3 i participaci\u00f3 del Mercat de les Ampas de Salt<\/li>\n<li>Col\u00b7laboraci\u00f3 amb la Festa de les fam\u00edlies<\/li>\n<li>Projecte <a href=\"https:\/\/agora.xtec.cat\/inssalvadorsunyer\/linstitut\/ampa\/cuina-saltenca-davui\/\">Cuina saltenca d&#8217;avui<\/a><\/li>\n<\/ul>\n<p>&nbsp;<\/p>\n<hr \/>\n<p><a href=\"https:\/\/agora.xtec.cat\/inssalvadorsunyer\/?page_id=12749&amp;preview=true\">ACTES DE LES REUNIONS<\/a> \u00a0 | \u00a0 <a href=\"https:\/\/agora.xtec.cat\/inssalvadorsunyer\/linstitut\/ampa\/cuina-saltenca-davui\/\">CUINA SALTENCA D&#8217;AVUI<\/a><\/p>\n<hr \/>\n<p>&nbsp;<\/p>\n<p><a href=\"https:\/\/agora.xtec.cat\/inssalvadorsunyer\/wp-content\/uploads\/usu1009\/2022\/02\/logo-AFA-Ins-salvadaorSunyer.png\"><img loading=\"lazy\" decoding=\"async\" class=\"alignnone wp-image-13621\" src=\"https:\/\/agora.xtec.cat\/inssalvadorsunyer\/wp-content\/uploads\/usu1009\/2022\/02\/logo-AFA-Ins-salvadaorSunyer-1024x205.png\" alt=\"AFA Institut Salvador Sunyer de Salt\" width=\"415\" height=\"83\" \/><\/a><\/p>\n<p><strong>CONTACTE<\/strong><\/p>\n<p>Ens trobem en assemblees obertes peri\u00f2diques.<\/p>\n<p>Correu electr\u00f2nic: <a href=\"mailto:ampasunyersalt@gmail.com\">ampasunyersalt@gmail.com<\/a><\/p>\n<p>Twitter: <a href=\"https:\/\/twitter.com\/AmpaInsSunyer\">@AmpaInsSunyer<\/a><\/p>\n","protected":false},"excerpt":{"rendered":"<p>AMPA\/AFA INSTITUT SALVADOR SUNYER I AIMERICH Som les mares i pares o familiars dels alumnes de l&#8217;institut que ens organitzem com a associaci\u00f3 de forma volunt\u00e0ria.\u00a0 OBJECTIUS (curt i llarg termini) Col\u00b7laborar amb les activitats educatives del centre. Vetllar per la dignificaci\u00f3 dels equipament actuals i per la construcci\u00f3 definitiva de l&#8217;edifici. Lluitar contra l&#8217;estigmatitzaci\u00f3 [&hellip;]<\/p>\n","protected":false},"author":1,"featured_media":0,"parent":15892,"menu_order":5,"comment_status":"closed","ping_status":"closed","template":"","meta":{"_bbp_topic_count":0,"_bbp_reply_count":0,"_bbp_total_topic_count":0,"_bbp_total_reply_count":0,"_bbp_voice_count":0,"_bbp_anonymous_reply_count":0,"_bbp_topic_count_hidden":0,"_bbp_reply_count_hidden":0,"_bbp_forum_subforum_count":0,"site-sidebar-layout":"default","site-content-layout":"","ast-site-content-layout":"default","site-content-style":"default","site-sidebar-style":"default","ast-global-header-display":"","ast-banner-title-visibility":"","ast-main-header-display":"","ast-hfb-above-header-display":"","ast-hfb-below-header-display":"","ast-hfb-mobile-header-display":"","site-post-title":"","ast-breadcrumbs-content":"","ast-featured-img":"","footer-sml-layout":"","theme-transparent-header-meta":"default","adv-header-id-meta":"","stick-header-meta":"","header-above-stick-meta":"","header-main-stick-meta":"","header-below-stick-meta":"","astra-migrate-meta-layouts":"set","ast-page-background-enabled":"default","ast-page-background-meta":{"desktop":{"background-color":"var(--ast-global-color-4)","background-image":"","background-repeat":"repeat","background-position":"center center","background-size":"auto","background-attachment":"scroll","background-type":"","background-media":"","overlay-type":"","overlay-color":"","overlay-opacity":"","overlay-gradient":""},"tablet":{"background-color":"","background-image":"","background-repeat":"repeat","background-position":"center center","background-size":"auto","background-attachment":"scroll","background-type":"","background-media":"","overlay-type":"","overlay-color":"","overlay-opacity":"","overlay-gradient":""},"mobile":{"background-color":"","background-image":"","background-repeat":"repeat","background-position":"center center","background-size":"auto","background-attachment":"scroll","background-type":"","background-media":"","overlay-type":"","overlay-color":"","overlay-opacity":"","overlay-gradient":""}},"ast-content-background-meta":{"desktop":{"background-color":"var(--ast-global-color-5)","background-image":"","background-repeat":"repeat","background-position":"center center","background-size":"auto","background-attachment":"scroll","background-type":"","background-media":"","overlay-type":"","overlay-color":"","overlay-opacity":"","overlay-gradient":""},"tablet":{"background-color":"var(--ast-global-color-5)","background-image":"","background-repeat":"repeat","background-position":"center center","background-size":"auto","background-attachment":"scroll","background-type":"","background-media":"","overlay-type":"","overlay-color":"","overlay-opacity":"","overlay-gradient":""},"mobile":{"background-color":"var(--ast-global-color-5)","background-image":"","background-repeat":"repeat","background-position":"center center","background-size":"auto","background-attachment":"scroll","background-type":"","background-media":"","overlay-type":"","overlay-color":"","overlay-opacity":"","overlay-gradient":""}},"footnotes":""},"class_list":["post-462","page","type-page","status-publish","hentry"],"post_mailing_queue_ids":[],"_links":{"self":[{"href":"https:\/\/agora.xtec.cat\/inssalvadorsunyer\/wp-json\/wp\/v2\/pages\/462","targetHints":{"allow":["GET"]}}],"collection":[{"href":"https:\/\/agora.xtec.cat\/inssalvadorsunyer\/wp-json\/wp\/v2\/pages"}],"about":[{"href":"https:\/\/agora.xtec.cat\/inssalvadorsunyer\/wp-json\/wp\/v2\/types\/page"}],"author":[{"embeddable":true,"href":"https:\/\/agora.xtec.cat\/inssalvadorsunyer\/wp-json\/wp\/v2\/users\/1"}],"replies":[{"embeddable":true,"href":"https:\/\/agora.xtec.cat\/inssalvadorsunyer\/wp-json\/wp\/v2\/comments?post=462"}],"version-history":[{"count":3,"href":"https:\/\/agora.xtec.cat\/inssalvadorsunyer\/wp-json\/wp\/v2\/pages\/462\/revisions"}],"predecessor-version":[{"id":13813,"href":"https:\/\/agora.xtec.cat\/inssalvadorsunyer\/wp-json\/wp\/v2\/pages\/462\/revisions\/13813"}],"up":[{"embeddable":true,"href":"https:\/\/agora.xtec.cat\/inssalvadorsunyer\/wp-json\/wp\/v2\/pages\/15892"}],"wp:attachment":[{"href":"https:\/\/agora.xtec.cat\/inssalvadorsunyer\/wp-json\/wp\/v2\/media?parent=462"}],"curies":[{"name":"wp","href":"https:\/\/api.w.org\/{rel}","templated":true}]}}

<p><strong>AMPA/AFA INSTITUT SALVADOR SUNYER I AIMERICH</strong></p>
<p>Som les mares i pares o familiars dels alumnes de l&#8217;institut que ens organitzem com a associació de forma voluntària.<span class="Apple-converted-space"> </span></p>
<p><strong>OBJECTIUS</strong> (curt i llarg termini)</p>
<ul>
<li>Col·laborar amb les activitats educatives del centre.</li>
<li>Vetllar per la dignificació dels equipament actuals i per la construcció definitiva de l&#8217;edifici.</li>
</ul>
<ul>
<li>Lluitar contra l&#8217;estigmatització i la segregació del centre.</li>
</ul>
<ul>
<li>Fomentar la participació dels alumnes per tal d&#8217;apoderar-los i incentivar-los en les pràctiques democràtiques. Ajudar-los a formar-se com a ciutadans.</li>
</ul>
<ul>
<li>Afavorir la relació i coordinació entre les famílies i el personal docent.</li>
<li>Organitzar activitats formatives (xerrades, diàlegs) i activitats socio-culturals (festes, concerts&#8230;) que afavoreixin l&#8217;educació dels nostres fills i facilitin el coneixement i la relació entre les famílies.</li>
<li>Compartir un projecte comú entre equip de mestres i famílies.</li>
</ul>
<p>&nbsp;</p>
<p><strong>QUÈ FEM / HEM FET</strong></p>
<ul>
<li>Projecte de reutilització de llibres de text Ampa/Institut.</li>
<li>Biblioteca, aportació de llibres.</li>
<li>Seguiment de les millores del centre i contacte amb les administracions (Ajuntament i Generalitat).</li>
<li>Diverses jornades de treball (pintem barracons, bancs, vinil logotip, cartelleres&#8230;)</li>
<li>Col·laboració amb les activitats o sortides del centre.</li>
<li>Col·laboració amb la parada de Sant Jordi.</li>
<li>Organització i acollida Jornada FaPaC “Innovem junts la secundària”</li>
<li>Disseny i estampació samarretes</li>
<li>Participació activa a:<span class="Apple-converted-space"> </span>
<ul>
<li>Coordinadora Ampas de Salt</li>
<li>Plataforma <a href="https://www.salteduca.org" target="_blank" rel="noopener">Salt&#8217;educa</a></li>
<li>Consell escolar de l&#8217;institut i Consell Escolar Municipal</li>
<li><a href="https://affac.cat/" target="_blank" rel="noopener">aFFaC</a></li>
</ul>
</li>
</ul>
<ul>
<li>Coorganització i participació del Mercat de les Ampas de Salt</li>
<li>Col·laboració amb la Festa de les famílies</li>
<li>Projecte <a href="https://agora.xtec.cat/inssalvadorsunyer/linstitut/ampa/cuina-saltenca-davui/">Cuina saltenca d&#8217;avui</a></li>
</ul>
<p>&nbsp;</p>
<hr />
<p><a href="https://agora.xtec.cat/inssalvadorsunyer/?page_id=12749&amp;preview=true">ACTES DE LES REUNIONS</a>   |   <a href="https://agora.xtec.cat/inssalvadorsunyer/linstitut/ampa/cuina-saltenca-davui/">CUINA SALTENCA D&#8217;AVUI</a></p>
<hr />
<p>&nbsp;</p>
<p><a href="https://agora.xtec.cat/inssalvadorsunyer/wp-content/uploads/usu1009/2022/02/logo-AFA-Ins-salvadaorSunyer.png"><img loading="lazy" decoding="async" class="alignnone wp-image-13621" src="https://agora.xtec.cat/inssalvadorsunyer/wp-content/uploads/usu1009/2022/02/logo-AFA-Ins-salvadaorSunyer-1024x205.png" alt="AFA Institut Salvador Sunyer de Salt" width="415" height="83" /></a></p>
<p><strong>CONTACTE</strong></p>
<p>Ens trobem en assemblees obertes periòdiques.</p>
<p>Correu electrònic: <a href="mailto:ampasunyersalt@gmail.com">ampasunyersalt@gmail.com</a></p>
<p>Twitter: <a href="https://twitter.com/AmpaInsSunyer">@AmpaInsSunyer</a></p>

<p>AMPA/AFA INSTITUT SALVADOR SUNYER I AIMERICH Som les mares i pares o familiars dels alumnes de l&#8217;institut que ens organitzem com a associació de forma voluntària.  OBJECTIUS (curt i llarg termini) Col·laborar amb les activitats educatives del centre. Vetllar per la dignificació dels equipament actuals i per la construcció definitiva de l&#8217;edifici. Lluitar contra l&#8217;estigmatització [&hellip;]</p>
