{"id":46,"date":"2014-09-17T16:53:45","date_gmt":"2014-09-17T16:53:45","guid":{"rendered":"http:\/\/agora.xtec.cat\/inssalvadorsunyer\/?page_id=46"},"modified":"2026-02-24T00:13:09","modified_gmt":"2026-02-23T23:13:09","slug":"organigrama","status":"publish","type":"page","link":"https:\/\/agora.xtec.cat\/inssalvadorsunyer\/institut\/organigrama\/","title":{"rendered":"Organigrama"},"content":{"rendered":"<ul>\n<li><u>Equip Directiu<\/u>\n<ul>\n<li>Direcci\u00f3: <strong>Pilar Figueras<br \/>\n<\/strong><\/li>\n<li>Cap d\u2019Estudis: <strong>\u00c0lex Vila<\/strong><\/li>\n<li>Secret\u00e0ria: <strong>Anna Anglada<br \/>\n<\/strong><\/li>\n<li>Coordinadora Pedag\u00f2gica: <strong>Blanca Fern\u00e1ndez<br \/>\n<\/strong><\/li>\n<\/ul>\n<\/li>\n<\/ul>\n<ul>\n<li><u>Caps de Departament<\/u>\n<ul>\n<li>Departament de Lleng\u00fces (Catal\u00e0, Castell\u00e0, Angl\u00e8s, Franc\u00e8s, Or. Educat., Alfabetitzaci\u00f3, Aula d\u2019Acollida): <strong>S\u00f2nia Riera<br \/>\n<\/strong><\/li>\n<li>Departament de Ci\u00e8ncies (Matem\u00e0tiques, Naturals, Tecnologia i Inform\u00e0tica):\u00a0<strong>Anna Romeu<\/strong><strong><br \/>\n<\/strong><\/li>\n<li>Departament d\u2019Expressi\u00f3 i Humanitats (Educaci\u00f3 F\u00edsica, M\u00fasica, Visual i Pl\u00e0stica ): <strong>M\u00edriam Barra<br \/>\n<\/strong><\/li>\n<li>Departament d&#8217;Humanitats: <strong>Aitor P\u00e9rez<br \/>\n<\/strong><\/li>\n<li>Departament d&#8217;Orientaci\u00f3: <strong>S\u00edlvia Sistach<\/strong><\/li>\n<li>CFGM activitats comercials: <strong>Gemma Mart\u00ed<\/strong><\/li>\n<li>PFI auxiliar de vendes: <strong>Gerard Telechea<\/strong><\/li>\n<\/ul>\n<\/li>\n<\/ul>\n<ul>\n<li><u>Tutories<\/u>\n<ul>\n<li>Tutor\/a 1r ESO\n<ul>\n<li>Tutoria 1r ESO A:\u00a0<strong>Maria Parra<\/strong><strong><br \/>\n<\/strong><\/li>\n<li>Tutoria 1r ESO B:\u00a0<strong>Marta Comalat<\/strong><strong><br \/>\n<\/strong><\/li>\n<li>Tutoria 1r ESO C:<strong> Virginia Portero<br \/>\n<\/strong><\/li>\n<li>Tutoria 1r ESO D:\u00a0<strong>AlbertoP\u00e9rez<\/strong><strong><br \/>\n<\/strong><\/li>\n<\/ul>\n<\/li>\n<\/ul>\n<\/li>\n<\/ul>\n<ul>\n<li style=\"list-style-type: none;\">\n<ul>\n<li>Tutor\/a 2n ESO\n<ul>\n<li>Tutoria 2n ESO A:\u00a0<strong>S\u00f2nia Riera<\/strong><strong><br \/>\n<\/strong><\/li>\n<li>Tutoria 2n ESO B: <strong>Bea Ramos<br \/>\n<\/strong><\/li>\n<li>Tutoria 2n ESO C:\u00a0<strong>Maria Ferriol<\/strong><strong><br \/>\n<\/strong><\/li>\n<li>Tutoria 2n ESO D:\u00a0<strong>Nora Figueras<\/strong><strong><br \/>\n<\/strong><\/li>\n<\/ul>\n<\/li>\n<\/ul>\n<\/li>\n<\/ul>\n<ul>\n<li style=\"list-style-type: none;\">\n<ul>\n<li>Tutor\/a 3r ESO\n<ul>\n<li>Tutoria 3r ESO A: <strong>Aitor P\u00e9rez<br \/>\n<\/strong><\/li>\n<li>Tutoria 3r ESO B:\u00a0<strong>Raquel G\u00fcell<\/strong><strong><br \/>\n<\/strong><\/li>\n<li>Tutoria 3r ESO C:\u00a0<strong>Mar Baena<\/strong><strong><br \/>\n<\/strong><\/li>\n<li>Tutoria 3r ESO D:\u00a0<strong>Maria Pijoan<\/strong><strong><br \/>\n<\/strong><\/li>\n<\/ul>\n<\/li>\n<\/ul>\n<\/li>\n<\/ul>\n<ul>\n<li style=\"list-style-type: none;\">\n<ul>\n<li>Tutor\/a 4t ESO\n<ul>\n<li>Tutoria 4t ESO A:\u00a0<strong>Anna Teixidor<\/strong><strong><br \/>\n<\/strong><\/li>\n<li>Tutoria 4t ESO B:<strong> Cristina Carbonell<br \/>\n<\/strong><\/li>\n<li>Tutoria 4t ESO C:<strong> Albert Martos<\/strong><strong><br \/>\n<\/strong><\/li>\n<li>Tutoria 4t ESO D:\u00a0<strong>Daniel Garc\u00eda<\/strong><\/li>\n<\/ul>\n<\/li>\n<\/ul>\n<ul>\n<li>Tutoria Aula d\u2019 Acollida:<strong> M. \u00c0ngels Pag\u00e8s<\/strong><\/li>\n<li>Tutoria SIEI :<strong> Jordina Rustullet<\/strong><\/li>\n<\/ul>\n<\/li>\n<\/ul>\n<ul>\n<li style=\"list-style-type: none;\">\n<ul>\n<li><u>CFGM \u2013 COMER\u00c7<\/u>\n<ul>\n<li>Tutoria de 1r:\u00a0 <strong>Marta Torroella<\/strong><strong><br \/>\n<\/strong><\/li>\n<li>Tutoria de 2n: <strong>\u00a0Jordi Forn\u00e9s<\/strong><\/li>\n<\/ul>\n<\/li>\n<\/ul>\n<\/li>\n<li style=\"list-style-type: none;\">\n<ul>\n<li><span style=\"text-decoration: underline;\">PFI &#8211; VENDES<\/span>\n<ul>\n<li>Tutoria: <strong>Naua Rodrigo<\/strong><\/li>\n<\/ul>\n<\/li>\n<\/ul>\n<\/li>\n<\/ul>\n<ul>\n<li><u>T\u00e8cnica d\u2019Integraci\u00f3 Social (TIS):<\/u><strong> J\u00falia Rubi\u00f3<\/strong><\/li>\n<li><u>Orientadora Educativa<\/u>:\u00a0<strong>S\u00edlvia Sistach<\/strong><\/li>\n<li><u>PAS<\/u>: <strong>Violant Pardos, Xavier Carreras i Eva Salmoral<\/strong><\/li>\n<\/ul>\n<p>&nbsp;<\/p>\n<ul>\n<li><u>Consell Escolar<\/u>: <span style=\"font-weight: 400;\">Pilar Figueras (Directora), \u00c0lex Vila (Cap d\u2019estudis), Anna Anglada (secret\u00e0ria), i el professorat del claustre: Bea Ramos, Jesica D\u00edaz, Anna Teixidor, S\u00f2nia Riera i Raquel Esteban. Representants dels pares i mares: Coral Saus i Vanessa Ferreira. Representant AFA: Dolors Mancebo. Representants d&#8217;alumnes: Amira Souha, Guillem Anglada i Martina Casellas. Representant PAS: Violent Pardos. Representant del PAE: Azahara Hern\u00e1ndez. Representant de l&#8217;Ajuntament: Adri\u00e0 Mart\u00edn.<\/span><\/li>\n<\/ul>\n","protected":false},"excerpt":{"rendered":"<p>Equip Directiu Direcci\u00f3: Pilar Figueras Cap d\u2019Estudis: \u00c0lex Vila Secret\u00e0ria: Anna Anglada Coordinadora Pedag\u00f2gica: Blanca Fern\u00e1ndez Caps de Departament Departament de Lleng\u00fces (Catal\u00e0, Castell\u00e0, Angl\u00e8s, Franc\u00e8s, Or. Educat., Alfabetitzaci\u00f3, Aula d\u2019Acollida): S\u00f2nia Riera Departament de Ci\u00e8ncies (Matem\u00e0tiques, Naturals, Tecnologia i Inform\u00e0tica):\u00a0Anna Romeu Departament d\u2019Expressi\u00f3 i Humanitats (Educaci\u00f3 F\u00edsica, M\u00fasica, Visual i Pl\u00e0stica ): M\u00edriam Barra [&hellip;]<\/p>\n","protected":false},"author":1,"featured_media":0,"parent":15892,"menu_order":2,"comment_status":"closed","ping_status":"closed","template":"","meta":{"_bbp_topic_count":0,"_bbp_reply_count":0,"_bbp_total_topic_count":0,"_bbp_total_reply_count":0,"_bbp_voice_count":0,"_bbp_anonymous_reply_count":0,"_bbp_topic_count_hidden":0,"_bbp_reply_count_hidden":0,"_bbp_forum_subforum_count":0,"site-sidebar-layout":"default","site-content-layout":"","ast-site-content-layout":"default","site-content-style":"default","site-sidebar-style":"default","ast-global-header-display":"","ast-banner-title-visibility":"","ast-main-header-display":"","ast-hfb-above-header-display":"","ast-hfb-below-header-display":"","ast-hfb-mobile-header-display":"","site-post-title":"","ast-breadcrumbs-content":"","ast-featured-img":"","footer-sml-layout":"","theme-transparent-header-meta":"default","adv-header-id-meta":"","stick-header-meta":"","header-above-stick-meta":"","header-main-stick-meta":"","header-below-stick-meta":"","astra-migrate-meta-layouts":"set","ast-page-background-enabled":"default","ast-page-background-meta":{"desktop":{"background-color":"var(--ast-global-color-4)","background-image":"","background-repeat":"repeat","background-position":"center center","background-size":"auto","background-attachment":"scroll","background-type":"","background-media":"","overlay-type":"","overlay-color":"","overlay-opacity":"","overlay-gradient":""},"tablet":{"background-color":"","background-image":"","background-repeat":"repeat","background-position":"center center","background-size":"auto","background-attachment":"scroll","background-type":"","background-media":"","overlay-type":"","overlay-color":"","overlay-opacity":"","overlay-gradient":""},"mobile":{"background-color":"","background-image":"","background-repeat":"repeat","background-position":"center center","background-size":"auto","background-attachment":"scroll","background-type":"","background-media":"","overlay-type":"","overlay-color":"","overlay-opacity":"","overlay-gradient":""}},"ast-content-background-meta":{"desktop":{"background-color":"var(--ast-global-color-5)","background-image":"","background-repeat":"repeat","background-position":"center center","background-size":"auto","background-attachment":"scroll","background-type":"","background-media":"","overlay-type":"","overlay-color":"","overlay-opacity":"","overlay-gradient":""},"tablet":{"background-color":"var(--ast-global-color-5)","background-image":"","background-repeat":"repeat","background-position":"center center","background-size":"auto","background-attachment":"scroll","background-type":"","background-media":"","overlay-type":"","overlay-color":"","overlay-opacity":"","overlay-gradient":""},"mobile":{"background-color":"var(--ast-global-color-5)","background-image":"","background-repeat":"repeat","background-position":"center center","background-size":"auto","background-attachment":"scroll","background-type":"","background-media":"","overlay-type":"","overlay-color":"","overlay-opacity":"","overlay-gradient":""}},"footnotes":""},"class_list":["post-46","page","type-page","status-publish","hentry"],"post_mailing_queue_ids":[],"_links":{"self":[{"href":"https:\/\/agora.xtec.cat\/inssalvadorsunyer\/wp-json\/wp\/v2\/pages\/46","targetHints":{"allow":["GET"]}}],"collection":[{"href":"https:\/\/agora.xtec.cat\/inssalvadorsunyer\/wp-json\/wp\/v2\/pages"}],"about":[{"href":"https:\/\/agora.xtec.cat\/inssalvadorsunyer\/wp-json\/wp\/v2\/types\/page"}],"author":[{"embeddable":true,"href":"https:\/\/agora.xtec.cat\/inssalvadorsunyer\/wp-json\/wp\/v2\/users\/1"}],"replies":[{"embeddable":true,"href":"https:\/\/agora.xtec.cat\/inssalvadorsunyer\/wp-json\/wp\/v2\/comments?post=46"}],"version-history":[{"count":5,"href":"https:\/\/agora.xtec.cat\/inssalvadorsunyer\/wp-json\/wp\/v2\/pages\/46\/revisions"}],"predecessor-version":[{"id":15872,"href":"https:\/\/agora.xtec.cat\/inssalvadorsunyer\/wp-json\/wp\/v2\/pages\/46\/revisions\/15872"}],"up":[{"embeddable":true,"href":"https:\/\/agora.xtec.cat\/inssalvadorsunyer\/wp-json\/wp\/v2\/pages\/15892"}],"wp:attachment":[{"href":"https:\/\/agora.xtec.cat\/inssalvadorsunyer\/wp-json\/wp\/v2\/media?parent=46"}],"curies":[{"name":"wp","href":"https:\/\/api.w.org\/{rel}","templated":true}]}}