{"id":27,"date":"2014-09-17T16:24:03","date_gmt":"2014-09-17T16:24:03","guid":{"rendered":"http:\/\/agora.xtec.cat\/inssalvadorsunyer\/?page_id=27"},"modified":"2026-02-23T23:59:48","modified_gmt":"2026-02-23T22:59:48","slug":"historia","status":"publish","type":"page","link":"https:\/\/agora.xtec.cat\/inssalvadorsunyer\/institut\/historia\/","title":{"rendered":"Hist\u00f2ria"},"content":{"rendered":"<p><span style=\"font-weight: 400;\">El centre va n\u00e9ixer com a S.E.S. de Salt el curs 2004-2005. S\u2019inicien les classes amb la instal\u00b7laci\u00f3 de dos m\u00f2duls prefabricats, per atendre alumnat de 1r, 2n i 3r d\u2019ESO, en un descampat a les afores del nucli urb\u00e0 del municipi, al carrer Miquel Mart\u00ed i Pol, entre l\u2019Espai Giron\u00e8s, en aquell moment en construcci\u00f3, i les instal\u00b7lacions esportives.<\/span><\/p>\n<p><span style=\"font-weight: 400;\">Des d\u2019aquells inicis el nostre centre ha anat creixent i millorant, any rere any. Destacar\u00edem dos moments emblem\u00e0tics de la nostra hist\u00f2ria:\u00a0<\/span><\/p>\n<p><span style=\"font-weight: 400;\">El curs 2010-2011, quan el centre deixa d\u2019anomenar-se SES de Salt i\u00a0 passa a ser la S.I. Salvador Sunyer i Aimeric. El mateix ex-alcalde de Salt, Salvador Sunyer, descobrir\u00e0 la placa commemorativa del bateig del centre, que des del 22 de febrer ja s\u2019havia aprovat al ple municipal, com podeu llegir al seg\u00fcent <\/span><a href=\"https:\/\/www.diaridegirona.cat\/girona\/2011\/06\/09\/salt-bateja-linstitut-salvador-sunyer\/493506.htm\"><span style=\"font-weight: 400;\">enlla\u00e7<\/span><\/a><span style=\"font-weight: 400;\"> del Diari de Girona.\u00a0<\/span><\/p>\n<p><span style=\"font-weight: 400;\">El curs 2015-2016, quan el centre fa un pas m\u00e9s i deixa de ser Secci\u00f3 d\u2019Institut per esdevenir Institut de ple perqu\u00e8 ofereix, per primera vegada, estudis postobligatoris, un CFGM d\u2019activats comercials.<\/span><\/p>\n<p><span style=\"font-weight: 400;\">Actualment l\u2019Ins Salvador Sunyer i Aimeric disposa de 8 m\u00f2duls i un pati amb pista de b\u00e0squet, camps de futbol, taules de picnic i altres equipaments espec\u00edfics per atendre uns 300 alumnes, 3 l\u00ednies d\u2019ESO i un CFGM d\u2019Activitats comercials.\u00a0<\/span><\/p>\n<p><span style=\"font-weight: 400;\">El curs 2020-2021 s\u2019inicia el proc\u00e9s participatiu per construir un edifici definitiu pel nostre centre.<\/span><\/p>\n\r\n\t<div class=\"slideshow_container slideshow_container_style-light\" style=\"height: 600px; \" data-slideshow-id=\"10983\" data-style-name=\"style-light\" data-style-version=\"2.3.1\" >\r\n\r\n\t\t\t\t\t<div class=\"slideshow_loading_icon\"><\/div>\r\n\t\t\r\n\t\t<div class=\"slideshow_content\" style=\"display: none;\">\r\n\r\n\t\t\t<div class=\"slideshow_view\">\r\n\t\t\t\t<div class=\"slideshow_slide slideshow_slide_image\">\r\n\t\t\t\t\t\t\t\t\t\t\t<img src=\"https:\/\/agora.xtec.cat\/inssalvadorsunyer\/wp-content\/uploads\/usu1009\/2021\/01\/1Centre-2004-05.jpg\" alt=\"1Centre 2004-05\" width=\"1600\" height=\"1200\" \/>\r\n\t\t\t\t\t\t\t\t\t\t<div class=\"slideshow_description_box slideshow_transparent\">\r\n\t\t\t\t\t\t<div class=\"slideshow_title\">1Centre 2004-05<\/div>\t\t\t\t\t\t\t\t\t\t\t<\/div>\r\n\t\t\t\t<\/div>\r\n\r\n\t\t\t\t\t\t\r\n\t\t\t\t<div class=\"slideshow_slide slideshow_slide_image\">\r\n\t\t\t\t\t\t\t\t\t\t\t<img src=\"https:\/\/agora.xtec.cat\/inssalvadorsunyer\/wp-content\/uploads\/usu1009\/2021\/01\/2Centre-2005-06.jpg\" alt=\"2Centre 2005-06\" width=\"2048\" height=\"1536\" \/>\r\n\t\t\t\t\t\t\t\t\t\t<div class=\"slideshow_description_box slideshow_transparent\">\r\n\t\t\t\t\t\t<div class=\"slideshow_title\">2Centre 2005-06<\/div>\t\t\t\t\t\t\t\t\t\t\t<\/div>\r\n\t\t\t\t<\/div>\r\n\r\n\t\t\t\t\t\t<div style=\"clear: both;\"><\/div><\/div><div class=\"slideshow_view\">\r\n\t\t\t\t<div class=\"slideshow_slide slideshow_slide_image\">\r\n\t\t\t\t\t\t\t\t\t\t\t<img src=\"https:\/\/agora.xtec.cat\/inssalvadorsunyer\/wp-content\/uploads\/usu1009\/2021\/01\/3Centre-2009-10.-v2.jpg\" alt=\"3Centre 2009-10. v2\" width=\"1408\" height=\"1056\" \/>\r\n\t\t\t\t\t\t\t\t\t\t<div class=\"slideshow_description_box slideshow_transparent\">\r\n\t\t\t\t\t\t<div class=\"slideshow_title\">3Centre 2009-10. v2<\/div>\t\t\t\t\t\t\t\t\t\t\t<\/div>\r\n\t\t\t\t<\/div>\r\n\r\n\t\t\t\t\t\t\r\n\t\t\t\t<div class=\"slideshow_slide slideshow_slide_image\">\r\n\t\t\t\t\t\t\t\t\t\t\t<img src=\"https:\/\/agora.xtec.cat\/inssalvadorsunyer\/wp-content\/uploads\/usu1009\/2021\/01\/4Bateig-del-Centre-2010-2011.jpg\" alt=\"4Bateig del Centre 2010-2011\" width=\"646\" height=\"485\" \/>\r\n\t\t\t\t\t\t\t\t\t\t<div class=\"slideshow_description_box slideshow_transparent\">\r\n\t\t\t\t\t\t<div class=\"slideshow_title\">4Bateig del Centre 2010-2011<\/div>\t\t\t\t\t\t\t\t\t\t\t<\/div>\r\n\t\t\t\t<\/div>\r\n\r\n\t\t\t\t\t\t<div style=\"clear: both;\"><\/div><\/div><div class=\"slideshow_view\">\r\n\t\t\t\t<div class=\"slideshow_slide slideshow_slide_image\">\r\n\t\t\t\t\t\t\t\t\t\t\t<img src=\"https:\/\/agora.xtec.cat\/inssalvadorsunyer\/wp-content\/uploads\/usu1009\/2021\/01\/5Barracons-pintats.jpg\" alt=\"5Barracons pintats\" width=\"1912\" height=\"1196\" \/>\r\n\t\t\t\t\t\t\t\t\t\t<div class=\"slideshow_description_box slideshow_transparent\">\r\n\t\t\t\t\t\t<div class=\"slideshow_title\">5Barracons pintats<\/div>\t\t\t\t\t\t\t\t\t\t\t<\/div>\r\n\t\t\t\t<\/div>\r\n\r\n\t\t\t\t\t\t<div style=\"clear: both;\"><\/div><\/div>\r\n\t\t<\/div>\r\n\r\n\t\t<div class=\"slideshow_controlPanel slideshow_transparent\" style=\"display: none;\"><ul><li class=\"slideshow_togglePlay\" data-play-text=\"Visualitza\" data-pause-text=\"Pausa\"><\/li><\/ul><\/div>\r\n\r\n\t\t<div class=\"slideshow_button slideshow_previous slideshow_transparent\" role=\"button\" data-previous-text=\"Anterior\" style=\"display: none;\"><\/div>\r\n\t\t<div class=\"slideshow_button slideshow_next slideshow_transparent\" role=\"button\" data-next-text=\"Seg\u00fcent\" style=\"display: none;\"><\/div>\r\n\r\n\t\t<div class=\"slideshow_pagination\" style=\"display: none;\" data-go-to-text=\"V\u00e9s a la diapositiva\"><div class=\"slideshow_pagination_center\"><\/div><\/div>\r\n\r\n\t\t<!-- WordPress Slideshow Version 2.3.1 -->\r\n\r\n\t\t\t<\/div>\r\n\r\n\n","protected":false},"excerpt":{"rendered":"<p>El centre va n\u00e9ixer com a S.E.S. de Salt el curs 2004-2005. S\u2019inicien les classes amb la instal\u00b7laci\u00f3 de dos m\u00f2duls prefabricats, per atendre alumnat de 1r, 2n i 3r d\u2019ESO, en un descampat a les afores del nucli urb\u00e0 del municipi, al carrer Miquel Mart\u00ed i Pol, entre l\u2019Espai Giron\u00e8s, en aquell moment en [&hellip;]<\/p>\n","protected":false},"author":1,"featured_media":0,"parent":15892,"menu_order":1,"comment_status":"closed","ping_status":"closed","template":"","meta":{"_bbp_topic_count":0,"_bbp_reply_count":0,"_bbp_total_topic_count":0,"_bbp_total_reply_count":0,"_bbp_voice_count":0,"_bbp_anonymous_reply_count":0,"_bbp_topic_count_hidden":0,"_bbp_reply_count_hidden":0,"_bbp_forum_subforum_count":0,"site-sidebar-layout":"default","site-content-layout":"","ast-site-content-layout":"default","site-content-style":"default","site-sidebar-style":"default","ast-global-header-display":"","ast-banner-title-visibility":"","ast-main-header-display":"","ast-hfb-above-header-display":"","ast-hfb-below-header-display":"","ast-hfb-mobile-header-display":"","site-post-title":"","ast-breadcrumbs-content":"","ast-featured-img":"","footer-sml-layout":"","theme-transparent-header-meta":"default","adv-header-id-meta":"","stick-header-meta":"","header-above-stick-meta":"","header-main-stick-meta":"","header-below-stick-meta":"","astra-migrate-meta-layouts":"set","ast-page-background-enabled":"default","ast-page-background-meta":{"desktop":{"background-color":"var(--ast-global-color-4)","background-image":"","background-repeat":"repeat","background-position":"center center","background-size":"auto","background-attachment":"scroll","background-type":"","background-media":"","overlay-type":"","overlay-color":"","overlay-opacity":"","overlay-gradient":""},"tablet":{"background-color":"","background-image":"","background-repeat":"repeat","background-position":"center center","background-size":"auto","background-attachment":"scroll","background-type":"","background-media":"","overlay-type":"","overlay-color":"","overlay-opacity":"","overlay-gradient":""},"mobile":{"background-color":"","background-image":"","background-repeat":"repeat","background-position":"center center","background-size":"auto","background-attachment":"scroll","background-type":"","background-media":"","overlay-type":"","overlay-color":"","overlay-opacity":"","overlay-gradient":""}},"ast-content-background-meta":{"desktop":{"background-color":"var(--ast-global-color-5)","background-image":"","background-repeat":"repeat","background-position":"center center","background-size":"auto","background-attachment":"scroll","background-type":"","background-media":"","overlay-type":"","overlay-color":"","overlay-opacity":"","overlay-gradient":""},"tablet":{"background-color":"var(--ast-global-color-5)","background-image":"","background-repeat":"repeat","background-position":"center center","background-size":"auto","background-attachment":"scroll","background-type":"","background-media":"","overlay-type":"","overlay-color":"","overlay-opacity":"","overlay-gradient":""},"mobile":{"background-color":"var(--ast-global-color-5)","background-image":"","background-repeat":"repeat","background-position":"center center","background-size":"auto","background-attachment":"scroll","background-type":"","background-media":"","overlay-type":"","overlay-color":"","overlay-opacity":"","overlay-gradient":""}},"footnotes":""},"class_list":["post-27","page","type-page","status-publish","hentry"],"post_mailing_queue_ids":[],"_links":{"self":[{"href":"https:\/\/agora.xtec.cat\/inssalvadorsunyer\/wp-json\/wp\/v2\/pages\/27","targetHints":{"allow":["GET"]}}],"collection":[{"href":"https:\/\/agora.xtec.cat\/inssalvadorsunyer\/wp-json\/wp\/v2\/pages"}],"about":[{"href":"https:\/\/agora.xtec.cat\/inssalvadorsunyer\/wp-json\/wp\/v2\/types\/page"}],"author":[{"embeddable":true,"href":"https:\/\/agora.xtec.cat\/inssalvadorsunyer\/wp-json\/wp\/v2\/users\/1"}],"replies":[{"embeddable":true,"href":"https:\/\/agora.xtec.cat\/inssalvadorsunyer\/wp-json\/wp\/v2\/comments?post=27"}],"version-history":[{"count":3,"href":"https:\/\/agora.xtec.cat\/inssalvadorsunyer\/wp-json\/wp\/v2\/pages\/27\/revisions"}],"predecessor-version":[{"id":10990,"href":"https:\/\/agora.xtec.cat\/inssalvadorsunyer\/wp-json\/wp\/v2\/pages\/27\/revisions\/10990"}],"up":[{"embeddable":true,"href":"https:\/\/agora.xtec.cat\/inssalvadorsunyer\/wp-json\/wp\/v2\/pages\/15892"}],"wp:attachment":[{"href":"https:\/\/agora.xtec.cat\/inssalvadorsunyer\/wp-json\/wp\/v2\/media?parent=27"}],"curies":[{"name":"wp","href":"https:\/\/api.w.org\/{rel}","templated":true}]}}

Història

<p><span style="font-weight: 400;">El centre va néixer com a S.E.S. de Salt el curs 2004-2005. S’inicien les classes amb la instal·lació de dos mòduls prefabricats, per atendre alumnat de 1r, 2n i 3r d’ESO, en un descampat a les afores del nucli urbà del municipi, al carrer Miquel Martí i Pol, entre l’Espai Gironès, en aquell moment en construcció, i les instal·lacions esportives.</span></p>
<p><span style="font-weight: 400;">Des d’aquells inicis el nostre centre ha anat creixent i millorant, any rere any. Destacaríem dos moments emblemàtics de la nostra història: </span></p>
<p><span style="font-weight: 400;">El curs 2010-2011, quan el centre deixa d’anomenar-se SES de Salt i  passa a ser la S.I. Salvador Sunyer i Aimeric. El mateix ex-alcalde de Salt, Salvador Sunyer, descobrirà la placa commemorativa del bateig del centre, que des del 22 de febrer ja s’havia aprovat al ple municipal, com podeu llegir al següent </span><a href="https://www.diaridegirona.cat/girona/2011/06/09/salt-bateja-linstitut-salvador-sunyer/493506.htm"><span style="font-weight: 400;">enllaç</span></a><span style="font-weight: 400;"> del Diari de Girona. </span></p>
<p><span style="font-weight: 400;">El curs 2015-2016, quan el centre fa un pas més i deixa de ser Secció d’Institut per esdevenir Institut de ple perquè ofereix, per primera vegada, estudis postobligatoris, un CFGM d’activats comercials.</span></p>
<p><span style="font-weight: 400;">Actualment l’Ins Salvador Sunyer i Aimeric disposa de 8 mòduls i un pati amb pista de bàsquet, camps de futbol, taules de picnic i altres equipaments específics per atendre uns 300 alumnes, 3 línies d’ESO i un CFGM d’Activitats comercials. </span></p>
<p><span style="font-weight: 400;">El curs 2020-2021 s’inicia el procés participatiu per construir un edifici definitiu pel nostre centre.</span></p>

	<div class="slideshow_container slideshow_container_style-light" style="height: 600px; " data-slideshow-id="10983" data-style-name="style-light" data-style-version="2.3.1" >

					<div class="slideshow_loading_icon"></div>
		
		<div class="slideshow_content" style="display: none;">

			<div class="slideshow_view">
				<div class="slideshow_slide slideshow_slide_image">
											<img src="https://agora.xtec.cat/inssalvadorsunyer/wp-content/uploads/usu1009/2021/01/1Centre-2004-05.jpg" alt="1Centre 2004-05" width="1600" height="1200" />
										<div class="slideshow_description_box slideshow_transparent">
						<div class="slideshow_title">1Centre 2004-05</div>											</div>
				</div>

						
				<div class="slideshow_slide slideshow_slide_image">
											<img src="https://agora.xtec.cat/inssalvadorsunyer/wp-content/uploads/usu1009/2021/01/2Centre-2005-06.jpg" alt="2Centre 2005-06" width="2048" height="1536" />
										<div class="slideshow_description_box slideshow_transparent">
						<div class="slideshow_title">2Centre 2005-06</div>											</div>
				</div>

						<div style="clear: both;"></div></div><div class="slideshow_view">
				<div class="slideshow_slide slideshow_slide_image">
											<img src="https://agora.xtec.cat/inssalvadorsunyer/wp-content/uploads/usu1009/2021/01/3Centre-2009-10.-v2.jpg" alt="3Centre 2009-10. v2" width="1408" height="1056" />
										<div class="slideshow_description_box slideshow_transparent">
						<div class="slideshow_title">3Centre 2009-10. v2</div>											</div>
				</div>

						
				<div class="slideshow_slide slideshow_slide_image">
											<img src="https://agora.xtec.cat/inssalvadorsunyer/wp-content/uploads/usu1009/2021/01/4Bateig-del-Centre-2010-2011.jpg" alt="4Bateig del Centre 2010-2011" width="646" height="485" />
										<div class="slideshow_description_box slideshow_transparent">
						<div class="slideshow_title">4Bateig del Centre 2010-2011</div>											</div>
				</div>

						<div style="clear: both;"></div></div><div class="slideshow_view">
				<div class="slideshow_slide slideshow_slide_image">
											<img src="https://agora.xtec.cat/inssalvadorsunyer/wp-content/uploads/usu1009/2021/01/5Barracons-pintats.jpg" alt="5Barracons pintats" width="1912" height="1196" />
										<div class="slideshow_description_box slideshow_transparent">
						<div class="slideshow_title">5Barracons pintats</div>											</div>
				</div>

						<div style="clear: both;"></div></div>
		</div>

		<div class="slideshow_controlPanel slideshow_transparent" style="display: none;"><ul><li class="slideshow_togglePlay" data-play-text="Visualitza" data-pause-text="Pausa"></li></ul></div>

		<div class="slideshow_button slideshow_previous slideshow_transparent" role="button" data-previous-text="Anterior" style="display: none;"></div>
		<div class="slideshow_button slideshow_next slideshow_transparent" role="button" data-next-text="Següent" style="display: none;"></div>

		<div class="slideshow_pagination" style="display: none;" data-go-to-text="Vés a la diapositiva"><div class="slideshow_pagination_center"></div></div>

		<!-- WordPress Slideshow Version 2.3.1 -->

			</div>

<p>El centre va néixer com a S.E.S. de Salt el curs 2004-2005. S’inicien les classes amb la instal·lació de dos mòduls prefabricats, per atendre alumnat de 1r, 2n i 3r d’ESO, en un descampat a les afores del nucli urbà del municipi, al carrer Miquel Martí i Pol, entre l’Espai Gironès, en aquell moment en [&hellip;]</p>
