{"id":15171,"date":"2023-11-20T16:08:25","date_gmt":"2023-11-20T15:08:25","guid":{"rendered":"https:\/\/agora.xtec.cat\/inssalvadorsunyer\/?page_id=15171"},"modified":"2026-02-24T00:09:52","modified_gmt":"2026-02-23T23:09:52","slug":"proa","status":"publish","type":"page","link":"https:\/\/agora.xtec.cat\/inssalvadorsunyer\/programes\/proa\/","title":{"rendered":"PROA+"},"content":{"rendered":"<p>El Salvador Sunyer participa\u00a0 en el nou Programa per a l\u2019Orientaci\u00f3, Avan\u00e7 i Enriquiment Educatiu PROA+ 22-24. Aquest programa pret\u00e9n millorar l\u2019\u00e8xit escolar i garantir la perman\u00e8ncia de l\u2019alumnat en aquells centres sostinguts amb fons p\u00fablics on es concentra un percentatge elevat d\u2019alumnes en clara situaci\u00f3 de vulnerabilitat socioeducativa. T\u00e9 com a finalitat donar suport a l\u2019\u00e8xit educatiu de l\u2019alumnat, especialment del vulnerable, mitjan\u00e7ant l\u2019aportaci\u00f3 de recursos i formaci\u00f3 als centres amb m\u00e9s dificultats. <a href=\"https:\/\/agora.xtec.cat\/inssalvadorsunyer\/wp-content\/uploads\/usu1009\/2023\/11\/image1.png\"><img loading=\"lazy\" decoding=\"async\" class=\"alignnone size-large wp-image-15175\" src=\"https:\/\/agora.xtec.cat\/inssalvadorsunyer\/wp-content\/uploads\/usu1009\/2023\/11\/image1-1024x280.png\" alt=\"\" width=\"1024\" height=\"280\" srcset=\"https:\/\/agora.xtec.cat\/inssalvadorsunyer\/wp-content\/uploads\/usu1009\/2023\/11\/image1-1024x280.png 1024w, https:\/\/agora.xtec.cat\/inssalvadorsunyer\/wp-content\/uploads\/usu1009\/2023\/11\/image1-300x82.png 300w, https:\/\/agora.xtec.cat\/inssalvadorsunyer\/wp-content\/uploads\/usu1009\/2023\/11\/image1-768x210.png 768w, https:\/\/agora.xtec.cat\/inssalvadorsunyer\/wp-content\/uploads\/usu1009\/2023\/11\/image1-1536x419.png 1536w, https:\/\/agora.xtec.cat\/inssalvadorsunyer\/wp-content\/uploads\/usu1009\/2023\/11\/image1.png 2048w\" sizes=\"auto, (max-width: 1024px) 100vw, 1024px\" \/><\/a><\/p>\n","protected":false},"excerpt":{"rendered":"<p>El Salvador Sunyer participa\u00a0 en el nou Programa per a l\u2019Orientaci\u00f3, Avan\u00e7 i Enriquiment Educatiu PROA+ 22-24. Aquest programa pret\u00e9n millorar l\u2019\u00e8xit escolar i garantir la perman\u00e8ncia de l\u2019alumnat en aquells centres sostinguts amb fons p\u00fablics on es concentra un percentatge elevat d\u2019alumnes en clara situaci\u00f3 de vulnerabilitat socioeducativa. T\u00e9 com a finalitat donar suport [&hellip;]<\/p>\n","protected":false},"author":1,"featured_media":0,"parent":15070,"menu_order":1,"comment_status":"closed","ping_status":"closed","template":"","meta":{"_bbp_topic_count":0,"_bbp_reply_count":0,"_bbp_total_topic_count":0,"_bbp_total_reply_count":0,"_bbp_voice_count":0,"_bbp_anonymous_reply_count":0,"_bbp_topic_count_hidden":0,"_bbp_reply_count_hidden":0,"_bbp_forum_subforum_count":0,"site-sidebar-layout":"default","site-content-layout":"","ast-site-content-layout":"","site-content-style":"default","site-sidebar-style":"default","ast-global-header-display":"","ast-banner-title-visibility":"","ast-main-header-display":"","ast-hfb-above-header-display":"","ast-hfb-below-header-display":"","ast-hfb-mobile-header-display":"","site-post-title":"","ast-breadcrumbs-content":"","ast-featured-img":"","footer-sml-layout":"","theme-transparent-header-meta":"","adv-header-id-meta":"","stick-header-meta":"","header-above-stick-meta":"","header-main-stick-meta":"","header-below-stick-meta":"","astra-migrate-meta-layouts":"default","ast-page-background-enabled":"default","ast-page-background-meta":{"desktop":{"background-color":"var(--ast-global-color-4)","background-image":"","background-repeat":"repeat","background-position":"center center","background-size":"auto","background-attachment":"scroll","background-type":"","background-media":"","overlay-type":"","overlay-color":"","overlay-opacity":"","overlay-gradient":""},"tablet":{"background-color":"","background-image":"","background-repeat":"repeat","background-position":"center center","background-size":"auto","background-attachment":"scroll","background-type":"","background-media":"","overlay-type":"","overlay-color":"","overlay-opacity":"","overlay-gradient":""},"mobile":{"background-color":"","background-image":"","background-repeat":"repeat","background-position":"center center","background-size":"auto","background-attachment":"scroll","background-type":"","background-media":"","overlay-type":"","overlay-color":"","overlay-opacity":"","overlay-gradient":""}},"ast-content-background-meta":{"desktop":{"background-color":"var(--ast-global-color-5)","background-image":"","background-repeat":"repeat","background-position":"center center","background-size":"auto","background-attachment":"scroll","background-type":"","background-media":"","overlay-type":"","overlay-color":"","overlay-opacity":"","overlay-gradient":""},"tablet":{"background-color":"var(--ast-global-color-5)","background-image":"","background-repeat":"repeat","background-position":"center center","background-size":"auto","background-attachment":"scroll","background-type":"","background-media":"","overlay-type":"","overlay-color":"","overlay-opacity":"","overlay-gradient":""},"mobile":{"background-color":"var(--ast-global-color-5)","background-image":"","background-repeat":"repeat","background-position":"center center","background-size":"auto","background-attachment":"scroll","background-type":"","background-media":"","overlay-type":"","overlay-color":"","overlay-opacity":"","overlay-gradient":""}},"footnotes":""},"class_list":["post-15171","page","type-page","status-publish","hentry"],"post_mailing_queue_ids":[],"_links":{"self":[{"href":"https:\/\/agora.xtec.cat\/inssalvadorsunyer\/wp-json\/wp\/v2\/pages\/15171","targetHints":{"allow":["GET"]}}],"collection":[{"href":"https:\/\/agora.xtec.cat\/inssalvadorsunyer\/wp-json\/wp\/v2\/pages"}],"about":[{"href":"https:\/\/agora.xtec.cat\/inssalvadorsunyer\/wp-json\/wp\/v2\/types\/page"}],"author":[{"embeddable":true,"href":"https:\/\/agora.xtec.cat\/inssalvadorsunyer\/wp-json\/wp\/v2\/users\/1"}],"replies":[{"embeddable":true,"href":"https:\/\/agora.xtec.cat\/inssalvadorsunyer\/wp-json\/wp\/v2\/comments?post=15171"}],"version-history":[{"count":2,"href":"https:\/\/agora.xtec.cat\/inssalvadorsunyer\/wp-json\/wp\/v2\/pages\/15171\/revisions"}],"predecessor-version":[{"id":15176,"href":"https:\/\/agora.xtec.cat\/inssalvadorsunyer\/wp-json\/wp\/v2\/pages\/15171\/revisions\/15176"}],"up":[{"embeddable":true,"href":"https:\/\/agora.xtec.cat\/inssalvadorsunyer\/wp-json\/wp\/v2\/pages\/15070"}],"wp:attachment":[{"href":"https:\/\/agora.xtec.cat\/inssalvadorsunyer\/wp-json\/wp\/v2\/media?parent=15171"}],"curies":[{"name":"wp","href":"https:\/\/api.w.org\/{rel}","templated":true}]}}

<p>El Salvador Sunyer participa  en el nou Programa per a l’Orientació, Avanç i Enriquiment Educatiu PROA+ 22-24. Aquest programa pretén millorar l’èxit escolar i garantir la permanència de l’alumnat en aquells centres sostinguts amb fons públics on es concentra un percentatge elevat d’alumnes en clara situació de vulnerabilitat socioeducativa. Té com a finalitat donar suport a l’èxit educatiu de l’alumnat, especialment del vulnerable, mitjançant l’aportació de recursos i formació als centres amb més dificultats. <a href="https://agora.xtec.cat/inssalvadorsunyer/wp-content/uploads/usu1009/2023/11/image1.png"><img loading="lazy" decoding="async" class="alignnone size-large wp-image-15175" src="https://agora.xtec.cat/inssalvadorsunyer/wp-content/uploads/usu1009/2023/11/image1-1024x280.png" alt="" width="1024" height="280" srcset="https://agora.xtec.cat/inssalvadorsunyer/wp-content/uploads/usu1009/2023/11/image1-1024x280.png 1024w, https://agora.xtec.cat/inssalvadorsunyer/wp-content/uploads/usu1009/2023/11/image1-300x82.png 300w, https://agora.xtec.cat/inssalvadorsunyer/wp-content/uploads/usu1009/2023/11/image1-768x210.png 768w, https://agora.xtec.cat/inssalvadorsunyer/wp-content/uploads/usu1009/2023/11/image1-1536x419.png 1536w, https://agora.xtec.cat/inssalvadorsunyer/wp-content/uploads/usu1009/2023/11/image1.png 2048w" sizes="auto, (max-width: 1024px) 100vw, 1024px" /></a></p>

<p>El Salvador Sunyer participa  en el nou Programa per a l’Orientació, Avanç i Enriquiment Educatiu PROA+ 22-24. Aquest programa pretén millorar l’èxit escolar i garantir la permanència de l’alumnat en aquells centres sostinguts amb fons públics on es concentra un percentatge elevat d’alumnes en clara situació de vulnerabilitat socioeducativa. Té com a finalitat donar suport [&hellip;]</p>
