{"id":15073,"date":"2023-11-16T12:20:14","date_gmt":"2023-11-16T11:20:14","guid":{"rendered":"https:\/\/agora.xtec.cat\/inssalvadorsunyer\/?page_id=15073"},"modified":"2023-11-17T09:13:39","modified_gmt":"2023-11-17T08:13:39","slug":"resum-del-projecte-de-laccio","status":"publish","type":"page","link":"https:\/\/agora.xtec.cat\/inssalvadorsunyer\/resum-del-projecte-de-laccio\/","title":{"rendered":"Resum del projecte"},"content":{"rendered":"<p><span style=\"font-weight: 400;\">L\u2019alumnat de 3\u00ba d\u2019ESO realitza el projecte <\/span><b>\u00a0<\/b><b><i>Fem un SALT m\u00e9s inclusiu<\/i><\/b><b>.<\/b><span style=\"font-weight: 400;\"> L\u2019eix del projecte \u00e9s <\/span><b>la inclusi\u00f3<\/b><span style=\"font-weight: 400;\">. L\u2019alumnat entra en contacte amb els conceptes i la realitat de la discapacitat, de les barreres arquitect\u00f2niques, culturals, esportives i de lleure que tenen les persones amb discapacitat. Despr\u00e9s d\u2019aquest aprenentatge, l\u2019alumnat passa a l\u2019acci\u00f3 intentant fer m\u00e9s accessible la vila de Salt i participant en la normalitzaci\u00f3 de l\u2019esport, el lleure i la cultura per a totes les persones, tinguin o no alguna discapacitat.\u00a0 L\u2019alumnat realitza diferents accions per aconseguir aquests objectius. Entre tots elaboren un<\/span><b> informe sobre l\u2019accessibilitat de Salt <\/b><span style=\"font-weight: 400;\">i el presenten a l\u2019Ajuntament per tal que aquest faci les millores destinades a garantir l\u2019accessibilitat. Tamb\u00e9 <\/span><b>creen jocs, elaboren v\u00eddeo-contes inclusius<\/b><span style=\"font-weight: 400;\"> i participen en<\/span><b> l\u2019organitzaci\u00f3 i gesti\u00f3 d\u2019una cursa inclusiva<\/b><span style=\"font-weight: 400;\">. Aix\u00f2 \u00e9s possible gr\u00e0cies al treball amb les entitats MULTICAPACITATS, Fundaci\u00f3n Atenea i amb l\u2019escola per a sords La Ma\u00e7ana.<\/span><\/p>\n<p><a href=\"https:\/\/drive.google.com\/file\/d\/1t-a2G9fCedyD89Fd3i-bmPQIQ9hzIJ8C\/view?usp=sharing\">Projecte<\/a><\/p>\n<p>&nbsp;<\/p>\n<p><a href=\"https:\/\/agora.xtec.cat\/inssalvadorsunyer\/wp-content\/uploads\/usu1009\/2023\/11\/logo_erasmus-e1700133825632.jpg\"><img loading=\"lazy\" decoding=\"async\" class=\"alignnone wp-image-15069\" src=\"https:\/\/agora.xtec.cat\/inssalvadorsunyer\/wp-content\/uploads\/usu1009\/2023\/11\/logo_erasmus-e1700133825632-300x255.jpg\" alt=\"\" width=\"83\" height=\"71\" srcset=\"https:\/\/agora.xtec.cat\/inssalvadorsunyer\/wp-content\/uploads\/usu1009\/2023\/11\/logo_erasmus-e1700133825632-300x255.jpg 300w, https:\/\/agora.xtec.cat\/inssalvadorsunyer\/wp-content\/uploads\/usu1009\/2023\/11\/logo_erasmus-e1700133825632.jpg 424w\" sizes=\"auto, (max-width: 83px) 100vw, 83px\" \/><\/a><a href=\"https:\/\/agora.xtec.cat\/inssalvadorsunyer\/wp-content\/uploads\/usu1009\/2023\/11\/lo-co-funded.png\"><img loading=\"lazy\" decoding=\"async\" class=\"alignnone wp-image-15112\" src=\"https:\/\/agora.xtec.cat\/inssalvadorsunyer\/wp-content\/uploads\/usu1009\/2023\/11\/lo-co-funded-300x127.png\" alt=\"\" width=\"158\" height=\"67\" srcset=\"https:\/\/agora.xtec.cat\/inssalvadorsunyer\/wp-content\/uploads\/usu1009\/2023\/11\/lo-co-funded-300x127.png 300w, https:\/\/agora.xtec.cat\/inssalvadorsunyer\/wp-content\/uploads\/usu1009\/2023\/11\/lo-co-funded.png 344w\" sizes=\"auto, (max-width: 158px) 100vw, 158px\" \/><\/a><a href=\"http:\/\/www.sepie.es\/\"><img loading=\"lazy\" decoding=\"async\" class=\"alignnone wp-image-15113\" src=\"https:\/\/agora.xtec.cat\/inssalvadorsunyer\/wp-content\/uploads\/usu1009\/2023\/11\/sepie-300x111.jpg\" alt=\"\" width=\"187\" height=\"69\" srcset=\"https:\/\/agora.xtec.cat\/inssalvadorsunyer\/wp-content\/uploads\/usu1009\/2023\/11\/sepie-300x111.jpg 300w, https:\/\/agora.xtec.cat\/inssalvadorsunyer\/wp-content\/uploads\/usu1009\/2023\/11\/sepie.jpg 369w\" sizes=\"auto, (max-width: 187px) 100vw, 187px\" \/><\/a>\u00a0 <a href=\"https:\/\/agora.xtec.cat\/inssalvadorsunyer\/wp-content\/uploads\/usu1009\/2023\/11\/logo-departament.png\"><img loading=\"lazy\" decoding=\"async\" class=\"alignnone wp-image-15114\" src=\"https:\/\/agora.xtec.cat\/inssalvadorsunyer\/wp-content\/uploads\/usu1009\/2023\/11\/logo-departament-300x48.png\" alt=\"\" width=\"263\" height=\"42\" srcset=\"https:\/\/agora.xtec.cat\/inssalvadorsunyer\/wp-content\/uploads\/usu1009\/2023\/11\/logo-departament-300x48.png 300w, https:\/\/agora.xtec.cat\/inssalvadorsunyer\/wp-content\/uploads\/usu1009\/2023\/11\/logo-departament.png 562w\" sizes=\"auto, (max-width: 263px) 100vw, 263px\" \/><\/a>\u00a0 <a href=\"https:\/\/agora.xtec.cat\/inssalvadorsunyer\/wp-content\/uploads\/usu1009\/2023\/11\/LOGO-CETE.png\"><img loading=\"lazy\" decoding=\"async\" class=\"alignnone wp-image-15068\" src=\"https:\/\/agora.xtec.cat\/inssalvadorsunyer\/wp-content\/uploads\/usu1009\/2023\/11\/LOGO-CETE.png\" alt=\"\" width=\"70\" height=\"70\" srcset=\"https:\/\/agora.xtec.cat\/inssalvadorsunyer\/wp-content\/uploads\/usu1009\/2023\/11\/LOGO-CETE.png 224w, https:\/\/agora.xtec.cat\/inssalvadorsunyer\/wp-content\/uploads\/usu1009\/2023\/11\/LOGO-CETE-150x150.png 150w\" sizes=\"auto, (max-width: 70px) 100vw, 70px\" \/> \u00a0<\/a><a href=\"https:\/\/agora.xtec.cat\/inssalvadorsunyer\/wp-content\/uploads\/usu1009\/2023\/11\/institut-sunyer-logo-2.png\"><img loading=\"lazy\" decoding=\"async\" class=\"alignnone wp-image-15115\" src=\"https:\/\/agora.xtec.cat\/inssalvadorsunyer\/wp-content\/uploads\/usu1009\/2023\/11\/institut-sunyer-logo-2-300x189.png\" alt=\"\" width=\"109\" height=\"69\" srcset=\"https:\/\/agora.xtec.cat\/inssalvadorsunyer\/wp-content\/uploads\/usu1009\/2023\/11\/institut-sunyer-logo-2-300x189.png 300w, https:\/\/agora.xtec.cat\/inssalvadorsunyer\/wp-content\/uploads\/usu1009\/2023\/11\/institut-sunyer-logo-2-768x483.png 768w, https:\/\/agora.xtec.cat\/inssalvadorsunyer\/wp-content\/uploads\/usu1009\/2023\/11\/institut-sunyer-logo-2.png 866w\" sizes=\"auto, (max-width: 109px) 100vw, 109px\" \/><\/a><\/p>\n<p>&nbsp;<\/p>\n<p style=\"text-align: center;\">El proyecto &#8220;Jobshadowing Ins Salvador Sunyer -Lyc\u00e9e Nadar&#8221; est\u00e1 cofinanciado por el programa Erasmus+ de la Uni\u00f3n Europea. El contenido de esta publicaci\u00f3n es responsabilidad exclusiva del Institut Salvador Sunyer i Aimeric y ni la Comisi\u00f3n Europea, ni el Servicio Espa\u00f1ol para la Internacionalizaci\u00f3n de la Educaci\u00f3n (SEPIE) son responsables del uso que pueda hacerse de la informaci\u00f3n aqu\u00ed difundida.<\/p>\n","protected":false},"excerpt":{"rendered":"<p>L\u2019alumnat de 3\u00ba d\u2019ESO realitza el projecte \u00a0Fem un SALT m\u00e9s inclusiu. L\u2019eix del projecte \u00e9s la inclusi\u00f3. L\u2019alumnat entra en contacte amb els conceptes i la realitat de la discapacitat, de les barreres arquitect\u00f2niques, culturals, esportives i de lleure que tenen les persones amb discapacitat. Despr\u00e9s d\u2019aquest aprenentatge, l\u2019alumnat passa a l\u2019acci\u00f3 intentant fer [&hellip;]<\/p>\n","protected":false},"author":1,"featured_media":0,"parent":0,"menu_order":0,"comment_status":"closed","ping_status":"closed","template":"","meta":{"_bbp_topic_count":0,"_bbp_reply_count":0,"_bbp_total_topic_count":0,"_bbp_total_reply_count":0,"_bbp_voice_count":0,"_bbp_anonymous_reply_count":0,"_bbp_topic_count_hidden":0,"_bbp_reply_count_hidden":0,"_bbp_forum_subforum_count":0,"site-sidebar-layout":"default","site-content-layout":"","ast-site-content-layout":"","site-content-style":"default","site-sidebar-style":"default","ast-global-header-display":"","ast-banner-title-visibility":"","ast-main-header-display":"","ast-hfb-above-header-display":"","ast-hfb-below-header-display":"","ast-hfb-mobile-header-display":"","site-post-title":"","ast-breadcrumbs-content":"","ast-featured-img":"","footer-sml-layout":"","theme-transparent-header-meta":"","adv-header-id-meta":"","stick-header-meta":"","header-above-stick-meta":"","header-main-stick-meta":"","header-below-stick-meta":"","astra-migrate-meta-layouts":"default","ast-page-background-enabled":"default","ast-page-background-meta":{"desktop":{"background-color":"var(--ast-global-color-4)","background-image":"","background-repeat":"repeat","background-position":"center center","background-size":"auto","background-attachment":"scroll","background-type":"","background-media":"","overlay-type":"","overlay-color":"","overlay-opacity":"","overlay-gradient":""},"tablet":{"background-color":"","background-image":"","background-repeat":"repeat","background-position":"center center","background-size":"auto","background-attachment":"scroll","background-type":"","background-media":"","overlay-type":"","overlay-color":"","overlay-opacity":"","overlay-gradient":""},"mobile":{"background-color":"","background-image":"","background-repeat":"repeat","background-position":"center center","background-size":"auto","background-attachment":"scroll","background-type":"","background-media":"","overlay-type":"","overlay-color":"","overlay-opacity":"","overlay-gradient":""}},"ast-content-background-meta":{"desktop":{"background-color":"var(--ast-global-color-5)","background-image":"","background-repeat":"repeat","background-position":"center center","background-size":"auto","background-attachment":"scroll","background-type":"","background-media":"","overlay-type":"","overlay-color":"","overlay-opacity":"","overlay-gradient":""},"tablet":{"background-color":"var(--ast-global-color-5)","background-image":"","background-repeat":"repeat","background-position":"center center","background-size":"auto","background-attachment":"scroll","background-type":"","background-media":"","overlay-type":"","overlay-color":"","overlay-opacity":"","overlay-gradient":""},"mobile":{"background-color":"var(--ast-global-color-5)","background-image":"","background-repeat":"repeat","background-position":"center center","background-size":"auto","background-attachment":"scroll","background-type":"","background-media":"","overlay-type":"","overlay-color":"","overlay-opacity":"","overlay-gradient":""}},"footnotes":""},"class_list":["post-15073","page","type-page","status-publish","hentry"],"post_mailing_queue_ids":[],"_links":{"self":[{"href":"https:\/\/agora.xtec.cat\/inssalvadorsunyer\/wp-json\/wp\/v2\/pages\/15073","targetHints":{"allow":["GET"]}}],"collection":[{"href":"https:\/\/agora.xtec.cat\/inssalvadorsunyer\/wp-json\/wp\/v2\/pages"}],"about":[{"href":"https:\/\/agora.xtec.cat\/inssalvadorsunyer\/wp-json\/wp\/v2\/types\/page"}],"author":[{"embeddable":true,"href":"https:\/\/agora.xtec.cat\/inssalvadorsunyer\/wp-json\/wp\/v2\/users\/1"}],"replies":[{"embeddable":true,"href":"https:\/\/agora.xtec.cat\/inssalvadorsunyer\/wp-json\/wp\/v2\/comments?post=15073"}],"version-history":[{"count":5,"href":"https:\/\/agora.xtec.cat\/inssalvadorsunyer\/wp-json\/wp\/v2\/pages\/15073\/revisions"}],"predecessor-version":[{"id":15149,"href":"https:\/\/agora.xtec.cat\/inssalvadorsunyer\/wp-json\/wp\/v2\/pages\/15073\/revisions\/15149"}],"wp:attachment":[{"href":"https:\/\/agora.xtec.cat\/inssalvadorsunyer\/wp-json\/wp\/v2\/media?parent=15073"}],"curies":[{"name":"wp","href":"https:\/\/api.w.org\/{rel}","templated":true}]}}

<p><span style="font-weight: 400;">L’alumnat de 3º d’ESO realitza el projecte </span><b> </b><b><i>Fem un SALT més inclusiu</i></b><b>.</b><span style="font-weight: 400;"> L’eix del projecte és </span><b>la inclusió</b><span style="font-weight: 400;">. L’alumnat entra en contacte amb els conceptes i la realitat de la discapacitat, de les barreres arquitectòniques, culturals, esportives i de lleure que tenen les persones amb discapacitat. Després d’aquest aprenentatge, l’alumnat passa a l’acció intentant fer més accessible la vila de Salt i participant en la normalització de l’esport, el lleure i la cultura per a totes les persones, tinguin o no alguna discapacitat.  L’alumnat realitza diferents accions per aconseguir aquests objectius. Entre tots elaboren un</span><b> informe sobre l’accessibilitat de Salt </b><span style="font-weight: 400;">i el presenten a l’Ajuntament per tal que aquest faci les millores destinades a garantir l’accessibilitat. També </span><b>creen jocs, elaboren vídeo-contes inclusius</b><span style="font-weight: 400;"> i participen en</span><b> l’organització i gestió d’una cursa inclusiva</b><span style="font-weight: 400;">. Això és possible gràcies al treball amb les entitats MULTICAPACITATS, Fundación Atenea i amb l’escola per a sords La Maçana.</span></p>
<p><a href="https://drive.google.com/file/d/1t-a2G9fCedyD89Fd3i-bmPQIQ9hzIJ8C/view?usp=sharing">Projecte</a></p>
<p>&nbsp;</p>
<p><a href="https://agora.xtec.cat/inssalvadorsunyer/wp-content/uploads/usu1009/2023/11/logo_erasmus-e1700133825632.jpg"><img loading="lazy" decoding="async" class="alignnone wp-image-15069" src="https://agora.xtec.cat/inssalvadorsunyer/wp-content/uploads/usu1009/2023/11/logo_erasmus-e1700133825632-300x255.jpg" alt="" width="83" height="71" srcset="https://agora.xtec.cat/inssalvadorsunyer/wp-content/uploads/usu1009/2023/11/logo_erasmus-e1700133825632-300x255.jpg 300w, https://agora.xtec.cat/inssalvadorsunyer/wp-content/uploads/usu1009/2023/11/logo_erasmus-e1700133825632.jpg 424w" sizes="auto, (max-width: 83px) 100vw, 83px" /></a><a href="https://agora.xtec.cat/inssalvadorsunyer/wp-content/uploads/usu1009/2023/11/lo-co-funded.png"><img loading="lazy" decoding="async" class="alignnone wp-image-15112" src="https://agora.xtec.cat/inssalvadorsunyer/wp-content/uploads/usu1009/2023/11/lo-co-funded-300x127.png" alt="" width="158" height="67" srcset="https://agora.xtec.cat/inssalvadorsunyer/wp-content/uploads/usu1009/2023/11/lo-co-funded-300x127.png 300w, https://agora.xtec.cat/inssalvadorsunyer/wp-content/uploads/usu1009/2023/11/lo-co-funded.png 344w" sizes="auto, (max-width: 158px) 100vw, 158px" /></a><a href="http://www.sepie.es/"><img loading="lazy" decoding="async" class="alignnone wp-image-15113" src="https://agora.xtec.cat/inssalvadorsunyer/wp-content/uploads/usu1009/2023/11/sepie-300x111.jpg" alt="" width="187" height="69" srcset="https://agora.xtec.cat/inssalvadorsunyer/wp-content/uploads/usu1009/2023/11/sepie-300x111.jpg 300w, https://agora.xtec.cat/inssalvadorsunyer/wp-content/uploads/usu1009/2023/11/sepie.jpg 369w" sizes="auto, (max-width: 187px) 100vw, 187px" /></a>  <a href="https://agora.xtec.cat/inssalvadorsunyer/wp-content/uploads/usu1009/2023/11/logo-departament.png"><img loading="lazy" decoding="async" class="alignnone wp-image-15114" src="https://agora.xtec.cat/inssalvadorsunyer/wp-content/uploads/usu1009/2023/11/logo-departament-300x48.png" alt="" width="263" height="42" srcset="https://agora.xtec.cat/inssalvadorsunyer/wp-content/uploads/usu1009/2023/11/logo-departament-300x48.png 300w, https://agora.xtec.cat/inssalvadorsunyer/wp-content/uploads/usu1009/2023/11/logo-departament.png 562w" sizes="auto, (max-width: 263px) 100vw, 263px" /></a>  <a href="https://agora.xtec.cat/inssalvadorsunyer/wp-content/uploads/usu1009/2023/11/LOGO-CETE.png"><img loading="lazy" decoding="async" class="alignnone wp-image-15068" src="https://agora.xtec.cat/inssalvadorsunyer/wp-content/uploads/usu1009/2023/11/LOGO-CETE.png" alt="" width="70" height="70" srcset="https://agora.xtec.cat/inssalvadorsunyer/wp-content/uploads/usu1009/2023/11/LOGO-CETE.png 224w, https://agora.xtec.cat/inssalvadorsunyer/wp-content/uploads/usu1009/2023/11/LOGO-CETE-150x150.png 150w" sizes="auto, (max-width: 70px) 100vw, 70px" />  </a><a href="https://agora.xtec.cat/inssalvadorsunyer/wp-content/uploads/usu1009/2023/11/institut-sunyer-logo-2.png"><img loading="lazy" decoding="async" class="alignnone wp-image-15115" src="https://agora.xtec.cat/inssalvadorsunyer/wp-content/uploads/usu1009/2023/11/institut-sunyer-logo-2-300x189.png" alt="" width="109" height="69" srcset="https://agora.xtec.cat/inssalvadorsunyer/wp-content/uploads/usu1009/2023/11/institut-sunyer-logo-2-300x189.png 300w, https://agora.xtec.cat/inssalvadorsunyer/wp-content/uploads/usu1009/2023/11/institut-sunyer-logo-2-768x483.png 768w, https://agora.xtec.cat/inssalvadorsunyer/wp-content/uploads/usu1009/2023/11/institut-sunyer-logo-2.png 866w" sizes="auto, (max-width: 109px) 100vw, 109px" /></a></p>
<p>&nbsp;</p>
<p style="text-align: center;">El proyecto &#8220;Jobshadowing Ins Salvador Sunyer -Lycée Nadar&#8221; está cofinanciado por el programa Erasmus+ de la Unión Europea. El contenido de esta publicación es responsabilidad exclusiva del Institut Salvador Sunyer i Aimeric y ni la Comisión Europea, ni el Servicio Español para la Internacionalización de la Educación (SEPIE) son responsables del uso que pueda hacerse de la información aquí difundida.</p>

<p>L’alumnat de 3º d’ESO realitza el projecte  Fem un SALT més inclusiu. L’eix del projecte és la inclusió. L’alumnat entra en contacte amb els conceptes i la realitat de la discapacitat, de les barreres arquitectòniques, culturals, esportives i de lleure que tenen les persones amb discapacitat. Després d’aquest aprenentatge, l’alumnat passa a l’acció intentant fer [&hellip;]</p>
