{"id":14878,"date":"2023-05-19T12:03:07","date_gmt":"2023-05-19T10:03:07","guid":{"rendered":"https:\/\/agora.xtec.cat\/inssalvadorsunyer\/?page_id=14878"},"modified":"2026-02-24T08:48:50","modified_gmt":"2026-02-24T07:48:50","slug":"estrategia-digital-de-centre-edc","status":"publish","type":"page","link":"https:\/\/agora.xtec.cat\/inssalvadorsunyer\/institut\/documents-de-centre-2\/estrategia-digital-de-centre-edc\/","title":{"rendered":"Estrategia Digital de Centre (EDC)"},"content":{"rendered":"<p>Estrat\u00e8gia Digital de Centre (EDC)<\/p>\n<p>L\u2019Estrat\u00e8gia Digital de Centre (EDC) \u00e9s un document que recull totes les accions que es realitzen en un centre, i les que es realitzaran a mitj\u00e0 termini, per aconseguir la m\u00e0xima compet\u00e8ncia digital de l\u2019alumnat, del professorat i del centre educatiu. Ha de tenir com a referent el Pla d\u2019educaci\u00f3 digital de Catalunya (PEDC), on s\u2019indica la necessitat d\u2019assolir la fita d\u2019una societat digitalment competent, fent \u00e8mfasi en l\u2019equitat i tenint en compte l\u2019evoluci\u00f3 del context social i tecnol\u00f2gic.<br \/>\nL\u2019estrat\u00e8gia digital de centre t\u00e9 dues parts diferenciades: ESTRAT\u00c8GIA (Diagnosi \/ Objectius \/ Planificaci\u00f3 \/ Seguiment) I CULTURA (conjunt de documents que reflecteixen l\u2019organitzaci\u00f3 del centre en l\u2019\u00e0mbit digital).<\/p>\n<p>Seguint les indicacions del document de definici\u00f3 de l\u2019EDC, s\u2019ha estructurat aquesta part en 4 fases: Diagnosi, Objectius, Planificaci\u00f3 i Seguiment, i Avaluaci\u00f3 i millora.<\/p>\n<p>El centre ha fet servir l\u2019eina\u00a0<a href=\"https:\/\/www.google.com\/url?q=https%3A%2F%2Feducation.ec.europa.eu%2Fes%2Fnode%2F1736&amp;sa=D&amp;sntz=1&amp;usg=AOvVaw3z_zoQR6U9FhNZRG4QmRb2\"><strong>SELFIE<\/strong><\/a>\u00a0amb l\u2019objectiu de fomentar la reflexi\u00f3 personal en relaci\u00f3 amb l\u2019\u00fas de les tecnologies digitals per al doc\u00e8ncia i l\u2019aprenentatge.<\/p>\n<p>SELFIE ha sigut desenvolupat per la Comissi\u00f3 Europea amb un equip internacional d\u2019experts.<\/p>\n<p>Les dades obtingudes permeten<a href=\"https:\/\/docs.google.com\/document\/d\/1Qely3xpSa62lMfhytUfgaDmo5trZasok3UpeIJ8pgZs\/edit?usp=sharing\">\u00a0extreure conclusions<\/a>\u00a0per a fer un diagn\u00f2stic de l\u2019estat actual i tamb\u00e9 per a plantejar-nos objectius a assolir en l\u2019\u00e0mbit digital.<\/p>\n<p><strong>Valoraci\u00f3 general:<\/strong><\/p>\n<p>La valoraci\u00f3 general \u00e9s bona, amb unes mitjanes elevades en totes les \u00e0rees, especialment en les relacionades amb la pedagogia (E i F). Per altre costat, encara que els resultats no s\u00f3n dolents, les mitjanes m\u00e9s baixes estan relacionades amb l\u2019\u00e0rea de les pr\u00e0ctiques d\u2019avaluaci\u00f3 (G).<\/p>\n<p>Aqu\u00ed es pot veure un petit resum d\u2019aquestes dades:<\/p>\n<ul>\n<li>S\u2019utilitzen plataformes en l\u00ednia, a les quals els alumnes tamb\u00e9 podem contribuir, amb l\u2019objectiu de facilitar el seu aprenentatge.<\/li>\n<li>S\u2019assignen diferents activitats que els alumnes han de realitzar fent servir tecnologies segons les seves necessitats, utilitzant aquestes per dur a terme activitats creatives, de manera individual, treballant en grup i en projectes multidisciplinaris.<\/li>\n<li>S\u2019ha de millorar a l\u2019hora d\u2019emprar la tecnologia per a donar retroalimentaci\u00f3 adequada (feedback) sobre l\u2019aprenentatge dels alumnes, perqu\u00e8 l\u2019alumnat reflexioni sobre el seu aprenentatge i perqu\u00e8 puguin dur a terme observacions sobre el treball dels seus companys.<\/li>\n<\/ul>\n<p><a href=\"https:\/\/agora.xtec.cat\/#facebook\">Facebook<\/a><a href=\"https:\/\/agora.xtec.cat\/#twitter\">Twitter<\/a><a href=\"https:\/\/agora.xtec.cat\/#whatsapp\">WhatsApp<\/a><a href=\"https:\/\/agora.xtec.cat\/#google_gmail\">Gmail<\/a><\/p>\n","protected":false},"excerpt":{"rendered":"<p>Estrat\u00e8gia Digital de Centre (EDC) L\u2019Estrat\u00e8gia Digital de Centre (EDC) \u00e9s un document que recull totes les accions que es realitzen en un centre, i les que es realitzaran a mitj\u00e0 termini, per aconseguir la m\u00e0xima compet\u00e8ncia digital de l\u2019alumnat, del professorat i del centre educatiu. Ha de tenir com a referent el Pla d\u2019educaci\u00f3 [&hellip;]<\/p>\n","protected":false},"author":1,"featured_media":0,"parent":15912,"menu_order":6,"comment_status":"closed","ping_status":"closed","template":"","meta":{"_bbp_topic_count":0,"_bbp_reply_count":0,"_bbp_total_topic_count":0,"_bbp_total_reply_count":0,"_bbp_voice_count":0,"_bbp_anonymous_reply_count":0,"_bbp_topic_count_hidden":0,"_bbp_reply_count_hidden":0,"_bbp_forum_subforum_count":0,"site-sidebar-layout":"default","site-content-layout":"","ast-site-content-layout":"","site-content-style":"default","site-sidebar-style":"default","ast-global-header-display":"","ast-banner-title-visibility":"","ast-main-header-display":"","ast-hfb-above-header-display":"","ast-hfb-below-header-display":"","ast-hfb-mobile-header-display":"","site-post-title":"","ast-breadcrumbs-content":"","ast-featured-img":"","footer-sml-layout":"","theme-transparent-header-meta":"","adv-header-id-meta":"","stick-header-meta":"","header-above-stick-meta":"","header-main-stick-meta":"","header-below-stick-meta":"","astra-migrate-meta-layouts":"default","ast-page-background-enabled":"default","ast-page-background-meta":{"desktop":{"background-color":"var(--ast-global-color-4)","background-image":"","background-repeat":"repeat","background-position":"center center","background-size":"auto","background-attachment":"scroll","background-type":"","background-media":"","overlay-type":"","overlay-color":"","overlay-opacity":"","overlay-gradient":""},"tablet":{"background-color":"","background-image":"","background-repeat":"repeat","background-position":"center center","background-size":"auto","background-attachment":"scroll","background-type":"","background-media":"","overlay-type":"","overlay-color":"","overlay-opacity":"","overlay-gradient":""},"mobile":{"background-color":"","background-image":"","background-repeat":"repeat","background-position":"center center","background-size":"auto","background-attachment":"scroll","background-type":"","background-media":"","overlay-type":"","overlay-color":"","overlay-opacity":"","overlay-gradient":""}},"ast-content-background-meta":{"desktop":{"background-color":"var(--ast-global-color-5)","background-image":"","background-repeat":"repeat","background-position":"center center","background-size":"auto","background-attachment":"scroll","background-type":"","background-media":"","overlay-type":"","overlay-color":"","overlay-opacity":"","overlay-gradient":""},"tablet":{"background-color":"var(--ast-global-color-5)","background-image":"","background-repeat":"repeat","background-position":"center center","background-size":"auto","background-attachment":"scroll","background-type":"","background-media":"","overlay-type":"","overlay-color":"","overlay-opacity":"","overlay-gradient":""},"mobile":{"background-color":"var(--ast-global-color-5)","background-image":"","background-repeat":"repeat","background-position":"center center","background-size":"auto","background-attachment":"scroll","background-type":"","background-media":"","overlay-type":"","overlay-color":"","overlay-opacity":"","overlay-gradient":""}},"footnotes":""},"class_list":["post-14878","page","type-page","status-publish","hentry"],"post_mailing_queue_ids":[],"_links":{"self":[{"href":"https:\/\/agora.xtec.cat\/inssalvadorsunyer\/wp-json\/wp\/v2\/pages\/14878","targetHints":{"allow":["GET"]}}],"collection":[{"href":"https:\/\/agora.xtec.cat\/inssalvadorsunyer\/wp-json\/wp\/v2\/pages"}],"about":[{"href":"https:\/\/agora.xtec.cat\/inssalvadorsunyer\/wp-json\/wp\/v2\/types\/page"}],"author":[{"embeddable":true,"href":"https:\/\/agora.xtec.cat\/inssalvadorsunyer\/wp-json\/wp\/v2\/users\/1"}],"replies":[{"embeddable":true,"href":"https:\/\/agora.xtec.cat\/inssalvadorsunyer\/wp-json\/wp\/v2\/comments?post=14878"}],"version-history":[{"count":1,"href":"https:\/\/agora.xtec.cat\/inssalvadorsunyer\/wp-json\/wp\/v2\/pages\/14878\/revisions"}],"predecessor-version":[{"id":14879,"href":"https:\/\/agora.xtec.cat\/inssalvadorsunyer\/wp-json\/wp\/v2\/pages\/14878\/revisions\/14879"}],"up":[{"embeddable":true,"href":"https:\/\/agora.xtec.cat\/inssalvadorsunyer\/wp-json\/wp\/v2\/pages\/15912"}],"wp:attachment":[{"href":"https:\/\/agora.xtec.cat\/inssalvadorsunyer\/wp-json\/wp\/v2\/media?parent=14878"}],"curies":[{"name":"wp","href":"https:\/\/api.w.org\/{rel}","templated":true}]}}

<p>Estratègia Digital de Centre (EDC)</p>
<p>L’Estratègia Digital de Centre (EDC) és un document que recull totes les accions que es realitzen en un centre, i les que es realitzaran a mitjà termini, per aconseguir la màxima competència digital de l’alumnat, del professorat i del centre educatiu. Ha de tenir com a referent el Pla d’educació digital de Catalunya (PEDC), on s’indica la necessitat d’assolir la fita d’una societat digitalment competent, fent èmfasi en l’equitat i tenint en compte l’evolució del context social i tecnològic.<br />
L’estratègia digital de centre té dues parts diferenciades: ESTRATÈGIA (Diagnosi / Objectius / Planificació / Seguiment) I CULTURA (conjunt de documents que reflecteixen l’organització del centre en l’àmbit digital).</p>
<p>Seguint les indicacions del document de definició de l’EDC, s’ha estructurat aquesta part en 4 fases: Diagnosi, Objectius, Planificació i Seguiment, i Avaluació i millora.</p>
<p>El centre ha fet servir l’eina <a href="https://www.google.com/url?q=https%3A%2F%2Feducation.ec.europa.eu%2Fes%2Fnode%2F1736&amp;sa=D&amp;sntz=1&amp;usg=AOvVaw3z_zoQR6U9FhNZRG4QmRb2"><strong>SELFIE</strong></a> amb l’objectiu de fomentar la reflexió personal en relació amb l’ús de les tecnologies digitals per al docència i l’aprenentatge.</p>
<p>SELFIE ha sigut desenvolupat per la Comissió Europea amb un equip internacional d’experts.</p>
<p>Les dades obtingudes permeten<a href="https://docs.google.com/document/d/1Qely3xpSa62lMfhytUfgaDmo5trZasok3UpeIJ8pgZs/edit?usp=sharing"> extreure conclusions</a> per a fer un diagnòstic de l’estat actual i també per a plantejar-nos objectius a assolir en l’àmbit digital.</p>
<p><strong>Valoració general:</strong></p>
<p>La valoració general és bona, amb unes mitjanes elevades en totes les àrees, especialment en les relacionades amb la pedagogia (E i F). Per altre costat, encara que els resultats no són dolents, les mitjanes més baixes estan relacionades amb l’àrea de les pràctiques d’avaluació (G).</p>
<p>Aquí es pot veure un petit resum d’aquestes dades:</p>
<ul>
<li>S’utilitzen plataformes en línia, a les quals els alumnes també podem contribuir, amb l’objectiu de facilitar el seu aprenentatge.</li>
<li>S’assignen diferents activitats que els alumnes han de realitzar fent servir tecnologies segons les seves necessitats, utilitzant aquestes per dur a terme activitats creatives, de manera individual, treballant en grup i en projectes multidisciplinaris.</li>
<li>S’ha de millorar a l’hora d’emprar la tecnologia per a donar retroalimentació adequada (feedback) sobre l’aprenentatge dels alumnes, perquè l’alumnat reflexioni sobre el seu aprenentatge i perquè puguin dur a terme observacions sobre el treball dels seus companys.</li>
</ul>
<p><a href="https://agora.xtec.cat/#facebook">Facebook</a><a href="https://agora.xtec.cat/#twitter">Twitter</a><a href="https://agora.xtec.cat/#whatsapp">WhatsApp</a><a href="https://agora.xtec.cat/#google_gmail">Gmail</a></p>

<p>Estratègia Digital de Centre (EDC) L’Estratègia Digital de Centre (EDC) és un document que recull totes les accions que es realitzen en un centre, i les que es realitzaran a mitjà termini, per aconseguir la màxima competència digital de l’alumnat, del professorat i del centre educatiu. Ha de tenir com a referent el Pla d’educació [&hellip;]</p>
