{"id":14100,"date":"2022-04-08T18:43:19","date_gmt":"2022-04-08T16:43:19","guid":{"rendered":"https:\/\/agora.xtec.cat\/inssalvadorsunyer\/?page_id=14100"},"modified":"2026-02-18T10:02:10","modified_gmt":"2026-02-18T09:02:10","slug":"convalidacions","status":"publish","type":"page","link":"https:\/\/agora.xtec.cat\/inssalvadorsunyer\/secretaria-2\/convalidacions\/","title":{"rendered":"Convalidacions"},"content":{"rendered":"<p><span style=\"font-weight: 400;\">Podeu consultar la normativa:<\/span><\/p>\n<p><a href=\"https:\/\/portaljuridic.gencat.cat\/ca\/document-del-pjur\/?documentId=640509\">Normativa convalidaci\u00f3 m\u00fasica i educaci\u00f3 f\u00edsica a l&#8217;ESO<\/a><\/p>\n<p><a href=\"https:\/\/www.boe.es\/buscar\/doc.php?id=BOE-A-2020-17274\"><span style=\"font-weight: 400;\">Normativa convalidaci\u00f3 m\u00f2duls professionals a la Formaci\u00f3 Professional<\/span><\/a><\/p>\n<p>&nbsp;<\/p>\n<p>Sol\u00b7licituds per les convalidacions:<\/p>\n<p><a href=\"https:\/\/drive.google.com\/file\/d\/1qVPDSDR2h7YmzuNuRMCKNg7KKagyZ_8y\/view?usp=sharing\"><span style=\"font-weight: 400;\">Sol\u00b7licitud convalidaci\u00f3 Educaci\u00f3 F\u00edsica a l&#8217;ESO<\/span><\/a><\/p>\n<p><a href=\"https:\/\/drive.google.com\/file\/d\/1iBQI3F8D5608gmVCClUyeER1gWGFOhL4\/view?usp=sharing\"><span style=\"font-weight: 400;\">Sol\u00b7licitud convalidaci\u00f3 m\u00fasica a l&#8217;ESO<\/span><\/a><\/p>\n<p><a href=\"https:\/\/drive.google.com\/file\/d\/1pprR9HQ_CN9P8NDvYDKmlO17HRg_cgKd\/view?usp=sharing\"><span style=\"font-weight: 400;\">Sol\u00b7licitud convalidaci\u00f3 ordin\u00e0ria de cicles formatius<\/span><\/a><\/p>\n<p><a href=\"https:\/\/drive.google.com\/file\/d\/1pw5rHXVBdXKYJsZTPAclVDGFCNAG-xka\/view?usp=sharing\"><span style=\"font-weight: 400;\">Sol\u00b7licitud convalidaci\u00f3 singular de cicles formatius\u00a0<\/span><\/a><\/p>\n<p>&nbsp;<\/p>\n","protected":false},"excerpt":{"rendered":"<p>Podeu consultar la normativa: Normativa convalidaci\u00f3 m\u00fasica i educaci\u00f3 f\u00edsica a l&#8217;ESO Normativa convalidaci\u00f3 m\u00f2duls professionals a la Formaci\u00f3 Professional &nbsp; Sol\u00b7licituds per les convalidacions: Sol\u00b7licitud convalidaci\u00f3 Educaci\u00f3 F\u00edsica a l&#8217;ESO Sol\u00b7licitud convalidaci\u00f3 m\u00fasica a l&#8217;ESO Sol\u00b7licitud convalidaci\u00f3 ordin\u00e0ria de cicles formatius Sol\u00b7licitud convalidaci\u00f3 singular de cicles formatius\u00a0 &nbsp;<\/p>\n","protected":false},"author":1,"featured_media":0,"parent":14076,"menu_order":3,"comment_status":"closed","ping_status":"closed","template":"","meta":{"_bbp_topic_count":0,"_bbp_reply_count":0,"_bbp_total_topic_count":0,"_bbp_total_reply_count":0,"_bbp_voice_count":0,"_bbp_anonymous_reply_count":0,"_bbp_topic_count_hidden":0,"_bbp_reply_count_hidden":0,"_bbp_forum_subforum_count":0,"site-sidebar-layout":"default","site-content-layout":"","ast-site-content-layout":"default","site-content-style":"default","site-sidebar-style":"default","ast-global-header-display":"","ast-banner-title-visibility":"","ast-main-header-display":"","ast-hfb-above-header-display":"","ast-hfb-below-header-display":"","ast-hfb-mobile-header-display":"","site-post-title":"","ast-breadcrumbs-content":"","ast-featured-img":"","footer-sml-layout":"","theme-transparent-header-meta":"default","adv-header-id-meta":"","stick-header-meta":"","header-above-stick-meta":"","header-main-stick-meta":"","header-below-stick-meta":"","astra-migrate-meta-layouts":"set","ast-page-background-enabled":"default","ast-page-background-meta":{"desktop":{"background-color":"var(--ast-global-color-4)","background-image":"","background-repeat":"repeat","background-position":"center center","background-size":"auto","background-attachment":"scroll","background-type":"","background-media":"","overlay-type":"","overlay-color":"","overlay-opacity":"","overlay-gradient":""},"tablet":{"background-color":"","background-image":"","background-repeat":"repeat","background-position":"center center","background-size":"auto","background-attachment":"scroll","background-type":"","background-media":"","overlay-type":"","overlay-color":"","overlay-opacity":"","overlay-gradient":""},"mobile":{"background-color":"","background-image":"","background-repeat":"repeat","background-position":"center center","background-size":"auto","background-attachment":"scroll","background-type":"","background-media":"","overlay-type":"","overlay-color":"","overlay-opacity":"","overlay-gradient":""}},"ast-content-background-meta":{"desktop":{"background-color":"var(--ast-global-color-5)","background-image":"","background-repeat":"repeat","background-position":"center center","background-size":"auto","background-attachment":"scroll","background-type":"","background-media":"","overlay-type":"","overlay-color":"","overlay-opacity":"","overlay-gradient":""},"tablet":{"background-color":"var(--ast-global-color-5)","background-image":"","background-repeat":"repeat","background-position":"center center","background-size":"auto","background-attachment":"scroll","background-type":"","background-media":"","overlay-type":"","overlay-color":"","overlay-opacity":"","overlay-gradient":""},"mobile":{"background-color":"var(--ast-global-color-5)","background-image":"","background-repeat":"repeat","background-position":"center center","background-size":"auto","background-attachment":"scroll","background-type":"","background-media":"","overlay-type":"","overlay-color":"","overlay-opacity":"","overlay-gradient":""}},"footnotes":""},"class_list":["post-14100","page","type-page","status-publish","hentry"],"post_mailing_queue_ids":[],"_links":{"self":[{"href":"https:\/\/agora.xtec.cat\/inssalvadorsunyer\/wp-json\/wp\/v2\/pages\/14100","targetHints":{"allow":["GET"]}}],"collection":[{"href":"https:\/\/agora.xtec.cat\/inssalvadorsunyer\/wp-json\/wp\/v2\/pages"}],"about":[{"href":"https:\/\/agora.xtec.cat\/inssalvadorsunyer\/wp-json\/wp\/v2\/types\/page"}],"author":[{"embeddable":true,"href":"https:\/\/agora.xtec.cat\/inssalvadorsunyer\/wp-json\/wp\/v2\/users\/1"}],"replies":[{"embeddable":true,"href":"https:\/\/agora.xtec.cat\/inssalvadorsunyer\/wp-json\/wp\/v2\/comments?post=14100"}],"version-history":[{"count":4,"href":"https:\/\/agora.xtec.cat\/inssalvadorsunyer\/wp-json\/wp\/v2\/pages\/14100\/revisions"}],"predecessor-version":[{"id":15878,"href":"https:\/\/agora.xtec.cat\/inssalvadorsunyer\/wp-json\/wp\/v2\/pages\/14100\/revisions\/15878"}],"up":[{"embeddable":true,"href":"https:\/\/agora.xtec.cat\/inssalvadorsunyer\/wp-json\/wp\/v2\/pages\/14076"}],"wp:attachment":[{"href":"https:\/\/agora.xtec.cat\/inssalvadorsunyer\/wp-json\/wp\/v2\/media?parent=14100"}],"curies":[{"name":"wp","href":"https:\/\/api.w.org\/{rel}","templated":true}]}}

<p><span style="font-weight: 400;">Podeu consultar la normativa:</span></p>
<p><a href="https://portaljuridic.gencat.cat/ca/document-del-pjur/?documentId=640509">Normativa convalidació música i educació física a l&#8217;ESO</a></p>
<p><a href="https://www.boe.es/buscar/doc.php?id=BOE-A-2020-17274"><span style="font-weight: 400;">Normativa convalidació mòduls professionals a la Formació Professional</span></a></p>
<p>&nbsp;</p>
<p>Sol·licituds per les convalidacions:</p>
<p><a href="https://drive.google.com/file/d/1qVPDSDR2h7YmzuNuRMCKNg7KKagyZ_8y/view?usp=sharing"><span style="font-weight: 400;">Sol·licitud convalidació Educació Física a l&#8217;ESO</span></a></p>
<p><a href="https://drive.google.com/file/d/1iBQI3F8D5608gmVCClUyeER1gWGFOhL4/view?usp=sharing"><span style="font-weight: 400;">Sol·licitud convalidació música a l&#8217;ESO</span></a></p>
<p><a href="https://drive.google.com/file/d/1pprR9HQ_CN9P8NDvYDKmlO17HRg_cgKd/view?usp=sharing"><span style="font-weight: 400;">Sol·licitud convalidació ordinària de cicles formatius</span></a></p>
<p><a href="https://drive.google.com/file/d/1pw5rHXVBdXKYJsZTPAclVDGFCNAG-xka/view?usp=sharing"><span style="font-weight: 400;">Sol·licitud convalidació singular de cicles formatius </span></a></p>
<p>&nbsp;</p>

<p>Podeu consultar la normativa: Normativa convalidació música i educació física a l&#8217;ESO Normativa convalidació mòduls professionals a la Formació Professional &nbsp; Sol·licituds per les convalidacions: Sol·licitud convalidació Educació Física a l&#8217;ESO Sol·licitud convalidació música a l&#8217;ESO Sol·licitud convalidació ordinària de cicles formatius Sol·licitud convalidació singular de cicles formatius  &nbsp;</p>
