{"id":12873,"date":"2021-10-06T10:45:22","date_gmt":"2021-10-06T08:45:22","guid":{"rendered":"https:\/\/agora.xtec.cat\/inssalvadorsunyer\/?page_id=12873"},"modified":"2026-02-24T08:47:11","modified_gmt":"2026-02-24T07:47:11","slug":"pla-demergencia","status":"publish","type":"page","link":"https:\/\/agora.xtec.cat\/inssalvadorsunyer\/institut\/documents-de-centre-2\/pla-demergencia\/","title":{"rendered":"Pla d&#8217;emerg\u00e8ncia"},"content":{"rendered":"<h5><span style=\"font-weight: 400;\">Introducci\u00f3<\/span><\/h5>\n<p><span style=\"font-weight: 400;\">En els centres docents, el professorat i l\u2019alumnat hi passen moltes hores del dia. Els centres docents, com altres edificis, estan sotmesos a uns riscos, que poden venir de dins de l\u2019edifici (el cas d\u2019un incendi) o de fora (casos de contaminaci\u00f3, inundaci\u00f3\u2026). Per aquesta ra\u00f3, tots els centres disposen d\u2019un pla d\u2019emerg\u00e8ncia que vetlla per la seguretat i la protecci\u00f3 de tot el col\u00b7lectiu. Per tal que el pla d\u2019emerg\u00e8ncia funcioni i pugui complir els seus objectius, cal que tothom el conegui. El professorat, alumnat i la resta de personal del centre ha de saber les seves funcions i responsabilitats i les actuacions a seguir en cas d\u2019emerg\u00e8ncia.<\/span><\/p>\n<p><span style=\"font-weight: 400;\">El pla d\u2019emerg\u00e8ncia \u00e9s un document que recull les actuacions que s\u2019han de seguir davant d\u2019una emerg\u00e8ncia, amb la finalitat de reduir la improvisaci\u00f3 en cas que es produ\u00eds qualsevol accident.<\/span><\/p>\n<h5><span style=\"font-weight: 400;\">Evacuaci\u00f3<\/span><\/h5>\n<p><span style=\"font-weight: 400;\">Evacuar un centre significa traslladar a l\u2019exterior, en un lloc segur (punt de concentraci\u00f3), un grup de persones afectades per una emerg\u00e8ncia, de forma planificada. Cal evacuar el centre, b\u00e0sicament, quan hi hagi un risc intern. Exemples: incendi, explosi\u00f3, fuita de gas, etc.<\/span><\/p>\n<h5><span style=\"font-weight: 400;\">Aspectes a tenir en compte per al simulacre d\u2019evacuaci\u00f3<\/span><\/h5>\n<ul>\n<li style=\"font-weight: 400;\" aria-level=\"1\"><span style=\"font-weight: 400;\">L\u2019av\u00eds d\u2019emerg\u00e8ncia es far\u00e0 mitjan\u00e7ant una sirena que sonar\u00e0 diferent del timbre que assenyala el canvi de classe.<\/span><\/li>\n<\/ul>\n<p><span style=\"font-weight: 400;\">^^^^^^^^^^^^^^\u2014\u2014\u2014^^^^^^^^^^^^^^^^\u2014\u2014\u2014^^^^^^^^^^^^^^<\/span><\/p>\n<p><span style=\"font-weight: 400;\">10 segons de so, 3 de silenci. Tres cops.<\/span><\/p>\n<ul>\n<li style=\"font-weight: 400;\" aria-level=\"1\"><span style=\"font-weight: 400;\">Quan escoltem el senyal d\u2019alarma desallotjarem el centre; deixeui el qu\u00e8 estigueu fent, sortiu de pressa, per\u00f2 sense c\u00f3rrer i tanqueu les portes i les finestres a mesura que les aneu deixant enrere.<\/span><\/li>\n<li style=\"font-weight: 400;\" aria-level=\"1\"><span style=\"font-weight: 400;\">Els alumnes sortiran de forma ordenada, de manera que els diferents grups no es barregin.<\/span><\/li>\n<li style=\"font-weight: 400;\" aria-level=\"1\"><span style=\"font-weight: 400;\">Seguirem l\u2019itinerari d\u2019evacuaci\u00f3 indicant al pl\u00e0nol penjat darrera de la porta de cada aula. Aquest itinerari est\u00e0 senyalitzat mitjan\u00e7ant senyals de color vermell.<\/span><\/li>\n<li style=\"font-weight: 400;\" aria-level=\"1\"><span style=\"font-weight: 400;\">Tothom es dirigir\u00e0 ca al punt de concentraci\u00f3 (extrem sud-est del pati) on es far\u00e0 el recompte dels alumnes.<\/span><\/li>\n<li style=\"font-weight: 400;\" aria-level=\"1\"><span style=\"font-weight: 400;\">Un cop fet el recompte, sonar\u00e0 el timbre i tornarem a les aules de forma ordenada.<\/span><\/li>\n<\/ul>\n<h5><span style=\"font-weight: 400;\">Confinament<\/span><\/h5>\n<p><span style=\"font-weight: 400;\">Confinar <\/span><span style=\"font-weight: 400;\">un centre significa traslladar a l\u2019interior, en un lloc segur (les aules), un grup de persones afectades per una emerg\u00e8ncia, de forma planificada. Cal confinar el centre, b\u00e0sicament, quan hi hagi un risc extern.\u00a0<\/span><\/p>\n<p><span style=\"font-weight: 400;\">Exemples: incendi declarat en qu\u00e8 no es pot realitzar l\u2019evacuaci\u00f3, explosi\u00f3 externa, fuita de gas, etc.<\/span><\/p>\n<h5><span style=\"font-weight: 400;\">Aspectes a tenir en compte per al simulacre de confinament<\/span><\/h5>\n<ul>\n<li style=\"font-weight: 400;\" aria-level=\"1\"><span style=\"font-weight: 400;\">L\u2019av\u00eds d\u2019emerg\u00e8ncia es far\u00e0 mitjan\u00e7ant una sirena que sonar\u00e0 diferent del timbre que assenyala el canvi de classe.<\/span><\/li>\n<\/ul>\n<p><span style=\"font-weight: 400;\">^^^^^&#8212;&#8211;^^^^^&#8212;-^^^^^&#8212;-^^^^^&#8212;-^^^^^&#8212;&#8211;^^^^^&#8212;-^^^^^&#8212;-^^^^^&#8212;-^^^^^<\/span><\/p>\n<p><span style=\"font-weight: 400;\">3 segons de so, 3 de silenci. Vuit cops.<\/span><\/p>\n<ul>\n<li style=\"font-weight: 400;\" aria-level=\"1\"><span style=\"font-weight: 400;\">L\u2019alumnat i el professorat es confinaran a l\u2019aula, en l\u2019espai m\u00e9s resguardat de l\u2019exterior (allunyat de finestres i portes).\u00a0<\/span><\/li>\n<li style=\"font-weight: 400;\" aria-level=\"1\"><span style=\"font-weight: 400;\">Ens farem veure i sentir per les finestres de l\u2019edifici i informarem a trav\u00e9s del tel\u00e8fon d\u2019emerg\u00e8ncia de la nostra situaci\u00f3 (aula, pis, n\u00famero d\u2019alumnes<\/span><span style=\"font-weight: 400;\">).<\/span><\/li>\n<\/ul>\n<p><a href=\"https:\/\/agora.xtec.cat\/inssalvadorsunyer\/wp-content\/uploads\/usu1009\/2022\/02\/Fitxes-pla-emergencia-Ins-Salvador-Sunyer-curs-21-22.pdf\">Pla d&#8217;emerg\u00e8ncia del centre docent.<\/a><\/p>\n","protected":false},"excerpt":{"rendered":"<p>Introducci\u00f3 En els centres docents, el professorat i l\u2019alumnat hi passen moltes hores del dia. Els centres docents, com altres edificis, estan sotmesos a uns riscos, que poden venir de dins de l\u2019edifici (el cas d\u2019un incendi) o de fora (casos de contaminaci\u00f3, inundaci\u00f3\u2026). Per aquesta ra\u00f3, tots els centres disposen d\u2019un pla d\u2019emerg\u00e8ncia que [&hellip;]<\/p>\n","protected":false},"author":1,"featured_media":0,"parent":15912,"menu_order":1,"comment_status":"closed","ping_status":"closed","template":"","meta":{"_bbp_topic_count":0,"_bbp_reply_count":0,"_bbp_total_topic_count":0,"_bbp_total_reply_count":0,"_bbp_voice_count":0,"_bbp_anonymous_reply_count":0,"_bbp_topic_count_hidden":0,"_bbp_reply_count_hidden":0,"_bbp_forum_subforum_count":0,"site-sidebar-layout":"default","site-content-layout":"","ast-site-content-layout":"","site-content-style":"default","site-sidebar-style":"default","ast-global-header-display":"","ast-banner-title-visibility":"","ast-main-header-display":"","ast-hfb-above-header-display":"","ast-hfb-below-header-display":"","ast-hfb-mobile-header-display":"","site-post-title":"","ast-breadcrumbs-content":"","ast-featured-img":"","footer-sml-layout":"","theme-transparent-header-meta":"","adv-header-id-meta":"","stick-header-meta":"","header-above-stick-meta":"","header-main-stick-meta":"","header-below-stick-meta":"","astra-migrate-meta-layouts":"default","ast-page-background-enabled":"default","ast-page-background-meta":{"desktop":{"background-color":"var(--ast-global-color-4)","background-image":"","background-repeat":"repeat","background-position":"center center","background-size":"auto","background-attachment":"scroll","background-type":"","background-media":"","overlay-type":"","overlay-color":"","overlay-opacity":"","overlay-gradient":""},"tablet":{"background-color":"","background-image":"","background-repeat":"repeat","background-position":"center center","background-size":"auto","background-attachment":"scroll","background-type":"","background-media":"","overlay-type":"","overlay-color":"","overlay-opacity":"","overlay-gradient":""},"mobile":{"background-color":"","background-image":"","background-repeat":"repeat","background-position":"center center","background-size":"auto","background-attachment":"scroll","background-type":"","background-media":"","overlay-type":"","overlay-color":"","overlay-opacity":"","overlay-gradient":""}},"ast-content-background-meta":{"desktop":{"background-color":"var(--ast-global-color-5)","background-image":"","background-repeat":"repeat","background-position":"center center","background-size":"auto","background-attachment":"scroll","background-type":"","background-media":"","overlay-type":"","overlay-color":"","overlay-opacity":"","overlay-gradient":""},"tablet":{"background-color":"var(--ast-global-color-5)","background-image":"","background-repeat":"repeat","background-position":"center center","background-size":"auto","background-attachment":"scroll","background-type":"","background-media":"","overlay-type":"","overlay-color":"","overlay-opacity":"","overlay-gradient":""},"mobile":{"background-color":"var(--ast-global-color-5)","background-image":"","background-repeat":"repeat","background-position":"center center","background-size":"auto","background-attachment":"scroll","background-type":"","background-media":"","overlay-type":"","overlay-color":"","overlay-opacity":"","overlay-gradient":""}},"footnotes":""},"class_list":["post-12873","page","type-page","status-publish","hentry"],"post_mailing_queue_ids":[],"_links":{"self":[{"href":"https:\/\/agora.xtec.cat\/inssalvadorsunyer\/wp-json\/wp\/v2\/pages\/12873","targetHints":{"allow":["GET"]}}],"collection":[{"href":"https:\/\/agora.xtec.cat\/inssalvadorsunyer\/wp-json\/wp\/v2\/pages"}],"about":[{"href":"https:\/\/agora.xtec.cat\/inssalvadorsunyer\/wp-json\/wp\/v2\/types\/page"}],"author":[{"embeddable":true,"href":"https:\/\/agora.xtec.cat\/inssalvadorsunyer\/wp-json\/wp\/v2\/users\/1"}],"replies":[{"embeddable":true,"href":"https:\/\/agora.xtec.cat\/inssalvadorsunyer\/wp-json\/wp\/v2\/comments?post=12873"}],"version-history":[{"count":3,"href":"https:\/\/agora.xtec.cat\/inssalvadorsunyer\/wp-json\/wp\/v2\/pages\/12873\/revisions"}],"predecessor-version":[{"id":12876,"href":"https:\/\/agora.xtec.cat\/inssalvadorsunyer\/wp-json\/wp\/v2\/pages\/12873\/revisions\/12876"}],"up":[{"embeddable":true,"href":"https:\/\/agora.xtec.cat\/inssalvadorsunyer\/wp-json\/wp\/v2\/pages\/15912"}],"wp:attachment":[{"href":"https:\/\/agora.xtec.cat\/inssalvadorsunyer\/wp-json\/wp\/v2\/media?parent=12873"}],"curies":[{"name":"wp","href":"https:\/\/api.w.org\/{rel}","templated":true}]}}

Pla d&#8217;emergència

<h5><span style="font-weight: 400;">Introducció</span></h5>
<p><span style="font-weight: 400;">En els centres docents, el professorat i l’alumnat hi passen moltes hores del dia. Els centres docents, com altres edificis, estan sotmesos a uns riscos, que poden venir de dins de l’edifici (el cas d’un incendi) o de fora (casos de contaminació, inundació…). Per aquesta raó, tots els centres disposen d’un pla d’emergència que vetlla per la seguretat i la protecció de tot el col·lectiu. Per tal que el pla d’emergència funcioni i pugui complir els seus objectius, cal que tothom el conegui. El professorat, alumnat i la resta de personal del centre ha de saber les seves funcions i responsabilitats i les actuacions a seguir en cas d’emergència.</span></p>
<p><span style="font-weight: 400;">El pla d’emergència és un document que recull les actuacions que s’han de seguir davant d’una emergència, amb la finalitat de reduir la improvisació en cas que es produís qualsevol accident.</span></p>
<h5><span style="font-weight: 400;">Evacuació</span></h5>
<p><span style="font-weight: 400;">Evacuar un centre significa traslladar a l’exterior, en un lloc segur (punt de concentració), un grup de persones afectades per una emergència, de forma planificada. Cal evacuar el centre, bàsicament, quan hi hagi un risc intern. Exemples: incendi, explosió, fuita de gas, etc.</span></p>
<h5><span style="font-weight: 400;">Aspectes a tenir en compte per al simulacre d’evacuació</span></h5>
<ul>
<li style="font-weight: 400;" aria-level="1"><span style="font-weight: 400;">L’avís d’emergència es farà mitjançant una sirena que sonarà diferent del timbre que assenyala el canvi de classe.</span></li>
</ul>
<p><span style="font-weight: 400;">^^^^^^^^^^^^^^———^^^^^^^^^^^^^^^^———^^^^^^^^^^^^^^</span></p>
<p><span style="font-weight: 400;">10 segons de so, 3 de silenci. Tres cops.</span></p>
<ul>
<li style="font-weight: 400;" aria-level="1"><span style="font-weight: 400;">Quan escoltem el senyal d’alarma desallotjarem el centre; deixeui el què estigueu fent, sortiu de pressa, però sense córrer i tanqueu les portes i les finestres a mesura que les aneu deixant enrere.</span></li>
<li style="font-weight: 400;" aria-level="1"><span style="font-weight: 400;">Els alumnes sortiran de forma ordenada, de manera que els diferents grups no es barregin.</span></li>
<li style="font-weight: 400;" aria-level="1"><span style="font-weight: 400;">Seguirem l’itinerari d’evacuació indicant al plànol penjat darrera de la porta de cada aula. Aquest itinerari està senyalitzat mitjançant senyals de color vermell.</span></li>
<li style="font-weight: 400;" aria-level="1"><span style="font-weight: 400;">Tothom es dirigirà ca al punt de concentració (extrem sud-est del pati) on es farà el recompte dels alumnes.</span></li>
<li style="font-weight: 400;" aria-level="1"><span style="font-weight: 400;">Un cop fet el recompte, sonarà el timbre i tornarem a les aules de forma ordenada.</span></li>
</ul>
<h5><span style="font-weight: 400;">Confinament</span></h5>
<p><span style="font-weight: 400;">Confinar </span><span style="font-weight: 400;">un centre significa traslladar a l’interior, en un lloc segur (les aules), un grup de persones afectades per una emergència, de forma planificada. Cal confinar el centre, bàsicament, quan hi hagi un risc extern. </span></p>
<p><span style="font-weight: 400;">Exemples: incendi declarat en què no es pot realitzar l’evacuació, explosió externa, fuita de gas, etc.</span></p>
<h5><span style="font-weight: 400;">Aspectes a tenir en compte per al simulacre de confinament</span></h5>
<ul>
<li style="font-weight: 400;" aria-level="1"><span style="font-weight: 400;">L’avís d’emergència es farà mitjançant una sirena que sonarà diferent del timbre que assenyala el canvi de classe.</span></li>
</ul>
<p><span style="font-weight: 400;">^^^^^&#8212;&#8211;^^^^^&#8212;-^^^^^&#8212;-^^^^^&#8212;-^^^^^&#8212;&#8211;^^^^^&#8212;-^^^^^&#8212;-^^^^^&#8212;-^^^^^</span></p>
<p><span style="font-weight: 400;">3 segons de so, 3 de silenci. Vuit cops.</span></p>
<ul>
<li style="font-weight: 400;" aria-level="1"><span style="font-weight: 400;">L’alumnat i el professorat es confinaran a l’aula, en l’espai més resguardat de l’exterior (allunyat de finestres i portes). </span></li>
<li style="font-weight: 400;" aria-level="1"><span style="font-weight: 400;">Ens farem veure i sentir per les finestres de l’edifici i informarem a través del telèfon d’emergència de la nostra situació (aula, pis, número d’alumnes</span><span style="font-weight: 400;">).</span></li>
</ul>
<p><a href="https://agora.xtec.cat/inssalvadorsunyer/wp-content/uploads/usu1009/2022/02/Fitxes-pla-emergencia-Ins-Salvador-Sunyer-curs-21-22.pdf">Pla d&#8217;emergència del centre docent.</a></p>

<p>Introducció En els centres docents, el professorat i l’alumnat hi passen moltes hores del dia. Els centres docents, com altres edificis, estan sotmesos a uns riscos, que poden venir de dins de l’edifici (el cas d’un incendi) o de fora (casos de contaminació, inundació…). Per aquesta raó, tots els centres disposen d’un pla d’emergència que [&hellip;]</p>
