{"id":12136,"date":"2021-05-10T08:58:49","date_gmt":"2021-05-10T06:58:49","guid":{"rendered":"http:\/\/agora.xtec.cat\/inssalvadorsunyer\/?page_id=12136"},"modified":"2026-04-09T16:23:54","modified_gmt":"2026-04-09T14:23:54","slug":"relacio-amb-lentorn-xerrades-i-sortides","status":"publish","type":"page","link":"https:\/\/agora.xtec.cat\/inssalvadorsunyer\/estudis\/presentacio-cfgm-comerc-i-marqueting\/relacio-amb-lentorn-xerrades-i-sortides\/","title":{"rendered":"TALLERS I SORTIDES"},"content":{"rendered":"<p><b>Relaci\u00f3 amb l\u2019entorn XERRADES I TALLERS<\/b><b>:<\/b><\/p>\n<p><span style=\"font-weight: 400;\">Totes aquestes xerrades i tallers, estan vinculats amb el contingut d\u2019un o diversos m\u00f2duls, que despr\u00e9s aprofitem i treballem a l\u2019aula.<\/span><\/p>\n<ul>\n<li style=\"font-weight: 400;\" aria-level=\"1\"><span style=\"font-weight: 400;\"><span style=\"text-decoration: underline;\"><strong>Xerrades mossos d\u2019esquadra<\/strong><\/span><\/span>\n<ul style=\"list-style-type: circle;\">\n<li style=\"font-weight: 400;\" aria-level=\"1\"><span style=\"font-weight: 400;\">\u00a0Els mossos d\u2019esquadra col\u00b7laboren amb nosaltres fent unes xerrades sobre la viol\u00e8ncia de g\u00e8nere, les drogues, internet segura i les situacions de risc i prevenci\u00f3 de delictes als comer\u00e7os.<\/span><\/li>\n<\/ul>\n<\/li>\n<li style=\"font-weight: 400;\" aria-level=\"1\"><span style=\"text-decoration: underline;\"><strong>Espai Municipal d\u2019Ocupaci\u00f3 (EMO)<\/strong><\/span>\n<ul style=\"list-style-type: circle;\">\n<li style=\"font-weight: 400;\" aria-level=\"1\"><span style=\"font-weight: 400;\">Aquest taller est\u00e0 relacionat amb la recerca de feina. Recursos per a buscar feina i el curr\u00edculum.<\/span><\/li>\n<\/ul>\n<\/li>\n<li style=\"font-weight: 400;\" aria-level=\"1\"><span style=\"text-decoration: underline;\"><strong>Primers auxilis<\/strong><\/span>\n<ul style=\"list-style-type: circle;\">\n<li style=\"font-weight: 400;\" aria-level=\"1\"><span style=\"font-weight: 400;\">\u00a0L\u2019infermera del nostre centre fa una xerrada de primers auxilis.<\/span><\/li>\n<\/ul>\n<\/li>\n<li style=\"font-weight: 400;\" aria-level=\"1\"><span style=\"text-decoration: underline;\"><strong>EFEC<\/strong><\/span><span style=\"font-weight: 400;\"><span style=\"text-decoration: underline;\"><strong> (Educaci\u00f3 financera a les escoles de Catalunya)<\/strong><\/span><\/span>\n<ul style=\"list-style-type: circle;\">\n<li style=\"font-weight: 400;\" aria-level=\"1\"><span style=\"font-weight: 400;\">L\u2019institut d&#8217;estudis financers (promogut i finan\u00e7at per la Comissi\u00f3 Europea), ens realitza diverses xerrades de finances: com crear una empresa, com organitzar els ingressos i despeses en la unitat familiar, diversos sistemes de finan\u00e7ament.\u00a0<\/span><\/li>\n<\/ul>\n<\/li>\n<li style=\"font-weight: 400;\" aria-level=\"1\"><span style=\"text-decoration: underline;\"><strong>TEMPO, taller de l\u2019ajuntament de Girona<\/strong><\/span>\n<ul style=\"list-style-type: circle;\">\n<li style=\"font-weight: 400;\" aria-level=\"1\"><span style=\"font-weight: 400;\">Cada any l\u2019ajuntament de Girona ens fa un taller a l\u2019institut sobre diverses tem\u00e0tiques, que despr\u00e9s es treballen a tutoria, sobre la conviv\u00e8ncia, la integraci\u00f3 de diversos col\u00b7lectius a la societat, la problem\u00e0tica de les xarxes socials.<\/span><\/li>\n<\/ul>\n<\/li>\n<li style=\"font-weight: 400;\" aria-level=\"1\"><strong>Escola Empresa<\/strong>\n<ul style=\"list-style-type: circle;\">\n<li style=\"font-weight: 400;\" aria-level=\"1\"><span style=\"font-weight: 400;\">Cada any ens envien una empresa diferent i ens explica com s\u00f3n els inicis d\u2019una empresa real i la seva traject\u00f2ria.<\/span><\/li>\n<\/ul>\n<\/li>\n<li style=\"font-weight: 400;\" aria-level=\"1\"><span style=\"text-decoration: underline;\"><strong>Uni\u00f3 Europea<\/strong><\/span>\n<ul style=\"list-style-type: circle;\">\n<li style=\"font-weight: 400;\" aria-level=\"1\"><span style=\"font-weight: 400;\">Un expert ens fa una xerrada sobre les institucions de la UE i oferta formativa i laboral Europea, per informar als nostres estudiants de les oportunitats que tenen a nivell europeu.\u00a0<\/span><\/li>\n<\/ul>\n<\/li>\n<li style=\"font-weight: 400;\" aria-level=\"1\"><span style=\"text-decoration: underline;\"><strong>Ag\u00e8ncia Catalana del consum<\/strong><\/span>\n<ul style=\"list-style-type: circle;\">\n<li style=\"font-weight: 400;\" aria-level=\"1\"><span style=\"font-weight: 400;\">Ens fan unes xerrades sobre protecci\u00f3 de dades dels consumidors i els drets del consumidor.<\/span><\/li>\n<\/ul>\n<\/li>\n<\/ul>\n<p>&nbsp;<\/p>\n<p><b>Relaci\u00f3 amb l\u2019entorn SORTIDES:<\/b><\/p>\n<p><span style=\"font-weight: 400;\">Totes aquestes sortides tamb\u00e9 estan vinculats amb el contingut d\u2019un o diversos m\u00f2duls, que despr\u00e9s aprofitem i treballem a l\u2019aula.<\/span><\/p>\n<ul>\n<li style=\"font-weight: 400;\" aria-level=\"1\"><span style=\"text-decoration: underline;\"><strong>Fira de mostres<\/strong><\/span><\/li>\n<\/ul>\n<p style=\"padding-left: 80px;\"><span style=\"font-weight: 400;\">Fem una sortida a la fires de mostres, per les fires de Girona, als estands.<\/span><\/p>\n<ul>\n<li style=\"font-weight: 400;\" aria-level=\"1\"><span style=\"text-decoration: underline;\"><strong>Empresaula<\/strong><\/span><\/li>\n<\/ul>\n<p style=\"padding-left: 80px;\"><span style=\"font-weight: 400;\">Sortida a Barcelona per a la presentaci\u00f3 en p\u00fablic del projecte d\u2019empresaula, que fan els nostres alumnes de FCT a l\u2019aula. Aquesta trobada es fa conjuntament amb tots els instituts que hi col\u00b7laboren, de tot Espanya.<\/span><\/p>\n<ul>\n<li style=\"font-weight: 400;\" aria-level=\"1\"><span style=\"text-decoration: underline;\"><strong>Fira de Girona-Expojove<\/strong><\/span><\/li>\n<\/ul>\n<p style=\"padding-left: 80px;\"><span style=\"font-weight: 400;\">Aquesta sortida es treballa des de tutoria, per a la continu\u00eftat d\u2019estudis dels nostres alumnes.\u00a0<\/span><\/p>\n<ul>\n<li style=\"font-weight: 400;\" aria-level=\"1\"><span style=\"text-decoration: underline;\"><strong>Temps de flors<\/strong><\/span><\/li>\n<\/ul>\n<p style=\"padding-left: 80px;\"><span style=\"font-weight: 400;\">Fem una visita per Girona al Temps de flors i els alumnes fan activitats durant el recorregut, que despr\u00e9s es treballen a l&#8217;aula.\u00a0<\/span><\/p>\n<ul>\n<li style=\"font-weight: 400;\" aria-level=\"1\"><span style=\"text-decoration: underline;\"><strong>Espai Giron\u00e8s<\/strong><\/span><\/li>\n<\/ul>\n<p style=\"padding-left: 80px;\"><span style=\"font-weight: 400;\">Durant el curs es fan diverses sortides als comer\u00e7os del centre comercial Espai Giron\u00e8s, per a realitzar diverses activitats i treballs.<\/span><\/p>\n<ul>\n<li style=\"font-weight: 400;\" aria-level=\"1\"><span style=\"text-decoration: underline;\"><strong>Nutrici\u00f3<\/strong><\/span><\/li>\n<\/ul>\n<p style=\"padding-left: 80px;\"><span style=\"font-weight: 400;\">Anem amb els alumnes al CAP de Salt a fer una xerrada sobre alimentaci\u00f3 i h\u00e0bits saludables.<\/span><\/p>\n","protected":false},"excerpt":{"rendered":"<p>Relaci\u00f3 amb l\u2019entorn XERRADES I TALLERS: Totes aquestes xerrades i tallers, estan vinculats amb el contingut d\u2019un o diversos m\u00f2duls, que despr\u00e9s aprofitem i treballem a l\u2019aula. Xerrades mossos d\u2019esquadra \u00a0Els mossos d\u2019esquadra col\u00b7laboren amb nosaltres fent unes xerrades sobre la viol\u00e8ncia de g\u00e8nere, les drogues, internet segura i les situacions de risc i prevenci\u00f3 [&hellip;]<\/p>\n","protected":false},"author":1,"featured_media":0,"parent":12150,"menu_order":0,"comment_status":"closed","ping_status":"closed","template":"","meta":{"_bbp_topic_count":0,"_bbp_reply_count":0,"_bbp_total_topic_count":0,"_bbp_total_reply_count":0,"_bbp_voice_count":0,"_bbp_anonymous_reply_count":0,"_bbp_topic_count_hidden":0,"_bbp_reply_count_hidden":0,"_bbp_forum_subforum_count":0,"site-sidebar-layout":"default","site-content-layout":"","ast-site-content-layout":"default","site-content-style":"default","site-sidebar-style":"default","ast-global-header-display":"","ast-banner-title-visibility":"","ast-main-header-display":"","ast-hfb-above-header-display":"","ast-hfb-below-header-display":"","ast-hfb-mobile-header-display":"","site-post-title":"","ast-breadcrumbs-content":"","ast-featured-img":"","footer-sml-layout":"","theme-transparent-header-meta":"default","adv-header-id-meta":"","stick-header-meta":"","header-above-stick-meta":"","header-main-stick-meta":"","header-below-stick-meta":"","astra-migrate-meta-layouts":"set","ast-page-background-enabled":"default","ast-page-background-meta":{"desktop":{"background-color":"var(--ast-global-color-4)","background-image":"","background-repeat":"repeat","background-position":"center center","background-size":"auto","background-attachment":"scroll","background-type":"","background-media":"","overlay-type":"","overlay-color":"","overlay-opacity":"","overlay-gradient":""},"tablet":{"background-color":"","background-image":"","background-repeat":"repeat","background-position":"center center","background-size":"auto","background-attachment":"scroll","background-type":"","background-media":"","overlay-type":"","overlay-color":"","overlay-opacity":"","overlay-gradient":""},"mobile":{"background-color":"","background-image":"","background-repeat":"repeat","background-position":"center center","background-size":"auto","background-attachment":"scroll","background-type":"","background-media":"","overlay-type":"","overlay-color":"","overlay-opacity":"","overlay-gradient":""}},"ast-content-background-meta":{"desktop":{"background-color":"var(--ast-global-color-5)","background-image":"","background-repeat":"repeat","background-position":"center center","background-size":"auto","background-attachment":"scroll","background-type":"","background-media":"","overlay-type":"","overlay-color":"","overlay-opacity":"","overlay-gradient":""},"tablet":{"background-color":"var(--ast-global-color-5)","background-image":"","background-repeat":"repeat","background-position":"center center","background-size":"auto","background-attachment":"scroll","background-type":"","background-media":"","overlay-type":"","overlay-color":"","overlay-opacity":"","overlay-gradient":""},"mobile":{"background-color":"var(--ast-global-color-5)","background-image":"","background-repeat":"repeat","background-position":"center center","background-size":"auto","background-attachment":"scroll","background-type":"","background-media":"","overlay-type":"","overlay-color":"","overlay-opacity":"","overlay-gradient":""}},"footnotes":""},"class_list":["post-12136","page","type-page","status-publish","hentry"],"post_mailing_queue_ids":[],"_links":{"self":[{"href":"https:\/\/agora.xtec.cat\/inssalvadorsunyer\/wp-json\/wp\/v2\/pages\/12136","targetHints":{"allow":["GET"]}}],"collection":[{"href":"https:\/\/agora.xtec.cat\/inssalvadorsunyer\/wp-json\/wp\/v2\/pages"}],"about":[{"href":"https:\/\/agora.xtec.cat\/inssalvadorsunyer\/wp-json\/wp\/v2\/types\/page"}],"author":[{"embeddable":true,"href":"https:\/\/agora.xtec.cat\/inssalvadorsunyer\/wp-json\/wp\/v2\/users\/1"}],"replies":[{"embeddable":true,"href":"https:\/\/agora.xtec.cat\/inssalvadorsunyer\/wp-json\/wp\/v2\/comments?post=12136"}],"version-history":[{"count":5,"href":"https:\/\/agora.xtec.cat\/inssalvadorsunyer\/wp-json\/wp\/v2\/pages\/12136\/revisions"}],"predecessor-version":[{"id":16050,"href":"https:\/\/agora.xtec.cat\/inssalvadorsunyer\/wp-json\/wp\/v2\/pages\/12136\/revisions\/16050"}],"up":[{"embeddable":true,"href":"https:\/\/agora.xtec.cat\/inssalvadorsunyer\/wp-json\/wp\/v2\/pages\/12150"}],"wp:attachment":[{"href":"https:\/\/agora.xtec.cat\/inssalvadorsunyer\/wp-json\/wp\/v2\/media?parent=12136"}],"curies":[{"name":"wp","href":"https:\/\/api.w.org\/{rel}","templated":true}]}}

<p><b>Relació amb l’entorn XERRADES I TALLERS</b><b>:</b></p>
<p><span style="font-weight: 400;">Totes aquestes xerrades i tallers, estan vinculats amb el contingut d’un o diversos mòduls, que després aprofitem i treballem a l’aula.</span></p>
<ul>
<li style="font-weight: 400;" aria-level="1"><span style="font-weight: 400;"><span style="text-decoration: underline;"><strong>Xerrades mossos d’esquadra</strong></span></span>
<ul style="list-style-type: circle;">
<li style="font-weight: 400;" aria-level="1"><span style="font-weight: 400;"> Els mossos d’esquadra col·laboren amb nosaltres fent unes xerrades sobre la violència de gènere, les drogues, internet segura i les situacions de risc i prevenció de delictes als comerços.</span></li>
</ul>
</li>
<li style="font-weight: 400;" aria-level="1"><span style="text-decoration: underline;"><strong>Espai Municipal d’Ocupació (EMO)</strong></span>
<ul style="list-style-type: circle;">
<li style="font-weight: 400;" aria-level="1"><span style="font-weight: 400;">Aquest taller està relacionat amb la recerca de feina. Recursos per a buscar feina i el currículum.</span></li>
</ul>
</li>
<li style="font-weight: 400;" aria-level="1"><span style="text-decoration: underline;"><strong>Primers auxilis</strong></span>
<ul style="list-style-type: circle;">
<li style="font-weight: 400;" aria-level="1"><span style="font-weight: 400;"> L’infermera del nostre centre fa una xerrada de primers auxilis.</span></li>
</ul>
</li>
<li style="font-weight: 400;" aria-level="1"><span style="text-decoration: underline;"><strong>EFEC</strong></span><span style="font-weight: 400;"><span style="text-decoration: underline;"><strong> (Educació financera a les escoles de Catalunya)</strong></span></span>
<ul style="list-style-type: circle;">
<li style="font-weight: 400;" aria-level="1"><span style="font-weight: 400;">L’institut d&#8217;estudis financers (promogut i finançat per la Comissió Europea), ens realitza diverses xerrades de finances: com crear una empresa, com organitzar els ingressos i despeses en la unitat familiar, diversos sistemes de finançament. </span></li>
</ul>
</li>
<li style="font-weight: 400;" aria-level="1"><span style="text-decoration: underline;"><strong>TEMPO, taller de l’ajuntament de Girona</strong></span>
<ul style="list-style-type: circle;">
<li style="font-weight: 400;" aria-level="1"><span style="font-weight: 400;">Cada any l’ajuntament de Girona ens fa un taller a l’institut sobre diverses temàtiques, que després es treballen a tutoria, sobre la convivència, la integració de diversos col·lectius a la societat, la problemàtica de les xarxes socials.</span></li>
</ul>
</li>
<li style="font-weight: 400;" aria-level="1"><strong>Escola Empresa</strong>
<ul style="list-style-type: circle;">
<li style="font-weight: 400;" aria-level="1"><span style="font-weight: 400;">Cada any ens envien una empresa diferent i ens explica com són els inicis d’una empresa real i la seva trajectòria.</span></li>
</ul>
</li>
<li style="font-weight: 400;" aria-level="1"><span style="text-decoration: underline;"><strong>Unió Europea</strong></span>
<ul style="list-style-type: circle;">
<li style="font-weight: 400;" aria-level="1"><span style="font-weight: 400;">Un expert ens fa una xerrada sobre les institucions de la UE i oferta formativa i laboral Europea, per informar als nostres estudiants de les oportunitats que tenen a nivell europeu. </span></li>
</ul>
</li>
<li style="font-weight: 400;" aria-level="1"><span style="text-decoration: underline;"><strong>Agència Catalana del consum</strong></span>
<ul style="list-style-type: circle;">
<li style="font-weight: 400;" aria-level="1"><span style="font-weight: 400;">Ens fan unes xerrades sobre protecció de dades dels consumidors i els drets del consumidor.</span></li>
</ul>
</li>
</ul>
<p>&nbsp;</p>
<p><b>Relació amb l’entorn SORTIDES:</b></p>
<p><span style="font-weight: 400;">Totes aquestes sortides també estan vinculats amb el contingut d’un o diversos mòduls, que després aprofitem i treballem a l’aula.</span></p>
<ul>
<li style="font-weight: 400;" aria-level="1"><span style="text-decoration: underline;"><strong>Fira de mostres</strong></span></li>
</ul>
<p style="padding-left: 80px;"><span style="font-weight: 400;">Fem una sortida a la fires de mostres, per les fires de Girona, als estands.</span></p>
<ul>
<li style="font-weight: 400;" aria-level="1"><span style="text-decoration: underline;"><strong>Empresaula</strong></span></li>
</ul>
<p style="padding-left: 80px;"><span style="font-weight: 400;">Sortida a Barcelona per a la presentació en públic del projecte d’empresaula, que fan els nostres alumnes de FCT a l’aula. Aquesta trobada es fa conjuntament amb tots els instituts que hi col·laboren, de tot Espanya.</span></p>
<ul>
<li style="font-weight: 400;" aria-level="1"><span style="text-decoration: underline;"><strong>Fira de Girona-Expojove</strong></span></li>
</ul>
<p style="padding-left: 80px;"><span style="font-weight: 400;">Aquesta sortida es treballa des de tutoria, per a la continuïtat d’estudis dels nostres alumnes. </span></p>
<ul>
<li style="font-weight: 400;" aria-level="1"><span style="text-decoration: underline;"><strong>Temps de flors</strong></span></li>
</ul>
<p style="padding-left: 80px;"><span style="font-weight: 400;">Fem una visita per Girona al Temps de flors i els alumnes fan activitats durant el recorregut, que després es treballen a l&#8217;aula. </span></p>
<ul>
<li style="font-weight: 400;" aria-level="1"><span style="text-decoration: underline;"><strong>Espai Gironès</strong></span></li>
</ul>
<p style="padding-left: 80px;"><span style="font-weight: 400;">Durant el curs es fan diverses sortides als comerços del centre comercial Espai Gironès, per a realitzar diverses activitats i treballs.</span></p>
<ul>
<li style="font-weight: 400;" aria-level="1"><span style="text-decoration: underline;"><strong>Nutrició</strong></span></li>
</ul>
<p style="padding-left: 80px;"><span style="font-weight: 400;">Anem amb els alumnes al CAP de Salt a fer una xerrada sobre alimentació i hàbits saludables.</span></p>

<p>Relació amb l’entorn XERRADES I TALLERS: Totes aquestes xerrades i tallers, estan vinculats amb el contingut d’un o diversos mòduls, que després aprofitem i treballem a l’aula. Xerrades mossos d’esquadra  Els mossos d’esquadra col·laboren amb nosaltres fent unes xerrades sobre la violència de gènere, les drogues, internet segura i les situacions de risc i prevenció [&hellip;]</p>
