{"id":12128,"date":"2021-05-10T08:53:15","date_gmt":"2021-05-10T06:53:15","guid":{"rendered":"http:\/\/agora.xtec.cat\/inssalvadorsunyer\/?page_id=12128"},"modified":"2026-04-09T10:13:17","modified_gmt":"2026-04-09T08:13:17","slug":"normativa-cicle-nofc","status":"publish","type":"page","link":"https:\/\/agora.xtec.cat\/inssalvadorsunyer\/estudis\/presentacio-cfgm-comerc-i-marqueting\/normativa-cicle-nofc\/","title":{"rendered":"NORMATIVA CICLE-NOFC"},"content":{"rendered":"<p style=\"text-align: center;\"><b>CRITERIS GENERALS D\u2019AVALUACI\u00d3<\/b><\/p>\n<p><b>1.-ASSIST\u00c8NCIA<\/b><b> &#8211; <\/b><span style=\"font-weight: 400;\">L\u2019assist\u00e8ncia al m\u00f2dul \u00e9s <\/span><b>obligat\u00f2ria<\/b><span style=\"font-weight: 400;\">.<\/span><\/p>\n<ul>\n<li style=\"font-weight: 400;\" aria-level=\"1\"><span style=\"font-weight: 400;\">Per tenir dret a la correcci\u00f3 de les proves, s\u2019ha d\u2019haver assistit al 80% de les hores de classe per m\u00f2dul. Per tenir dret a fer les recuperacions de segona convocat\u00f2ria del juny, cal haver assistit a un 60% de les hores del m\u00f2dul de classe, segons acord de l\u2019Equip Docent de Comer\u00e7. Si l&#8217;alumne passa aquests %, no ser\u00e0\u00a0 avaluat.<\/span><\/li>\n<\/ul>\n<p><span style=\"font-weight: 400;\">Es recorda als alumnes que nom\u00e9s tenen <\/span><b>4 convocat\u00f2ries<\/b><span style=\"font-weight: 400;\"> per superar cada m\u00f2dul professional, excepte les FCT que s\u00f3n 2 convocat\u00f2ries.<\/span><\/p>\n<ul>\n<li style=\"font-weight: 400;\" aria-level=\"1\"><span style=\"font-weight: 400;\">Si per causa justificada i prevista amb antelaci\u00f3 has de <\/span><b>faltar a classe<\/b><span style=\"font-weight: 400;\"> o sortir abans del centre, cal avisar al tutor\/a pr\u00e8viament. I despr\u00e9s portar el justificant oficial corresponent. Si no est\u00e0 previst amb antelaci\u00f3 i l\u2019alumne \u00e9s menor els pares hauran d\u2019avisar al centre, per escrit, en persona o trucar per tel\u00e8fon.<\/span><\/li>\n<\/ul>\n<p style=\"text-align: center;\">\n<p><b>2.-EX\u00c0MENS:<\/b><span style=\"font-weight: 400;\">\u00a0\u00a0<\/span><\/p>\n<ul>\n<li style=\"font-weight: 400;\" aria-level=\"4\"><span style=\"font-weight: 400;\">Els ex\u00e0mens es realitzaran durant el curs durant les 33 setmanes (de setembre a maig). En el cas que l\u2019alumne <\/span><b>no es presenti a un examen<\/b><span style=\"font-weight: 400;\">, caldr\u00e0 justificar correctament i documentalment a la tutora. Nom\u00e9s en el cas que el motiu sigui per causa de for\u00e7a major, greu i justificada,\u00a0 es repetir\u00e0 l\u2019examen.<\/span><\/li>\n<li style=\"font-weight: 400;\" aria-level=\"4\"><span style=\"font-weight: 400;\">Si l\u2019alumne falta en <\/span><b>hores pr\u00e8vies a l\u2019examen<\/b><span style=\"font-weight: 400;\">, la nota es reduir\u00e0 un 20%.<\/span><\/li>\n<li style=\"font-weight: 400;\" aria-level=\"4\"><span style=\"font-weight: 400;\">Qualsevol <\/span><b>acte o comportament<\/b><span style=\"font-weight: 400;\"> que es consideri <\/span><b>sospit\u00f3s <\/b><span style=\"font-weight: 400;\">en un examen o activitat, comportar\u00e0 suspendre i el cas es posar\u00e0 en coneixement de l\u2019equip docent i, si cal, d\u2019inst\u00e0ncies superiors.<\/span><\/li>\n<li style=\"font-weight: 400;\" aria-level=\"4\"><span style=\"font-weight: 400;\">La <\/span><b>nota m\u00ednima<\/b><span style=\"font-weight: 400;\"> que s\u2019ha de treure en cada tema per a poder fer la mitjana ser\u00e0 de 4. I cada RA s\u2019ha de superar amb un 5.<\/span><\/li>\n<li style=\"font-weight: 400;\" aria-level=\"4\"><b>No es deixar\u00e0 entrar<\/b><span style=\"font-weight: 400;\"> a cap alumne a l&#8217;examen una vegada que aquest estigui lliurat a la resta d\u2019alumnes.<\/span><\/li>\n<li style=\"font-weight: 400;\" aria-level=\"4\"><span style=\"font-weight: 400;\">Els alumnes per a poder fer l&#8217;examen, caldr\u00e0 que hagin entregat i aprovat <\/span><b>totes les activitats<\/b><span style=\"font-weight: 400;\"> que exigeix el professor pr\u00e8viament, per a poder-lo fer.<\/span><\/li>\n<\/ul>\n<p><b>3.-RECUPERACIONS<\/b><b>:<\/b><\/p>\n<ul>\n<li style=\"font-weight: 400;\" aria-level=\"1\"><span style=\"font-weight: 400;\">Els alumnes que <\/span><b>hagin susp\u00e8s o no s\u2019hagin presentat<\/b><span style=\"font-weight: 400;\"> a un examen, al final del RA es podr\u00e0 recuperar, nom\u00e9s amb un 5. Si no s\u2019aprova un RA li quedar\u00e0 suspesa pel juny.\u00a0 I si el juny no s\u2019aprova, quedar\u00e0 suspesa tota l\u2019assignatura pel curs vinent.\u00a0<\/span><\/li>\n<li style=\"font-weight: 400;\" aria-level=\"1\"><span style=\"font-weight: 400;\">Tots els alumnes que hagin d\u2019anar a recuperaci\u00f3, el professor\/a del m\u00f2dul si ho considera necessari, demanar\u00e0 a l\u2019alumne que entregui les <\/span><b>activitats necess\u00e0ries<\/b><span style=\"font-weight: 400;\">, per a poder assistir a l\u2019examen de recuperaci\u00f3.<\/span><\/li>\n<\/ul>\n<p><b>4.-AVALUACIONS:<\/b><span style=\"font-weight: 400;\">\u00a0<\/span><\/p>\n<p><span style=\"font-weight: 400;\">Es donaran notes orientatives per Nadal i per Setmana Santa i a final de curs es donar\u00e0 la nota final del m\u00f2dul. Si hi ha m\u00f2duls que tenen hores FCT, un cop acabada aquesta es donar\u00e0 la nota final del m\u00f2dul.<\/span><\/p>\n<p><b>CRITERIS PER CURSAR DUAL<\/b><\/p>\n<p><b>Per a poder accedir a realitzar les pr\u00e0ctiques DUAL a l\u2019empresa, els alumnes hauran de complir els seg\u00fcents requisits:<\/b><\/p>\n<p style=\"text-align: center;\">\n<ol>\n<li style=\"font-weight: 400;\" aria-level=\"1\"><span style=\"font-weight: 400;\">Tenir <\/span><b>aprovats els Resultats d\u2019Aprenentatge de Riscos Laborals<\/b> <span style=\"font-weight: 400;\">&#8211; del m\u00f2dul professional IPO1.<\/span><\/li>\n<li style=\"font-weight: 400;\" aria-level=\"1\"><span style=\"font-weight: 400;\">Tenir una <\/span><b>valoraci\u00f3 positiva<\/b><span style=\"font-weight: 400;\"> de l\u2019equip docent que tindr\u00e0 en compte els seg\u00fcents criteris:<\/span>\n<ol>\n<li style=\"font-weight: 400;\" aria-level=\"2\"><span style=\"font-weight: 400;\">Actitud<\/span><span style=\"font-weight: 400;\">: es prendr\u00e0 com a indicador el n\u00famero d\u2019incid\u00e8ncies i la gravetat si s\u00f3n lleus o greus.<\/span><\/li>\n<li style=\"font-weight: 400;\" aria-level=\"2\"><span style=\"font-weight: 400;\">L\u2019assist\u00e8ncia<\/span><\/li>\n<li style=\"font-weight: 400;\" aria-level=\"2\"><span style=\"font-weight: 400;\">Els resultats acad\u00e8mics<\/span><\/li>\n<\/ol>\n<\/li>\n<\/ol>\n","protected":false},"excerpt":{"rendered":"<p>CRITERIS GENERALS D\u2019AVALUACI\u00d3 1.-ASSIST\u00c8NCIA &#8211; L\u2019assist\u00e8ncia al m\u00f2dul \u00e9s obligat\u00f2ria. Per tenir dret a la correcci\u00f3 de les proves, s\u2019ha d\u2019haver assistit al 80% de les hores de classe per m\u00f2dul. Per tenir dret a fer les recuperacions de segona convocat\u00f2ria del juny, cal haver assistit a un 60% de les hores del m\u00f2dul de [&hellip;]<\/p>\n","protected":false},"author":1,"featured_media":0,"parent":12150,"menu_order":0,"comment_status":"closed","ping_status":"closed","template":"","meta":{"_bbp_topic_count":0,"_bbp_reply_count":0,"_bbp_total_topic_count":0,"_bbp_total_reply_count":0,"_bbp_voice_count":0,"_bbp_anonymous_reply_count":0,"_bbp_topic_count_hidden":0,"_bbp_reply_count_hidden":0,"_bbp_forum_subforum_count":0,"site-sidebar-layout":"default","site-content-layout":"","ast-site-content-layout":"default","site-content-style":"default","site-sidebar-style":"default","ast-global-header-display":"","ast-banner-title-visibility":"","ast-main-header-display":"","ast-hfb-above-header-display":"","ast-hfb-below-header-display":"","ast-hfb-mobile-header-display":"","site-post-title":"","ast-breadcrumbs-content":"","ast-featured-img":"","footer-sml-layout":"","theme-transparent-header-meta":"default","adv-header-id-meta":"","stick-header-meta":"","header-above-stick-meta":"","header-main-stick-meta":"","header-below-stick-meta":"","astra-migrate-meta-layouts":"set","ast-page-background-enabled":"default","ast-page-background-meta":{"desktop":{"background-color":"var(--ast-global-color-4)","background-image":"","background-repeat":"repeat","background-position":"center center","background-size":"auto","background-attachment":"scroll","background-type":"","background-media":"","overlay-type":"","overlay-color":"","overlay-opacity":"","overlay-gradient":""},"tablet":{"background-color":"","background-image":"","background-repeat":"repeat","background-position":"center center","background-size":"auto","background-attachment":"scroll","background-type":"","background-media":"","overlay-type":"","overlay-color":"","overlay-opacity":"","overlay-gradient":""},"mobile":{"background-color":"","background-image":"","background-repeat":"repeat","background-position":"center center","background-size":"auto","background-attachment":"scroll","background-type":"","background-media":"","overlay-type":"","overlay-color":"","overlay-opacity":"","overlay-gradient":""}},"ast-content-background-meta":{"desktop":{"background-color":"var(--ast-global-color-5)","background-image":"","background-repeat":"repeat","background-position":"center center","background-size":"auto","background-attachment":"scroll","background-type":"","background-media":"","overlay-type":"","overlay-color":"","overlay-opacity":"","overlay-gradient":""},"tablet":{"background-color":"var(--ast-global-color-5)","background-image":"","background-repeat":"repeat","background-position":"center center","background-size":"auto","background-attachment":"scroll","background-type":"","background-media":"","overlay-type":"","overlay-color":"","overlay-opacity":"","overlay-gradient":""},"mobile":{"background-color":"var(--ast-global-color-5)","background-image":"","background-repeat":"repeat","background-position":"center center","background-size":"auto","background-attachment":"scroll","background-type":"","background-media":"","overlay-type":"","overlay-color":"","overlay-opacity":"","overlay-gradient":""}},"footnotes":""},"class_list":["post-12128","page","type-page","status-publish","hentry"],"post_mailing_queue_ids":[],"_links":{"self":[{"href":"https:\/\/agora.xtec.cat\/inssalvadorsunyer\/wp-json\/wp\/v2\/pages\/12128","targetHints":{"allow":["GET"]}}],"collection":[{"href":"https:\/\/agora.xtec.cat\/inssalvadorsunyer\/wp-json\/wp\/v2\/pages"}],"about":[{"href":"https:\/\/agora.xtec.cat\/inssalvadorsunyer\/wp-json\/wp\/v2\/types\/page"}],"author":[{"embeddable":true,"href":"https:\/\/agora.xtec.cat\/inssalvadorsunyer\/wp-json\/wp\/v2\/users\/1"}],"replies":[{"embeddable":true,"href":"https:\/\/agora.xtec.cat\/inssalvadorsunyer\/wp-json\/wp\/v2\/comments?post=12128"}],"version-history":[{"count":4,"href":"https:\/\/agora.xtec.cat\/inssalvadorsunyer\/wp-json\/wp\/v2\/pages\/12128\/revisions"}],"predecessor-version":[{"id":16033,"href":"https:\/\/agora.xtec.cat\/inssalvadorsunyer\/wp-json\/wp\/v2\/pages\/12128\/revisions\/16033"}],"up":[{"embeddable":true,"href":"https:\/\/agora.xtec.cat\/inssalvadorsunyer\/wp-json\/wp\/v2\/pages\/12150"}],"wp:attachment":[{"href":"https:\/\/agora.xtec.cat\/inssalvadorsunyer\/wp-json\/wp\/v2\/media?parent=12128"}],"curies":[{"name":"wp","href":"https:\/\/api.w.org\/{rel}","templated":true}]}}

<p style="text-align: center;"><b>CRITERIS GENERALS D’AVALUACIÓ</b></p>
<p><b>1.-ASSISTÈNCIA</b><b> &#8211; </b><span style="font-weight: 400;">L’assistència al mòdul és </span><b>obligatòria</b><span style="font-weight: 400;">.</span></p>
<ul>
<li style="font-weight: 400;" aria-level="1"><span style="font-weight: 400;">Per tenir dret a la correcció de les proves, s’ha d’haver assistit al 80% de les hores de classe per mòdul. Per tenir dret a fer les recuperacions de segona convocatòria del juny, cal haver assistit a un 60% de les hores del mòdul de classe, segons acord de l’Equip Docent de Comerç. Si l&#8217;alumne passa aquests %, no serà  avaluat.</span></li>
</ul>
<p><span style="font-weight: 400;">Es recorda als alumnes que només tenen </span><b>4 convocatòries</b><span style="font-weight: 400;"> per superar cada mòdul professional, excepte les FCT que són 2 convocatòries.</span></p>
<ul>
<li style="font-weight: 400;" aria-level="1"><span style="font-weight: 400;">Si per causa justificada i prevista amb antelació has de </span><b>faltar a classe</b><span style="font-weight: 400;"> o sortir abans del centre, cal avisar al tutor/a prèviament. I després portar el justificant oficial corresponent. Si no està previst amb antelació i l’alumne és menor els pares hauran d’avisar al centre, per escrit, en persona o trucar per telèfon.</span></li>
</ul>
<p style="text-align: center;">
<p><b>2.-EXÀMENS:</b><span style="font-weight: 400;">  </span></p>
<ul>
<li style="font-weight: 400;" aria-level="4"><span style="font-weight: 400;">Els exàmens es realitzaran durant el curs durant les 33 setmanes (de setembre a maig). En el cas que l’alumne </span><b>no es presenti a un examen</b><span style="font-weight: 400;">, caldrà justificar correctament i documentalment a la tutora. Només en el cas que el motiu sigui per causa de força major, greu i justificada,  es repetirà l’examen.</span></li>
<li style="font-weight: 400;" aria-level="4"><span style="font-weight: 400;">Si l’alumne falta en </span><b>hores prèvies a l’examen</b><span style="font-weight: 400;">, la nota es reduirà un 20%.</span></li>
<li style="font-weight: 400;" aria-level="4"><span style="font-weight: 400;">Qualsevol </span><b>acte o comportament</b><span style="font-weight: 400;"> que es consideri </span><b>sospitós </b><span style="font-weight: 400;">en un examen o activitat, comportarà suspendre i el cas es posarà en coneixement de l’equip docent i, si cal, d’instàncies superiors.</span></li>
<li style="font-weight: 400;" aria-level="4"><span style="font-weight: 400;">La </span><b>nota mínima</b><span style="font-weight: 400;"> que s’ha de treure en cada tema per a poder fer la mitjana serà de 4. I cada RA s’ha de superar amb un 5.</span></li>
<li style="font-weight: 400;" aria-level="4"><b>No es deixarà entrar</b><span style="font-weight: 400;"> a cap alumne a l&#8217;examen una vegada que aquest estigui lliurat a la resta d’alumnes.</span></li>
<li style="font-weight: 400;" aria-level="4"><span style="font-weight: 400;">Els alumnes per a poder fer l&#8217;examen, caldrà que hagin entregat i aprovat </span><b>totes les activitats</b><span style="font-weight: 400;"> que exigeix el professor prèviament, per a poder-lo fer.</span></li>
</ul>
<p><b>3.-RECUPERACIONS</b><b>:</b></p>
<ul>
<li style="font-weight: 400;" aria-level="1"><span style="font-weight: 400;">Els alumnes que </span><b>hagin suspès o no s’hagin presentat</b><span style="font-weight: 400;"> a un examen, al final del RA es podrà recuperar, només amb un 5. Si no s’aprova un RA li quedarà suspesa pel juny.  I si el juny no s’aprova, quedarà suspesa tota l’assignatura pel curs vinent. </span></li>
<li style="font-weight: 400;" aria-level="1"><span style="font-weight: 400;">Tots els alumnes que hagin d’anar a recuperació, el professor/a del mòdul si ho considera necessari, demanarà a l’alumne que entregui les </span><b>activitats necessàries</b><span style="font-weight: 400;">, per a poder assistir a l’examen de recuperació.</span></li>
</ul>
<p><b>4.-AVALUACIONS:</b><span style="font-weight: 400;"> </span></p>
<p><span style="font-weight: 400;">Es donaran notes orientatives per Nadal i per Setmana Santa i a final de curs es donarà la nota final del mòdul. Si hi ha mòduls que tenen hores FCT, un cop acabada aquesta es donarà la nota final del mòdul.</span></p>
<p><b>CRITERIS PER CURSAR DUAL</b></p>
<p><b>Per a poder accedir a realitzar les pràctiques DUAL a l’empresa, els alumnes hauran de complir els següents requisits:</b></p>
<p style="text-align: center;">
<ol>
<li style="font-weight: 400;" aria-level="1"><span style="font-weight: 400;">Tenir </span><b>aprovats els Resultats d’Aprenentatge de Riscos Laborals</b> <span style="font-weight: 400;">&#8211; del mòdul professional IPO1.</span></li>
<li style="font-weight: 400;" aria-level="1"><span style="font-weight: 400;">Tenir una </span><b>valoració positiva</b><span style="font-weight: 400;"> de l’equip docent que tindrà en compte els següents criteris:</span>
<ol>
<li style="font-weight: 400;" aria-level="2"><span style="font-weight: 400;">Actitud</span><span style="font-weight: 400;">: es prendrà com a indicador el número d’incidències i la gravetat si són lleus o greus.</span></li>
<li style="font-weight: 400;" aria-level="2"><span style="font-weight: 400;">L’assistència</span></li>
<li style="font-weight: 400;" aria-level="2"><span style="font-weight: 400;">Els resultats acadèmics</span></li>
</ol>
</li>
</ol>

<p>CRITERIS GENERALS D’AVALUACIÓ 1.-ASSISTÈNCIA &#8211; L’assistència al mòdul és obligatòria. Per tenir dret a la correcció de les proves, s’ha d’haver assistit al 80% de les hores de classe per mòdul. Per tenir dret a fer les recuperacions de segona convocatòria del juny, cal haver assistit a un 60% de les hores del mòdul de [&hellip;]</p>
