{"id":400,"date":"2017-10-22T20:57:53","date_gmt":"2017-10-22T18:57:53","guid":{"rendered":"http:\/\/agora.xtec.cat\/insrosetamauri\/?page_id=400"},"modified":"2020-12-06T18:45:22","modified_gmt":"2020-12-06T17:45:22","slug":"projecte-epi","status":"publish","type":"page","link":"https:\/\/agora.xtec.cat\/insrosetamauri\/projecte-educatiu\/projecte-epi\/","title":{"rendered":"Projecte EPI"},"content":{"rendered":"<h3><\/h3>\n<p>El projecte EPI Jove t\u00e9 com objectiu fer arribar informaci\u00f3 als joves sobre diferents \u00e0mbits de la seva vida per tal de treballar la igualtat d&#8217;oportunitats i la no violencia masclista a trav\u00e9s de la dinamitzaci\u00f3 i la informaci\u00f3. \u00c9s per aix , que es facilita i es potencia l&#8217;apropament entre els centres d&#8217;ensenyament i els espais juvenils del municipi mitjan\u00e7ant la coordinaci\u00f3 d&#8217;activitats conjuntes i complement\u00e0ries. Les activitats englobades en el projecte EPI Jove parteixen d&#8217;una metodologia participativa i fomenten experi\u00e8ncies que connectin l&#8217;equipament escolar amb l&#8217;entorn social i cultural del jovent i impulsant projectes de participaci\u00f3 on els alumnes s&#8217;impliquin, prenguin decisions i es comprometin tant amb el centre com amb l&#8217;entorn que els envolta.<\/p>\n","protected":false},"excerpt":{"rendered":"<p>El projecte EPI Jove t\u00e9 com objectiu fer arribar informaci\u00f3 als joves sobre diferents \u00e0mbits de la seva vida per tal de treballar la igualtat d&#8217;oportunitats i la no violencia masclista a trav\u00e9s de la dinamitzaci\u00f3 i la informaci\u00f3. \u00c9s per aix , que es&hellip;  <a href=\"https:\/\/agora.xtec.cat\/insrosetamauri\/projecte-educatiu\/projecte-epi\/\" title=\"Read Projecte EPI\">Llegeix m\u00e9s\u00bb<\/a><\/p>\n","protected":false},"author":3,"featured_media":0,"parent":57,"menu_order":10,"comment_status":"closed","ping_status":"closed","template":"page-templates\/side-menu.php","meta":{"_bbp_topic_count":0,"_bbp_reply_count":0,"_bbp_total_topic_count":0,"_bbp_total_reply_count":0,"_bbp_voice_count":0,"_bbp_anonymous_reply_count":0,"_bbp_topic_count_hidden":0,"_bbp_reply_count_hidden":0,"_bbp_forum_subforum_count":0,"footnotes":""},"class_list":["post-400","page","type-page","status-publish","hentry"],"post_mailing_queue_ids":[],"_links":{"self":[{"href":"https:\/\/agora.xtec.cat\/insrosetamauri\/wp-json\/wp\/v2\/pages\/400","targetHints":{"allow":["GET"]}}],"collection":[{"href":"https:\/\/agora.xtec.cat\/insrosetamauri\/wp-json\/wp\/v2\/pages"}],"about":[{"href":"https:\/\/agora.xtec.cat\/insrosetamauri\/wp-json\/wp\/v2\/types\/page"}],"author":[{"embeddable":true,"href":"https:\/\/agora.xtec.cat\/insrosetamauri\/wp-json\/wp\/v2\/users\/3"}],"replies":[{"embeddable":true,"href":"https:\/\/agora.xtec.cat\/insrosetamauri\/wp-json\/wp\/v2\/comments?post=400"}],"version-history":[{"count":2,"href":"https:\/\/agora.xtec.cat\/insrosetamauri\/wp-json\/wp\/v2\/pages\/400\/revisions"}],"predecessor-version":[{"id":653,"href":"https:\/\/agora.xtec.cat\/insrosetamauri\/wp-json\/wp\/v2\/pages\/400\/revisions\/653"}],"up":[{"embeddable":true,"href":"https:\/\/agora.xtec.cat\/insrosetamauri\/wp-json\/wp\/v2\/pages\/57"}],"wp:attachment":[{"href":"https:\/\/agora.xtec.cat\/insrosetamauri\/wp-json\/wp\/v2\/media?parent=400"}],"curies":[{"name":"wp","href":"https:\/\/api.w.org\/{rel}","templated":true}]}}