{"id":397,"date":"2017-10-22T20:54:16","date_gmt":"2017-10-22T18:54:16","guid":{"rendered":"http:\/\/agora.xtec.cat\/insrosetamauri\/?page_id=397"},"modified":"2020-12-06T18:44:48","modified_gmt":"2020-12-06T17:44:48","slug":"projecte-tutoria-entre-iguals","status":"publish","type":"page","link":"https:\/\/agora.xtec.cat\/insrosetamauri\/projecte-educatiu\/projecte-tutoria-entre-iguals\/","title":{"rendered":"Projecte Tutoria entre iguals"},"content":{"rendered":"<p style=\"text-align: justify;\">\u00c9s un projecte de centre impulsat des de la Comissi\u00f3 d\u2019atenci\u00f3 a la diversitat i coordinat pel Departament d\u2019Orientaci\u00f3 educativa. \u00a0Un alumne de 4t d&#8217;ESO es converteix en referent i tutor d\u2019un alumne de 1r d\u2019ESO. Forma part de l\u2019acollida que el centre d\u00f3na als alumnes que acaben d\u2019incorporar-se a l\u2019etapa secund\u00e0ria amb els seg\u00fcents objectius:<\/p>\n<p style=\"text-align: justify;\">\u2022 Afavorir la incorporaci\u00f3 dels alumnes de primer, disminuint possibles situacions conflictives.<br \/>\n\u2022 Proporcionar als alumnes tutors habilitats i estrat\u00e8gies competencials.<br \/>\n\u2022 Millorar l\u2019autoestima.<br \/>\n\u2022 Ajudar en \u00a0la planificaci\u00f3 i organitzaci\u00f3 dels estudis dels m\u00e9s petits.<br \/>\n\u2022 Crear vincles afectius entre els alumnes que els ajudi en el seu desenvolupament futur (que vagi m\u00e9s enll\u00e0 de les trobades organitzades en el projecte).<\/p>\n","protected":false},"excerpt":{"rendered":"<p>\u00c9s un projecte de centre impulsat des de la Comissi\u00f3 d\u2019atenci\u00f3 a la diversitat i coordinat pel Departament d\u2019Orientaci\u00f3 educativa. \u00a0Un alumne de 4t d&#8217;ESO es converteix en referent i tutor d\u2019un alumne de 1r d\u2019ESO. Forma part de l\u2019acollida que el centre d\u00f3na als&hellip;  <a href=\"https:\/\/agora.xtec.cat\/insrosetamauri\/projecte-educatiu\/projecte-tutoria-entre-iguals\/\" title=\"Read Projecte Tutoria entre iguals\">Llegeix m\u00e9s\u00bb<\/a><\/p>\n","protected":false},"author":3,"featured_media":0,"parent":57,"menu_order":8,"comment_status":"closed","ping_status":"closed","template":"page-templates\/side-menu.php","meta":{"_bbp_topic_count":0,"_bbp_reply_count":0,"_bbp_total_topic_count":0,"_bbp_total_reply_count":0,"_bbp_voice_count":0,"_bbp_anonymous_reply_count":0,"_bbp_topic_count_hidden":0,"_bbp_reply_count_hidden":0,"_bbp_forum_subforum_count":0,"footnotes":""},"class_list":["post-397","page","type-page","status-publish","hentry"],"post_mailing_queue_ids":[],"_links":{"self":[{"href":"https:\/\/agora.xtec.cat\/insrosetamauri\/wp-json\/wp\/v2\/pages\/397","targetHints":{"allow":["GET"]}}],"collection":[{"href":"https:\/\/agora.xtec.cat\/insrosetamauri\/wp-json\/wp\/v2\/pages"}],"about":[{"href":"https:\/\/agora.xtec.cat\/insrosetamauri\/wp-json\/wp\/v2\/types\/page"}],"author":[{"embeddable":true,"href":"https:\/\/agora.xtec.cat\/insrosetamauri\/wp-json\/wp\/v2\/users\/3"}],"replies":[{"embeddable":true,"href":"https:\/\/agora.xtec.cat\/insrosetamauri\/wp-json\/wp\/v2\/comments?post=397"}],"version-history":[{"count":3,"href":"https:\/\/agora.xtec.cat\/insrosetamauri\/wp-json\/wp\/v2\/pages\/397\/revisions"}],"predecessor-version":[{"id":2465,"href":"https:\/\/agora.xtec.cat\/insrosetamauri\/wp-json\/wp\/v2\/pages\/397\/revisions\/2465"}],"up":[{"embeddable":true,"href":"https:\/\/agora.xtec.cat\/insrosetamauri\/wp-json\/wp\/v2\/pages\/57"}],"wp:attachment":[{"href":"https:\/\/agora.xtec.cat\/insrosetamauri\/wp-json\/wp\/v2\/media?parent=397"}],"curies":[{"name":"wp","href":"https:\/\/api.w.org\/{rel}","templated":true}]}}