{"id":393,"date":"2017-10-22T20:55:42","date_gmt":"2017-10-22T18:55:42","guid":{"rendered":"http:\/\/agora.xtec.cat\/insrosetamauri\/?page_id=393"},"modified":"2020-12-06T18:45:06","modified_gmt":"2020-12-06T17:45:06","slug":"projecte-salut-i-escola","status":"publish","type":"page","link":"https:\/\/agora.xtec.cat\/insrosetamauri\/projecte-educatiu\/projecte-salut-i-escola\/","title":{"rendered":"Projecte Salut i Escola"},"content":{"rendered":"<h3><\/h3>\n<div>\n<p>&nbsp;<\/p>\n<p><span lang=\"CA\">L\u00b4institut Roseta Mauri est\u00e0 dins del projecte Salut a l&#8217;escola on l\u2019objectiu principal \u00e9s vetllar per la salut aliment\u00e0ria i afectiva de tots els alumnes del centre amb la finalitat que millorin el seu rendiment acad\u00e8mic i evitar el sobrep\u00e8s.<\/span><\/p>\n<p><span lang=\"CA\">Volem conscienciar els pares de la import\u00e0ncia de seguir els suggeriments\u00a0 establerts pel centre per tal de millorar el seu rendiment acad\u00e8mic i concentraci\u00f3 i alhora millorar el nostre entorn.<\/span><\/p>\n<\/div>\n<div><\/div>\n<p>Aquest curs 2018-19 l&#8217;institut tindr\u00e0 el recolzament del programa salut i escola amb una infermera del CAP setmanalment. Ho hem d&#8217;aprofitar!<\/p>\n<p>Infermera: S\u00f2nia Garcia<br \/>\nResponsable INS: MEug\u00e8nia Vilella<br \/>\nHorari: cada dimarts 11.15-13.15h al despatx de davant de consergeria.<br \/>\nDemanar consulta: tutor\/a, MEug\u00e8nia o al mail: salutiescola@iesrosetamauri.org<\/p>\n<div><\/div>\n<div><\/div>\n<div><\/div>\n<p>PROGRAMA &#8220;Tu i Al\u00edcia per la Salut&#8221;<\/p>\n<div><\/div>\n<div>\n<div>\n<div>\n<h4>Programa TAS<\/h4>\n<div><\/div>\n<\/div>\n<\/div>\n<\/div>\n<p>El programa TAS ( tu i al\u00edcia per la salut), t\u00e9 com\u00a0objectiu principal\u00a0 assegurar que els joves adquireixin els coneixements, habilitats i destreses necess\u00e0ries per evitar que en el futur desenvolupin malalties relacionades amb uns mals h\u00e0bits alimentaris i de salut, \u00e9s a dir, millorar-ne la qualitat de vida.<\/p>\n<p>Per assolir aquest objectiu, s\u00b4esperen aquests resultats:<\/p>\n<ul>\n<li>Con\u00e8ixer els h\u00e0bits dels estudiants adolescents espanyols.<\/li>\n<li>Que els estudiants coneguin com cal menjar i l\u2019activitat f\u00edsica que cal realitzar per mantenir una bona salut, i aconseguir que s\u2019adonin de les difer\u00e8ncies que existeixen entre el que mengen i l\u2019activitat f\u00edsica que realitzen i el que recomanen els experts.<\/li>\n<li>Convertir a aquests estudiants en els estrategs per oferir propostes i solucions (adaptades a la seva generaci\u00f3, estil de vida i prefer\u00e8ncies) per millorar els h\u00e0bits incorrectes.<\/li>\n<li>Aprofitar la figura del \u201cgran de l\u2019escola\u201d per crear referents entre els m\u00e9s petits i aix\u00ed, alhora que els grans adquireixen uns h\u00e0bits correctes aconseguirem que els m\u00e9s petits els imitin.<\/li>\n<li>Convertir la cuina en una eina realment \u00fatil per ajudar a gestionar l\u2019alimentaci\u00f3.<\/li>\n<li>Crear una xarxa de centres on engegar el programa, establint una xarxa d\u2019intercanvi de materials, metodologies, resultats, idees, etc.<\/li>\n<li>Adaptar aquest programa perqu\u00e8 la resta dels centres nacionals o internacionals que ho desitgin, tinguin un recurs did\u00e0ctic (adaptat a la realitat dels adolescents, fet pels propis adolescents) per treballar els h\u00e0bits de salut a l\u2019escola.<\/li>\n<\/ul>\n<p>Aquest projecte va comen\u00e7ar amb una formaci\u00f3 de la professora responsable ( M Eug\u00e8nia Vilella) a St\u00a0 Benet de Bages, seguidament s&#8217;ha fet\u00a0\u00a0una recollida d&#8217;informaci\u00f3 aliment\u00e0ria durant una setmana dels alumnes de 3rA, un registre inform\u00e0tic d&#8217;aquesta informaci\u00f3 i un taller a l&#8217;institut sobre h\u00e0bits alimentaris.<\/p>\n<p>Per fer aquest estudi varen ser seleccionats 100 instituts de tot el pa\u00eds amb un total de 3000 alumnes.<\/p>\n<p>Per m\u00e9s informaci\u00f3:\u00a0<a href=\"http:\/\/www.programatas.com\/\" target=\"_blank\" rel=\"noopener noreferrer\">http:\/\/www.programatas.com\/<\/a><\/p>\n<p>&nbsp;<\/p>\n<p>Els alumnes de 3r A de la ESO ja ha presentat el projecte d&#8217;h\u00e0bits alimentaris al projecte TAS de la fundaci\u00f3 Alicia.<\/p>\n<div dir=\"ltr\">\n<div>\n<div>\n<div>\n<div><\/div>\n<div><\/div>\n<\/div>\n<\/div>\n<\/div>\n<p>Curs 2018\/2019<\/p>\n<p>L\u2019institut Roseta Mauri ha participat amb la Marat\u00f3 de TV3 2018: Investiguem amb el c\u00e0ncer, amb les activitats seg\u00fcents:<\/p>\n<p>Xerrades de sensibilitzaci\u00f3 sobre el c\u00e0ncer als alumnes de 3r i 4t de la ESO.<\/p>\n<p><a href=\"https:\/\/agora.xtec.cat\/insrosetamauri\/wp-content\/uploads\/usu605\/2018\/12\/IMG-20181214-WA0008.jpg\"><img loading=\"lazy\" decoding=\"async\" class=\"alignnone size-medium wp-image-1127\" src=\"https:\/\/agora.xtec.cat\/insrosetamauri\/wp-content\/uploads\/usu605\/2018\/12\/IMG-20181214-WA0008-300x225.jpg\" alt=\"\" width=\"300\" height=\"225\" srcset=\"https:\/\/agora.xtec.cat\/insrosetamauri\/wp-content\/uploads\/usu605\/2018\/12\/IMG-20181214-WA0008-300x225.jpg 300w, https:\/\/agora.xtec.cat\/insrosetamauri\/wp-content\/uploads\/usu605\/2018\/12\/IMG-20181214-WA0008-768x576.jpg 768w, https:\/\/agora.xtec.cat\/insrosetamauri\/wp-content\/uploads\/usu605\/2018\/12\/IMG-20181214-WA0008-1024x768.jpg 1024w, https:\/\/agora.xtec.cat\/insrosetamauri\/wp-content\/uploads\/usu605\/2018\/12\/IMG-20181214-WA0008-200x150.jpg 200w, https:\/\/agora.xtec.cat\/insrosetamauri\/wp-content\/uploads\/usu605\/2018\/12\/IMG-20181214-WA0008.jpg 1600w\" sizes=\"auto, (max-width: 300px) 100vw, 300px\" \/><\/a><\/p>\n<p><a href=\"https:\/\/agora.xtec.cat\/insrosetamauri\/wp-content\/uploads\/usu605\/2018\/12\/IMG-20181214-WA0009.jpg\"><img loading=\"lazy\" decoding=\"async\" class=\"alignnone size-medium wp-image-1128\" src=\"https:\/\/agora.xtec.cat\/insrosetamauri\/wp-content\/uploads\/usu605\/2018\/12\/IMG-20181214-WA0009-300x225.jpg\" alt=\"\" width=\"300\" height=\"225\" srcset=\"https:\/\/agora.xtec.cat\/insrosetamauri\/wp-content\/uploads\/usu605\/2018\/12\/IMG-20181214-WA0009-300x225.jpg 300w, https:\/\/agora.xtec.cat\/insrosetamauri\/wp-content\/uploads\/usu605\/2018\/12\/IMG-20181214-WA0009-768x576.jpg 768w, https:\/\/agora.xtec.cat\/insrosetamauri\/wp-content\/uploads\/usu605\/2018\/12\/IMG-20181214-WA0009-1024x768.jpg 1024w, https:\/\/agora.xtec.cat\/insrosetamauri\/wp-content\/uploads\/usu605\/2018\/12\/IMG-20181214-WA0009-200x150.jpg 200w, https:\/\/agora.xtec.cat\/insrosetamauri\/wp-content\/uploads\/usu605\/2018\/12\/IMG-20181214-WA0009.jpg 1600w\" sizes=\"auto, (max-width: 300px) 100vw, 300px\" \/><\/a><\/p>\n<p>Venda d\u2019objectes de l\u2019associaci\u00f3 AFNOC que es dedica a ajudar a fam\u00edlies amb nens amb c\u00e0ncer a la prov\u00edncia de Tarragona<\/p>\n<div style=\"width: 848px;\" class=\"wp-video\"><!--[if lt IE 9]><script>document.createElement('video');<\/script><![endif]-->\n<video class=\"wp-video-shortcode\" id=\"video-393-1\" width=\"848\" height=\"480\" preload=\"metadata\" controls=\"controls\"><source type=\"video\/mp4\" src=\"https:\/\/agora.xtec.cat\/insrosetamauri\/wp-content\/uploads\/usu605\/2018\/12\/VID-20181214-WA0007.mp4?_=1\" \/><a href=\"https:\/\/agora.xtec.cat\/insrosetamauri\/wp-content\/uploads\/usu605\/2018\/12\/VID-20181214-WA0007.mp4\">https:\/\/agora.xtec.cat\/insrosetamauri\/wp-content\/uploads\/usu605\/2018\/12\/VID-20181214-WA0007.mp4<\/a><\/video><\/div>\n<p>&nbsp;<\/p>\n<p><a href=\"https:\/\/agora.xtec.cat\/insrosetamauri\/wp-content\/uploads\/usu605\/2018\/12\/IMG-20181214-WA0003.jpg\"><img loading=\"lazy\" decoding=\"async\" class=\"alignnone size-medium wp-image-1130\" src=\"https:\/\/agora.xtec.cat\/insrosetamauri\/wp-content\/uploads\/usu605\/2018\/12\/IMG-20181214-WA0003-300x225.jpg\" alt=\"\" width=\"300\" height=\"225\" srcset=\"https:\/\/agora.xtec.cat\/insrosetamauri\/wp-content\/uploads\/usu605\/2018\/12\/IMG-20181214-WA0003-300x225.jpg 300w, https:\/\/agora.xtec.cat\/insrosetamauri\/wp-content\/uploads\/usu605\/2018\/12\/IMG-20181214-WA0003-768x576.jpg 768w, https:\/\/agora.xtec.cat\/insrosetamauri\/wp-content\/uploads\/usu605\/2018\/12\/IMG-20181214-WA0003-1024x768.jpg 1024w, https:\/\/agora.xtec.cat\/insrosetamauri\/wp-content\/uploads\/usu605\/2018\/12\/IMG-20181214-WA0003-200x150.jpg 200w, https:\/\/agora.xtec.cat\/insrosetamauri\/wp-content\/uploads\/usu605\/2018\/12\/IMG-20181214-WA0003.jpg 1600w\" sizes=\"auto, (max-width: 300px) 100vw, 300px\" \/><\/a><\/p>\n<p>Visualitzaci\u00f3 de la pel\u00b7l\u00edcula: La decisi\u00f3n de Anne, on els alumnes han aportat un donatiu.<\/p>\n<p>Amb totes aquestes activitats sumarem uns diners que donarem a la Marat\u00f3 de TV3.<\/p>\n<\/div>\n","protected":false},"excerpt":{"rendered":"<p>&nbsp;<br \/>\nL\u00b4institut Roseta Mauri est\u00e0 dins del projecte Salut a l&#8217;escola on l\u2019objectiu principal \u00e9s vetllar per la salut aliment\u00e0ria i afectiva de tots els alumnes del centre amb la finalitat que millorin el seu rendiment acad\u00e8mic i evitar el sobrep\u00e8s.<br \/>\nVolem conscienciar els pares de la&hellip;  <a href=\"https:\/\/agora.xtec.cat\/insrosetamauri\/projecte-educatiu\/projecte-salut-i-escola\/\" title=\"Read Projecte Salut i Escola\">Llegeix m\u00e9s\u00bb<\/a><\/p>\n","protected":false},"author":3,"featured_media":0,"parent":57,"menu_order":9,"comment_status":"closed","ping_status":"closed","template":"page-templates\/side-menu.php","meta":{"_bbp_topic_count":0,"_bbp_reply_count":0,"_bbp_total_topic_count":0,"_bbp_total_reply_count":0,"_bbp_voice_count":0,"_bbp_anonymous_reply_count":0,"_bbp_topic_count_hidden":0,"_bbp_reply_count_hidden":0,"_bbp_forum_subforum_count":0,"footnotes":""},"class_list":["post-393","page","type-page","status-publish","hentry"],"post_mailing_queue_ids":[],"_links":{"self":[{"href":"https:\/\/agora.xtec.cat\/insrosetamauri\/wp-json\/wp\/v2\/pages\/393","targetHints":{"allow":["GET"]}}],"collection":[{"href":"https:\/\/agora.xtec.cat\/insrosetamauri\/wp-json\/wp\/v2\/pages"}],"about":[{"href":"https:\/\/agora.xtec.cat\/insrosetamauri\/wp-json\/wp\/v2\/types\/page"}],"author":[{"embeddable":true,"href":"https:\/\/agora.xtec.cat\/insrosetamauri\/wp-json\/wp\/v2\/users\/3"}],"replies":[{"embeddable":true,"href":"https:\/\/agora.xtec.cat\/insrosetamauri\/wp-json\/wp\/v2\/comments?post=393"}],"version-history":[{"count":3,"href":"https:\/\/agora.xtec.cat\/insrosetamauri\/wp-json\/wp\/v2\/pages\/393\/revisions"}],"predecessor-version":[{"id":2450,"href":"https:\/\/agora.xtec.cat\/insrosetamauri\/wp-json\/wp\/v2\/pages\/393\/revisions\/2450"}],"up":[{"embeddable":true,"href":"https:\/\/agora.xtec.cat\/insrosetamauri\/wp-json\/wp\/v2\/pages\/57"}],"wp:attachment":[{"href":"https:\/\/agora.xtec.cat\/insrosetamauri\/wp-json\/wp\/v2\/media?parent=393"}],"curies":[{"name":"wp","href":"https:\/\/api.w.org\/{rel}","templated":true}]}}

<h3></h3>
<div>
<p>&nbsp;</p>
<p><span lang="CA">L´institut Roseta Mauri està dins del projecte Salut a l&#8217;escola on l’objectiu principal és vetllar per la salut alimentària i afectiva de tots els alumnes del centre amb la finalitat que millorin el seu rendiment acadèmic i evitar el sobrepès.</span></p>
<p><span lang="CA">Volem conscienciar els pares de la importància de seguir els suggeriments  establerts pel centre per tal de millorar el seu rendiment acadèmic i concentració i alhora millorar el nostre entorn.</span></p>
</div>
<div></div>
<p>Aquest curs 2018-19 l&#8217;institut tindrà el recolzament del programa salut i escola amb una infermera del CAP setmanalment. Ho hem d&#8217;aprofitar!</p>
<p>Infermera: Sònia Garcia<br />
Responsable INS: MEugènia Vilella<br />
Horari: cada dimarts 11.15-13.15h al despatx de davant de consergeria.<br />
Demanar consulta: tutor/a, MEugènia o al mail: salutiescola@iesrosetamauri.org</p>
<div></div>
<div></div>
<div></div>
<p>PROGRAMA &#8220;Tu i Alícia per la Salut&#8221;</p>
<div></div>
<div>
<div>
<div>
<h4>Programa TAS</h4>
<div></div>
</div>
</div>
</div>
<p>El programa TAS ( tu i alícia per la salut), té com objectiu principal  assegurar que els joves adquireixin els coneixements, habilitats i destreses necessàries per evitar que en el futur desenvolupin malalties relacionades amb uns mals hàbits alimentaris i de salut, és a dir, millorar-ne la qualitat de vida.</p>
<p>Per assolir aquest objectiu, s´esperen aquests resultats:</p>
<ul>
<li>Conèixer els hàbits dels estudiants adolescents espanyols.</li>
<li>Que els estudiants coneguin com cal menjar i l’activitat física que cal realitzar per mantenir una bona salut, i aconseguir que s’adonin de les diferències que existeixen entre el que mengen i l’activitat física que realitzen i el que recomanen els experts.</li>
<li>Convertir a aquests estudiants en els estrategs per oferir propostes i solucions (adaptades a la seva generació, estil de vida i preferències) per millorar els hàbits incorrectes.</li>
<li>Aprofitar la figura del “gran de l’escola” per crear referents entre els més petits i així, alhora que els grans adquireixen uns hàbits correctes aconseguirem que els més petits els imitin.</li>
<li>Convertir la cuina en una eina realment útil per ajudar a gestionar l’alimentació.</li>
<li>Crear una xarxa de centres on engegar el programa, establint una xarxa d’intercanvi de materials, metodologies, resultats, idees, etc.</li>
<li>Adaptar aquest programa perquè la resta dels centres nacionals o internacionals que ho desitgin, tinguin un recurs didàctic (adaptat a la realitat dels adolescents, fet pels propis adolescents) per treballar els hàbits de salut a l’escola.</li>
</ul>
<p>Aquest projecte va començar amb una formació de la professora responsable ( M Eugènia Vilella) a St  Benet de Bages, seguidament s&#8217;ha fet  una recollida d&#8217;informació alimentària durant una setmana dels alumnes de 3rA, un registre informàtic d&#8217;aquesta informació i un taller a l&#8217;institut sobre hàbits alimentaris.</p>
<p>Per fer aquest estudi varen ser seleccionats 100 instituts de tot el país amb un total de 3000 alumnes.</p>
<p>Per més informació: <a href="http://www.programatas.com/" target="_blank" rel="noopener noreferrer">http://www.programatas.com/</a></p>
<p>&nbsp;</p>
<p>Els alumnes de 3r A de la ESO ja ha presentat el projecte d&#8217;hàbits alimentaris al projecte TAS de la fundació Alicia.</p>
<div dir="ltr">
<div>
<div>
<div>
<div></div>
<div></div>
</div>
</div>
</div>
<p>Curs 2018/2019</p>
<p>L’institut Roseta Mauri ha participat amb la Marató de TV3 2018: Investiguem amb el càncer, amb les activitats següents:</p>
<p>Xerrades de sensibilització sobre el càncer als alumnes de 3r i 4t de la ESO.</p>
<p><a href="https://agora.xtec.cat/insrosetamauri/wp-content/uploads/usu605/2018/12/IMG-20181214-WA0008.jpg"><img loading="lazy" decoding="async" class="alignnone size-medium wp-image-1127" src="https://agora.xtec.cat/insrosetamauri/wp-content/uploads/usu605/2018/12/IMG-20181214-WA0008-300x225.jpg" alt="" width="300" height="225" srcset="https://agora.xtec.cat/insrosetamauri/wp-content/uploads/usu605/2018/12/IMG-20181214-WA0008-300x225.jpg 300w, https://agora.xtec.cat/insrosetamauri/wp-content/uploads/usu605/2018/12/IMG-20181214-WA0008-768x576.jpg 768w, https://agora.xtec.cat/insrosetamauri/wp-content/uploads/usu605/2018/12/IMG-20181214-WA0008-1024x768.jpg 1024w, https://agora.xtec.cat/insrosetamauri/wp-content/uploads/usu605/2018/12/IMG-20181214-WA0008-200x150.jpg 200w, https://agora.xtec.cat/insrosetamauri/wp-content/uploads/usu605/2018/12/IMG-20181214-WA0008.jpg 1600w" sizes="auto, (max-width: 300px) 100vw, 300px" /></a></p>
<p><a href="https://agora.xtec.cat/insrosetamauri/wp-content/uploads/usu605/2018/12/IMG-20181214-WA0009.jpg"><img loading="lazy" decoding="async" class="alignnone size-medium wp-image-1128" src="https://agora.xtec.cat/insrosetamauri/wp-content/uploads/usu605/2018/12/IMG-20181214-WA0009-300x225.jpg" alt="" width="300" height="225" srcset="https://agora.xtec.cat/insrosetamauri/wp-content/uploads/usu605/2018/12/IMG-20181214-WA0009-300x225.jpg 300w, https://agora.xtec.cat/insrosetamauri/wp-content/uploads/usu605/2018/12/IMG-20181214-WA0009-768x576.jpg 768w, https://agora.xtec.cat/insrosetamauri/wp-content/uploads/usu605/2018/12/IMG-20181214-WA0009-1024x768.jpg 1024w, https://agora.xtec.cat/insrosetamauri/wp-content/uploads/usu605/2018/12/IMG-20181214-WA0009-200x150.jpg 200w, https://agora.xtec.cat/insrosetamauri/wp-content/uploads/usu605/2018/12/IMG-20181214-WA0009.jpg 1600w" sizes="auto, (max-width: 300px) 100vw, 300px" /></a></p>
<p>Venda d’objectes de l’associació AFNOC que es dedica a ajudar a famílies amb nens amb càncer a la província de Tarragona</p>
<div style="width: 848px;" class="wp-video"><!--[if lt IE 9]><script>document.createElement('video');</script><![endif]-->
<video class="wp-video-shortcode" id="video-393-1" width="848" height="480" preload="metadata" controls="controls"><source type="video/mp4" src="https://agora.xtec.cat/insrosetamauri/wp-content/uploads/usu605/2018/12/VID-20181214-WA0007.mp4?_=1" /><a href="https://agora.xtec.cat/insrosetamauri/wp-content/uploads/usu605/2018/12/VID-20181214-WA0007.mp4">https://agora.xtec.cat/insrosetamauri/wp-content/uploads/usu605/2018/12/VID-20181214-WA0007.mp4</a></video></div>
<p>&nbsp;</p>
<p><a href="https://agora.xtec.cat/insrosetamauri/wp-content/uploads/usu605/2018/12/IMG-20181214-WA0003.jpg"><img loading="lazy" decoding="async" class="alignnone size-medium wp-image-1130" src="https://agora.xtec.cat/insrosetamauri/wp-content/uploads/usu605/2018/12/IMG-20181214-WA0003-300x225.jpg" alt="" width="300" height="225" srcset="https://agora.xtec.cat/insrosetamauri/wp-content/uploads/usu605/2018/12/IMG-20181214-WA0003-300x225.jpg 300w, https://agora.xtec.cat/insrosetamauri/wp-content/uploads/usu605/2018/12/IMG-20181214-WA0003-768x576.jpg 768w, https://agora.xtec.cat/insrosetamauri/wp-content/uploads/usu605/2018/12/IMG-20181214-WA0003-1024x768.jpg 1024w, https://agora.xtec.cat/insrosetamauri/wp-content/uploads/usu605/2018/12/IMG-20181214-WA0003-200x150.jpg 200w, https://agora.xtec.cat/insrosetamauri/wp-content/uploads/usu605/2018/12/IMG-20181214-WA0003.jpg 1600w" sizes="auto, (max-width: 300px) 100vw, 300px" /></a></p>
<p>Visualització de la pel·lícula: La decisión de Anne, on els alumnes han aportat un donatiu.</p>
<p>Amb totes aquestes activitats sumarem uns diners que donarem a la Marató de TV3.</p>
</div>

<p>&nbsp;<br />
L´institut Roseta Mauri està dins del projecte Salut a l&#8217;escola on l’objectiu principal és vetllar per la salut alimentària i afectiva de tots els alumnes del centre amb la finalitat que millorin el seu rendiment acadèmic i evitar el sobrepès.<br />
Volem conscienciar els pares de la&hellip;  <a href="https://agora.xtec.cat/insrosetamauri/projecte-educatiu/projecte-salut-i-escola/" title="Read Projecte Salut i Escola">Llegeix més»</a></p>
