{"id":389,"date":"2017-10-22T20:46:24","date_gmt":"2017-10-22T18:46:24","guid":{"rendered":"http:\/\/agora.xtec.cat\/insrosetamauri\/?page_id=389"},"modified":"2020-12-06T18:44:12","modified_gmt":"2020-12-06T17:44:12","slug":"projecte-efec","status":"publish","type":"page","link":"https:\/\/agora.xtec.cat\/insrosetamauri\/projecte-educatiu\/projecte-efec\/","title":{"rendered":"Valors de futur"},"content":{"rendered":"<h6><\/h6>\n<p>&#8211; \u00abDESAFIO JUNIOR EMPRESARIAL\u00bb: Es tracta d&#8217;una competici\u00f3 entre grups d&#8217;alumnes de diferents instituts que han de redactar un pla d&#8217;empresa en tres passos a partir de la seva pr\u00f2pia idea empresarial. Participen els estudiants de primer de batxillerat que fan la mat\u00e8ria d&#8217;\u00abEconomia de l&#8217;empresa\u00bb. Compten amb l&#8217;ajuda d&#8217;un professor d&#8217;ESIC.<\/p>\n<p>&#8211; \u00abREPTE EMPR\u00c8N\u00bb: \u00c9s una iniciativa de l&#8217;Obra Social de la Caixa per aprendre a emprendre. \u00c9s una proposta pedag\u00f2gica que permet treballar l\u2019emprenedoria a l\u2019aula i promoure el desenvolupament de les compet\u00e8ncies b\u00e0siques de l\u2019alumnat. Parteix de l&#8217;aprenentatge basat en problemes i el treball cooperatiu. Tots els equips que desenvolupin un projecte poden presentar-se al premi, optar a participar a un Campus d&#8217;emprenedoria i guanyar un viatge a l&#8217;epicentre mundial de la innovaci\u00f3 tecnol\u00f2gica. Els alumnes de l&#8217;institut que cursen \u00abEmprenedoria\u00bb a tercer d&#8217;ESO i \u00abEconomia i empresa\u00bb a quart d&#8217;ESO i Batxillerat tenen la possibilitat de participar en el programa.<\/p>\n<p>&#8211; COPA CANGUR: Activitat\u00a0 convocada per la SCM (Societat Catalana de Matem\u00e0tiques). \u00c9s un concurs de resoluci\u00f3 de problemes en 60 minuts. Les preguntes tenen diferents nivells de dificultat. Cada equip estar\u00e0 compost per 7 alumnes. Un m\u00e0xim de 4 podran ser de 3r d\u2019ESO i l\u2019equip es completar\u00e0 amb alumnes de 2n d\u2019ESO o, excepcionalment, de 1r d\u2019ESO. Els equips participants s&#8217;entrenaran els dilluns a la tarda amb els professors\/es de matem\u00e0tiques.<\/p>\n<p>&#8211; PROVES CANGUR:\u00a0\u00c9s un\u00a0concurs\u00a0de\u00a0matem\u00e0tiques amb l&#8217;objectiu d&#8217;acostar les matem\u00e0tiques als m\u00e9s joves i intentar despertar el seu inter\u00e8s.\u00a0La competici\u00f3 es porta a terme anualment el mes de mar\u00e7.\u00a0Les compet\u00e8ncies que es posen a les Cangur s\u00f3n una combinaci\u00f3 entre la l\u00f2gica i les matem\u00e0tiques, no \u00fanicament el coneixement de f\u00f3rmules. La competici\u00f3 consisteix en un test de 30 preguntes. La prova s&#8217;ha de realitzar en 75 minuts (una hora i quart).<\/p>\n<p>&nbsp;<\/p>\n<p><a href=\"http:\/\/agora.xtec.cat\/insrosetamauri\/wp-content\/uploads\/usu605\/2017\/10\/Foto-Copa-cangur-2017.jpg\"><img loading=\"lazy\" decoding=\"async\" class=\"alignnone wp-image-555\" src=\"http:\/\/agora.xtec.cat\/insrosetamauri\/wp-content\/uploads\/usu605\/2017\/10\/Foto-Copa-cangur-2017-1024x768.jpg\" alt=\"\" width=\"499\" height=\"374\" srcset=\"https:\/\/agora.xtec.cat\/insrosetamauri\/wp-content\/uploads\/usu605\/2017\/10\/Foto-Copa-cangur-2017-1024x768.jpg 1024w, https:\/\/agora.xtec.cat\/insrosetamauri\/wp-content\/uploads\/usu605\/2017\/10\/Foto-Copa-cangur-2017-300x225.jpg 300w, https:\/\/agora.xtec.cat\/insrosetamauri\/wp-content\/uploads\/usu605\/2017\/10\/Foto-Copa-cangur-2017-768x576.jpg 768w, https:\/\/agora.xtec.cat\/insrosetamauri\/wp-content\/uploads\/usu605\/2017\/10\/Foto-Copa-cangur-2017-200x150.jpg 200w, https:\/\/agora.xtec.cat\/insrosetamauri\/wp-content\/uploads\/usu605\/2017\/10\/Foto-Copa-cangur-2017.jpg 1200w\" sizes=\"auto, (max-width: 499px) 100vw, 499px\" \/><\/a><\/p>\n<p><a href=\"http:\/\/agora.xtec.cat\/insrosetamauri\/wp-content\/uploads\/usu605\/2017\/10\/Foto-Prova-cargur-2017.jpg\"><img loading=\"lazy\" decoding=\"async\" class=\"alignnone wp-image-556\" src=\"http:\/\/agora.xtec.cat\/insrosetamauri\/wp-content\/uploads\/usu605\/2017\/10\/Foto-Prova-cargur-2017-1024x614.jpg\" alt=\"\" width=\"528\" height=\"316\" srcset=\"https:\/\/agora.xtec.cat\/insrosetamauri\/wp-content\/uploads\/usu605\/2017\/10\/Foto-Prova-cargur-2017-1024x614.jpg 1024w, https:\/\/agora.xtec.cat\/insrosetamauri\/wp-content\/uploads\/usu605\/2017\/10\/Foto-Prova-cargur-2017-300x180.jpg 300w, https:\/\/agora.xtec.cat\/insrosetamauri\/wp-content\/uploads\/usu605\/2017\/10\/Foto-Prova-cargur-2017-768x461.jpg 768w, https:\/\/agora.xtec.cat\/insrosetamauri\/wp-content\/uploads\/usu605\/2017\/10\/Foto-Prova-cargur-2017.jpg 1600w\" sizes=\"auto, (max-width: 528px) 100vw, 528px\" \/><\/a><\/p>\n<p>&nbsp;<\/p>\n","protected":false},"excerpt":{"rendered":"<p>&#8211; \u00abDESAFIO JUNIOR EMPRESARIAL\u00bb: Es tracta d&#8217;una competici\u00f3 entre grups d&#8217;alumnes de diferents instituts que han de redactar un pla d&#8217;empresa en tres passos a partir de la seva pr\u00f2pia idea empresarial. Participen els estudiants de primer de batxillerat que fan la mat\u00e8ria d&#8217;\u00abEconomia de&hellip;  <a href=\"https:\/\/agora.xtec.cat\/insrosetamauri\/projecte-educatiu\/projecte-efec\/\" title=\"Read Valors de futur\">Llegeix m\u00e9s\u00bb<\/a><\/p>\n","protected":false},"author":3,"featured_media":0,"parent":57,"menu_order":6,"comment_status":"closed","ping_status":"closed","template":"page-templates\/side-menu.php","meta":{"_bbp_topic_count":0,"_bbp_reply_count":0,"_bbp_total_topic_count":0,"_bbp_total_reply_count":0,"_bbp_voice_count":0,"_bbp_anonymous_reply_count":0,"_bbp_topic_count_hidden":0,"_bbp_reply_count_hidden":0,"_bbp_forum_subforum_count":0,"footnotes":""},"class_list":["post-389","page","type-page","status-publish","hentry"],"post_mailing_queue_ids":[],"_links":{"self":[{"href":"https:\/\/agora.xtec.cat\/insrosetamauri\/wp-json\/wp\/v2\/pages\/389","targetHints":{"allow":["GET"]}}],"collection":[{"href":"https:\/\/agora.xtec.cat\/insrosetamauri\/wp-json\/wp\/v2\/pages"}],"about":[{"href":"https:\/\/agora.xtec.cat\/insrosetamauri\/wp-json\/wp\/v2\/types\/page"}],"author":[{"embeddable":true,"href":"https:\/\/agora.xtec.cat\/insrosetamauri\/wp-json\/wp\/v2\/users\/3"}],"replies":[{"embeddable":true,"href":"https:\/\/agora.xtec.cat\/insrosetamauri\/wp-json\/wp\/v2\/comments?post=389"}],"version-history":[{"count":3,"href":"https:\/\/agora.xtec.cat\/insrosetamauri\/wp-json\/wp\/v2\/pages\/389\/revisions"}],"predecessor-version":[{"id":1171,"href":"https:\/\/agora.xtec.cat\/insrosetamauri\/wp-json\/wp\/v2\/pages\/389\/revisions\/1171"}],"up":[{"embeddable":true,"href":"https:\/\/agora.xtec.cat\/insrosetamauri\/wp-json\/wp\/v2\/pages\/57"}],"wp:attachment":[{"href":"https:\/\/agora.xtec.cat\/insrosetamauri\/wp-json\/wp\/v2\/media?parent=389"}],"curies":[{"name":"wp","href":"https:\/\/api.w.org\/{rel}","templated":true}]}}