{"id":359,"date":"2017-10-22T20:04:29","date_gmt":"2017-10-22T18:04:29","guid":{"rendered":"http:\/\/agora.xtec.cat\/insrosetamauri\/?page_id=359"},"modified":"2020-12-09T11:05:08","modified_gmt":"2020-12-09T10:05:08","slug":"projecte-audiovisuals","status":"publish","type":"page","link":"https:\/\/agora.xtec.cat\/insrosetamauri\/projecte-educatiu\/projecte-audiovisuals\/","title":{"rendered":"Projecte Audiovisuals"},"content":{"rendered":"<h3><\/h3>\n<p>En un m\u00f3n on els mitjans de comunicaci\u00f3 en general i els audiovisuals en particular, permeten l\u2019acc\u00e9s directe a una informaci\u00f3 cada cop m\u00e9s global i on els adolescents representen el grup de poblaci\u00f3 amb m\u00e9s impacte de les noves tecnologies, l\u2019escola com a lloc de formaci\u00f3 i aprenentatge t\u00e9 una responsabilitat cabdal a l\u2019hora de proporcionar visions cr\u00edtiques i eines d\u2019aprenentatge que permetin fer-ne un us racional i coherent.<\/p>\n<p style=\"text-align: justify;\" align=\"justify\">A partir d\u2019aquesta reflexi\u00f3, l\u2019INS Roseta Mauri de Reus impulsa, ja a l\u2019inici del curs 2008\/09 un projecte de R\u00e0dio a l\u2019Escola amb l\u2019objectiu de formar alumnes competents en la societat del coneixement i capa\u00e7os de fer front als reptes que imposa una societat en canvi constant.<\/p>\n<p style=\"text-align: justify;\" align=\"justify\">Conscients de que la r\u00e0dio \u00e9s el mitj\u00e0 de comunicaci\u00f3 menys usat pel sistema educatiu d\u2019una manera sistem\u00e0tica, i de que cal aprofitar les seves potencialitats educatives en la seva vessant de tecnologia de la informaci\u00f3 i de comunicaci\u00f3 (TIC) es crea el projecte Fem R\u00e0dio.<\/p>\n<p style=\"text-align: justify;\" align=\"justify\">Al llarg d\u2019aquestos tres anys els nostres alumnes han produ\u00eft sis magazins i dos r\u00e0dio novel\u00b7les. Al curs 2009-10 el treball fet, va ser reconegut pel Consell Audiovisual de Catalunya amb dos segons premis i al curs 2010-11 amb un quart premi.<\/p>\n<p style=\"text-align: justify;\">\n","protected":false},"excerpt":{"rendered":"<p>En un m\u00f3n on els mitjans de comunicaci\u00f3 en general i els audiovisuals en particular, permeten l\u2019acc\u00e9s directe a una informaci\u00f3 cada cop m\u00e9s global i on els adolescents representen el grup de poblaci\u00f3 amb m\u00e9s impacte de les noves tecnologies, l\u2019escola com a lloc&hellip;  <a href=\"https:\/\/agora.xtec.cat\/insrosetamauri\/projecte-educatiu\/projecte-audiovisuals\/\" title=\"Read Projecte Audiovisuals\">Llegeix m\u00e9s\u00bb<\/a><\/p>\n","protected":false},"author":3,"featured_media":0,"parent":57,"menu_order":2,"comment_status":"closed","ping_status":"closed","template":"page-templates\/side-menu.php","meta":{"_bbp_topic_count":0,"_bbp_reply_count":0,"_bbp_total_topic_count":0,"_bbp_total_reply_count":0,"_bbp_voice_count":0,"_bbp_anonymous_reply_count":0,"_bbp_topic_count_hidden":0,"_bbp_reply_count_hidden":0,"_bbp_forum_subforum_count":0,"footnotes":""},"class_list":["post-359","page","type-page","status-publish","hentry"],"post_mailing_queue_ids":[],"_links":{"self":[{"href":"https:\/\/agora.xtec.cat\/insrosetamauri\/wp-json\/wp\/v2\/pages\/359","targetHints":{"allow":["GET"]}}],"collection":[{"href":"https:\/\/agora.xtec.cat\/insrosetamauri\/wp-json\/wp\/v2\/pages"}],"about":[{"href":"https:\/\/agora.xtec.cat\/insrosetamauri\/wp-json\/wp\/v2\/types\/page"}],"author":[{"embeddable":true,"href":"https:\/\/agora.xtec.cat\/insrosetamauri\/wp-json\/wp\/v2\/users\/3"}],"replies":[{"embeddable":true,"href":"https:\/\/agora.xtec.cat\/insrosetamauri\/wp-json\/wp\/v2\/comments?post=359"}],"version-history":[{"count":3,"href":"https:\/\/agora.xtec.cat\/insrosetamauri\/wp-json\/wp\/v2\/pages\/359\/revisions"}],"predecessor-version":[{"id":2680,"href":"https:\/\/agora.xtec.cat\/insrosetamauri\/wp-json\/wp\/v2\/pages\/359\/revisions\/2680"}],"up":[{"embeddable":true,"href":"https:\/\/agora.xtec.cat\/insrosetamauri\/wp-json\/wp\/v2\/pages\/57"}],"wp:attachment":[{"href":"https:\/\/agora.xtec.cat\/insrosetamauri\/wp-json\/wp\/v2\/media?parent=359"}],"curies":[{"name":"wp","href":"https:\/\/api.w.org\/{rel}","templated":true}]}}

<h3></h3>
<p>En un món on els mitjans de comunicació en general i els audiovisuals en particular, permeten l’accés directe a una informació cada cop més global i on els adolescents representen el grup de població amb més impacte de les noves tecnologies, l’escola com a lloc de formació i aprenentatge té una responsabilitat cabdal a l’hora de proporcionar visions crítiques i eines d’aprenentatge que permetin fer-ne un us racional i coherent.</p>
<p style="text-align: justify;" align="justify">A partir d’aquesta reflexió, l’INS Roseta Mauri de Reus impulsa, ja a l’inici del curs 2008/09 un projecte de Ràdio a l’Escola amb l’objectiu de formar alumnes competents en la societat del coneixement i capaços de fer front als reptes que imposa una societat en canvi constant.</p>
<p style="text-align: justify;" align="justify">Conscients de que la ràdio és el mitjà de comunicació menys usat pel sistema educatiu d’una manera sistemàtica, i de que cal aprofitar les seves potencialitats educatives en la seva vessant de tecnologia de la informació i de comunicació (TIC) es crea el projecte Fem Ràdio.</p>
<p style="text-align: justify;" align="justify">Al llarg d’aquestos tres anys els nostres alumnes han produït sis magazins i dos ràdio novel·les. Al curs 2009-10 el treball fet, va ser reconegut pel Consell Audiovisual de Catalunya amb dos segons premis i al curs 2010-11 amb un quart premi.</p>
<p style="text-align: justify;">

<p>En un món on els mitjans de comunicació en general i els audiovisuals en particular, permeten l’accés directe a una informació cada cop més global i on els adolescents representen el grup de població amb més impacte de les noves tecnologies, l’escola com a lloc&hellip;  <a href="https://agora.xtec.cat/insrosetamauri/projecte-educatiu/projecte-audiovisuals/" title="Read Projecte Audiovisuals">Llegeix més»</a></p>
