{"id":3178,"date":"2021-06-08T09:44:01","date_gmt":"2021-06-08T07:44:01","guid":{"rendered":"http:\/\/agora.xtec.cat\/insrosetamauri\/?page_id=3178"},"modified":"2023-03-09T22:53:52","modified_gmt":"2023-03-09T21:53:52","slug":"preinscripcio-i-matricula-eso-2022-23","status":"publish","type":"page","link":"https:\/\/agora.xtec.cat\/insrosetamauri\/secretaria-2\/preinscripcio-i-matricula-eso-2022-23\/","title":{"rendered":"Preinscripci\u00f3 i Matr\u00edcula ESO 2023-24"},"content":{"rendered":"<p>&nbsp;<\/p>\n<p style=\"text-align: center;\"><strong>Educaci\u00f3 secund\u00e0ria obligat\u00f2ria<br \/>\n<\/strong>Presentaci\u00f3 de sol\u00b7licituds: <strong>del 8 al 20 de mar\u00e7<br \/>\n<\/strong>Matr\u00edcula: <strong>del 20 al 28 de juny<\/strong><\/p>\n<p>&nbsp;<\/p>\n<p style=\"text-align: center;\"><b>LLISTAT DEL BAREM ORDENAT D\u2019ESO<\/b><\/p>\n<p style=\"text-align: center;\"><b>PUBLICACI\u00d3 DE LA LLISTA D\u2019ADMESOS<br \/>\n<\/b><\/p>\n<p>&nbsp;<\/p>\n<p><img loading=\"lazy\" decoding=\"async\" class=\" wp-image-3836 alignleft\" src=\"https:\/\/agora.xtec.cat\/insrosetamauri\/wp-content\/uploads\/usu605\/2022\/05\/imatge-eso-300x169.png\" alt=\"\" width=\"449\" height=\"253\" srcset=\"https:\/\/agora.xtec.cat\/insrosetamauri\/wp-content\/uploads\/usu605\/2022\/05\/imatge-eso-300x169.png 300w, https:\/\/agora.xtec.cat\/insrosetamauri\/wp-content\/uploads\/usu605\/2022\/05\/imatge-eso-768x432.png 768w, https:\/\/agora.xtec.cat\/insrosetamauri\/wp-content\/uploads\/usu605\/2022\/05\/imatge-eso.png 832w\" sizes=\"auto, (max-width: 449px) 100vw, 449px\" \/><\/p>\n<h4><\/h4>\n<p style=\"text-align: center;\"><a href=\"https:\/\/preinscripcio.gencat.cat\/ca\/estudis\/eso\/informat\/calendari\/\" target=\"_blank\" rel=\"noopener\">Calendari i terminis de la preinscripci\u00f3 i matr\u00edcula<\/a><\/p>\n<p style=\"text-align: center;\"><a href=\"https:\/\/preinscripcio.gencat.cat\/ca\/estudis\/eso\/preinscriute\/seguiment-sollicitud\/\" target=\"_blank\" rel=\"noopener\">Acc\u00e9s a la preinscripci\u00f3<\/a><\/p>\n<p style=\"text-align: center;\"><a href=\"https:\/\/preinscripcio.gencat.cat\/ca\/estudis\/eso\/inici\/\" target=\"_blank\" rel=\"noopener\">Informaci\u00f3 detallada<\/a><\/p>\n<p style=\"text-align: center;\"><a href=\"https:\/\/agora.xtec.cat\/insrosetamauri\/wp-content\/uploads\/usu605\/2023\/03\/Captura-de-pantalla-2023-03-09-a-les-18.27.10.png\">Oferta inicial de places 2023-2024<\/a><\/p>\n<p>&nbsp;<\/p>\n<h4><\/h4>\n<h4><\/h4>\n<h4><\/h4>\n<h4 style=\"text-align: center;\"><\/h4>\n","protected":false},"excerpt":{"rendered":"<p>&nbsp;<br \/>\nEducaci\u00f3 secund\u00e0ria obligat\u00f2ria<br \/>\nPresentaci\u00f3 de sol\u00b7licituds: del 8 al 20 de mar\u00e7<br \/>\nMatr\u00edcula: del 20 al 28 de juny<br \/>\n&nbsp;<br \/>\nLLISTAT DEL BAREM ORDENAT D\u2019ESO<br \/>\nPUBLICACI\u00d3 DE LA LLISTA D\u2019ADMESOS<\/p>\n<p>&nbsp;<\/p>\n<p><a href=\"https:\/\/preinscripcio.gencat.cat\/ca\/estudis\/eso\/informat\/calendari\/\" target=\"_blank\" rel=\"noopener\">Calendari i terminis de la preinscripci\u00f3 i matr\u00edcula<\/a><br \/>\n<a href=\"https:\/\/preinscripcio.gencat.cat\/ca\/estudis\/eso\/preinscriute\/seguiment-sollicitud\/\" target=\"_blank\" rel=\"noopener\">Acc\u00e9s a la preinscripci\u00f3<\/a><br \/>\n<a href=\"https:\/\/preinscripcio.gencat.cat\/ca\/estudis\/eso\/inici\/\" target=\"_blank\" rel=\"noopener\">Informaci\u00f3 detallada<\/a><br \/>\n<a&hellip;  <a href=\"https:\/\/agora.xtec.cat\/insrosetamauri\/secretaria-2\/preinscripcio-i-matricula-eso-2022-23\/\" title=\"Read Preinscripci\u00f3 i Matr\u00edcula ESO 2023-24\">Llegeix m\u00e9s\u00bb<\/a><\/p>\n","protected":false},"author":3,"featured_media":0,"parent":2499,"menu_order":4,"comment_status":"closed","ping_status":"closed","template":"page-templates\/side-menu.php","meta":{"_bbp_topic_count":0,"_bbp_reply_count":0,"_bbp_total_topic_count":0,"_bbp_total_reply_count":0,"_bbp_voice_count":0,"_bbp_anonymous_reply_count":0,"_bbp_topic_count_hidden":0,"_bbp_reply_count_hidden":0,"_bbp_forum_subforum_count":0,"footnotes":""},"class_list":["post-3178","page","type-page","status-publish","hentry"],"post_mailing_queue_ids":[],"_links":{"self":[{"href":"https:\/\/agora.xtec.cat\/insrosetamauri\/wp-json\/wp\/v2\/pages\/3178","targetHints":{"allow":["GET"]}}],"collection":[{"href":"https:\/\/agora.xtec.cat\/insrosetamauri\/wp-json\/wp\/v2\/pages"}],"about":[{"href":"https:\/\/agora.xtec.cat\/insrosetamauri\/wp-json\/wp\/v2\/types\/page"}],"author":[{"embeddable":true,"href":"https:\/\/agora.xtec.cat\/insrosetamauri\/wp-json\/wp\/v2\/users\/3"}],"replies":[{"embeddable":true,"href":"https:\/\/agora.xtec.cat\/insrosetamauri\/wp-json\/wp\/v2\/comments?post=3178"}],"version-history":[{"count":3,"href":"https:\/\/agora.xtec.cat\/insrosetamauri\/wp-json\/wp\/v2\/pages\/3178\/revisions"}],"predecessor-version":[{"id":4078,"href":"https:\/\/agora.xtec.cat\/insrosetamauri\/wp-json\/wp\/v2\/pages\/3178\/revisions\/4078"}],"up":[{"embeddable":true,"href":"https:\/\/agora.xtec.cat\/insrosetamauri\/wp-json\/wp\/v2\/pages\/2499"}],"wp:attachment":[{"href":"https:\/\/agora.xtec.cat\/insrosetamauri\/wp-json\/wp\/v2\/media?parent=3178"}],"curies":[{"name":"wp","href":"https:\/\/api.w.org\/{rel}","templated":true}]}}

Preinscripció i Matrícula ESO 2023-24

<p>&nbsp;</p>
<p style="text-align: center;"><strong>Educació secundària obligatòria<br />
</strong>Presentació de sol·licituds: <strong>del 8 al 20 de març<br />
</strong>Matrícula: <strong>del 20 al 28 de juny</strong></p>
<p>&nbsp;</p>
<p style="text-align: center;"><b>LLISTAT DEL BAREM ORDENAT D’ESO</b></p>
<p style="text-align: center;"><b>PUBLICACIÓ DE LA LLISTA D’ADMESOS<br />
</b></p>
<p>&nbsp;</p>
<p><img loading="lazy" decoding="async" class=" wp-image-3836 alignleft" src="https://agora.xtec.cat/insrosetamauri/wp-content/uploads/usu605/2022/05/imatge-eso-300x169.png" alt="" width="449" height="253" srcset="https://agora.xtec.cat/insrosetamauri/wp-content/uploads/usu605/2022/05/imatge-eso-300x169.png 300w, https://agora.xtec.cat/insrosetamauri/wp-content/uploads/usu605/2022/05/imatge-eso-768x432.png 768w, https://agora.xtec.cat/insrosetamauri/wp-content/uploads/usu605/2022/05/imatge-eso.png 832w" sizes="auto, (max-width: 449px) 100vw, 449px" /></p>
<h4></h4>
<p style="text-align: center;"><a href="https://preinscripcio.gencat.cat/ca/estudis/eso/informat/calendari/" target="_blank" rel="noopener">Calendari i terminis de la preinscripció i matrícula</a></p>
<p style="text-align: center;"><a href="https://preinscripcio.gencat.cat/ca/estudis/eso/preinscriute/seguiment-sollicitud/" target="_blank" rel="noopener">Accés a la preinscripció</a></p>
<p style="text-align: center;"><a href="https://preinscripcio.gencat.cat/ca/estudis/eso/inici/" target="_blank" rel="noopener">Informació detallada</a></p>
<p style="text-align: center;"><a href="https://agora.xtec.cat/insrosetamauri/wp-content/uploads/usu605/2023/03/Captura-de-pantalla-2023-03-09-a-les-18.27.10.png">Oferta inicial de places 2023-2024</a></p>
<p>&nbsp;</p>
<h4></h4>
<h4></h4>
<h4></h4>
<h4 style="text-align: center;"></h4>

<p>&nbsp;<br />
Educació secundària obligatòria<br />
Presentació de sol·licituds: del 8 al 20 de març<br />
Matrícula: del 20 al 28 de juny<br />
&nbsp;<br />
LLISTAT DEL BAREM ORDENAT D’ESO<br />
PUBLICACIÓ DE LA LLISTA D’ADMESOS</p>
<p>&nbsp;</p>
<p><a href="https://preinscripcio.gencat.cat/ca/estudis/eso/informat/calendari/" target="_blank" rel="noopener">Calendari i terminis de la preinscripció i matrícula</a><br />
<a href="https://preinscripcio.gencat.cat/ca/estudis/eso/preinscriute/seguiment-sollicitud/" target="_blank" rel="noopener">Accés a la preinscripció</a><br />
<a href="https://preinscripcio.gencat.cat/ca/estudis/eso/inici/" target="_blank" rel="noopener">Informació detallada</a><br />
<a&hellip;  <a href="https://agora.xtec.cat/insrosetamauri/secretaria-2/preinscripcio-i-matricula-eso-2022-23/" title="Read Preinscripció i Matrícula ESO 2023-24">Llegeix més»</a></p>
