{"id":1439,"date":"2019-10-02T11:15:08","date_gmt":"2019-10-02T09:15:08","guid":{"rendered":"http:\/\/agora.xtec.cat\/insrosetamauri\/?page_id=1439"},"modified":"2020-12-06T18:49:09","modified_gmt":"2020-12-06T17:49:09","slug":"avancem","status":"publish","type":"page","link":"https:\/\/agora.xtec.cat\/insrosetamauri\/projecte-educatiu\/avancem\/","title":{"rendered":"Avancem"},"content":{"rendered":"<p>El programa d\u2019innovaci\u00f3 pedag\u00f2gica del Departament d\u2019Educaci\u00f3 Avancem: Ensenyament i Aprenentatge integrat de les lleng\u00fces t\u00e9 com a finalitat dotar el nostre alumnat d\u2019una compet\u00e8ncia pluriling\u00fce s\u00f2lida que afavoreixi\u00a0 el seu creixement acad\u00e8mic i posterior inserci\u00f3 laboral. D\u2019altra banda, fomenta un ensenyament de les lleng\u00fces competencial, que parteixi del consens i la cooperaci\u00f3 entre el professorat de llengua i que promogui el disseny de projectes d\u2019aula en qu\u00e8 participen diverses lleng\u00fces.<\/p>\n<p>Nascut el curs 2015-2016 com a programa pilot , s\u2019adre\u00e7a als centres educatius que imparteixen ensenyaments d\u2019educaci\u00f3 prim\u00e0ria, d\u2019educaci\u00f3 secund\u00e0ria obligat\u00f2ria o de batxillerat, de titularitat del Departament d\u2019Educaci\u00f3, de titularitat municipal i de titularitat privada en r\u00e8gim de concert. La durada del programa \u00e9s de tres cursos escolars i durant els dos primers, un m\u00ednim del 80% del professorat de llengua de cada centre rep formaci\u00f3 en tractament integrat de lleng\u00fces (TIL). Aquests assessoraments en centre promouen l\u2019enfocament comunicatiu de l\u2019ensenyament de les lleng\u00fces, aplicable a situacions d\u2019aprenentatge en qu\u00e8 coexisteixen diferents lleng\u00fces. D\u2019altra banda, els centres tamb\u00e9 reben orientacions per a la implementaci\u00f3 del programa en el centre, el disseny d\u2019un\u00a0<strong>pla d\u2019acci\u00f3<\/strong>\u00a0i l\u2019elaboraci\u00f3 d\u2019una\u00a0mem\u00f2ria final.<\/p>\n<p><a href=\"http:\/\/xtec.gencat.cat\/ca\/projectes\/plurilinguisme\/programes\/institucionals\/avancem\/\" target=\"_blank\" rel=\"noopener noreferrer\">Enlla\u00e7<\/a><\/p>\n","protected":false},"excerpt":{"rendered":"<p>El programa d\u2019innovaci\u00f3 pedag\u00f2gica del Departament d\u2019Educaci\u00f3 Avancem: Ensenyament i Aprenentatge integrat de les lleng\u00fces t\u00e9 com a finalitat dotar el nostre alumnat d\u2019una compet\u00e8ncia pluriling\u00fce s\u00f2lida que afavoreixi\u00a0 el seu creixement acad\u00e8mic i posterior inserci\u00f3 laboral. D\u2019altra banda, fomenta un ensenyament de les lleng\u00fces&hellip;  <a href=\"https:\/\/agora.xtec.cat\/insrosetamauri\/projecte-educatiu\/avancem\/\" title=\"Read Avancem\">Llegeix m\u00e9s\u00bb<\/a><\/p>\n","protected":false},"author":3,"featured_media":0,"parent":57,"menu_order":13,"comment_status":"closed","ping_status":"closed","template":"page-templates\/side-menu.php","meta":{"_bbp_topic_count":0,"_bbp_reply_count":0,"_bbp_total_topic_count":0,"_bbp_total_reply_count":0,"_bbp_voice_count":0,"_bbp_anonymous_reply_count":0,"_bbp_topic_count_hidden":0,"_bbp_reply_count_hidden":0,"_bbp_forum_subforum_count":0,"footnotes":""},"class_list":["post-1439","page","type-page","status-publish","hentry"],"post_mailing_queue_ids":[],"_links":{"self":[{"href":"https:\/\/agora.xtec.cat\/insrosetamauri\/wp-json\/wp\/v2\/pages\/1439","targetHints":{"allow":["GET"]}}],"collection":[{"href":"https:\/\/agora.xtec.cat\/insrosetamauri\/wp-json\/wp\/v2\/pages"}],"about":[{"href":"https:\/\/agora.xtec.cat\/insrosetamauri\/wp-json\/wp\/v2\/types\/page"}],"author":[{"embeddable":true,"href":"https:\/\/agora.xtec.cat\/insrosetamauri\/wp-json\/wp\/v2\/users\/3"}],"replies":[{"embeddable":true,"href":"https:\/\/agora.xtec.cat\/insrosetamauri\/wp-json\/wp\/v2\/comments?post=1439"}],"version-history":[{"count":2,"href":"https:\/\/agora.xtec.cat\/insrosetamauri\/wp-json\/wp\/v2\/pages\/1439\/revisions"}],"predecessor-version":[{"id":2447,"href":"https:\/\/agora.xtec.cat\/insrosetamauri\/wp-json\/wp\/v2\/pages\/1439\/revisions\/2447"}],"up":[{"embeddable":true,"href":"https:\/\/agora.xtec.cat\/insrosetamauri\/wp-json\/wp\/v2\/pages\/57"}],"wp:attachment":[{"href":"https:\/\/agora.xtec.cat\/insrosetamauri\/wp-json\/wp\/v2\/media?parent=1439"}],"curies":[{"name":"wp","href":"https:\/\/api.w.org\/{rel}","templated":true}]}}

<p>El programa d’innovació pedagògica del Departament d’Educació Avancem: Ensenyament i Aprenentatge integrat de les llengües té com a finalitat dotar el nostre alumnat d’una competència plurilingüe sòlida que afavoreixi  el seu creixement acadèmic i posterior inserció laboral. D’altra banda, fomenta un ensenyament de les llengües competencial, que parteixi del consens i la cooperació entre el professorat de llengua i que promogui el disseny de projectes d’aula en què participen diverses llengües.</p>
<p>Nascut el curs 2015-2016 com a programa pilot , s’adreça als centres educatius que imparteixen ensenyaments d’educació primària, d’educació secundària obligatòria o de batxillerat, de titularitat del Departament d’Educació, de titularitat municipal i de titularitat privada en règim de concert. La durada del programa és de tres cursos escolars i durant els dos primers, un mínim del 80% del professorat de llengua de cada centre rep formació en tractament integrat de llengües (TIL). Aquests assessoraments en centre promouen l’enfocament comunicatiu de l’ensenyament de les llengües, aplicable a situacions d’aprenentatge en què coexisteixen diferents llengües. D’altra banda, els centres també reben orientacions per a la implementació del programa en el centre, el disseny d’un <strong>pla d’acció</strong> i l’elaboració d’una memòria final.</p>
<p><a href="http://xtec.gencat.cat/ca/projectes/plurilinguisme/programes/institucionals/avancem/" target="_blank" rel="noopener noreferrer">Enllaç</a></p>

<p>El programa d’innovació pedagògica del Departament d’Educació Avancem: Ensenyament i Aprenentatge integrat de les llengües té com a finalitat dotar el nostre alumnat d’una competència plurilingüe sòlida que afavoreixi  el seu creixement acadèmic i posterior inserció laboral. D’altra banda, fomenta un ensenyament de les llengües&hellip;  <a href="https://agora.xtec.cat/insrosetamauri/projecte-educatiu/avancem/" title="Read Avancem">Llegeix més»</a></p>
