{"id":1279,"date":"2019-03-17T11:08:11","date_gmt":"2019-03-17T10:08:11","guid":{"rendered":"http:\/\/agora.xtec.cat\/insrosetamauri\/?page_id=1279"},"modified":"2023-03-09T22:56:24","modified_gmt":"2023-03-09T21:56:24","slug":"preinscripcio-i-matricula","status":"publish","type":"page","link":"https:\/\/agora.xtec.cat\/insrosetamauri\/secretaria-2\/preinscripcio-i-matricula\/","title":{"rendered":"Preinscripci\u00f3 i Matr\u00edcula BATXILLERAT 2023-24"},"content":{"rendered":"<p>&nbsp;<\/p>\n<p><img loading=\"lazy\" decoding=\"async\" class=\" wp-image-3845 alignleft\" src=\"https:\/\/agora.xtec.cat\/insrosetamauri\/wp-content\/uploads\/usu605\/2022\/05\/batxillerat-300x169.png\" alt=\"\" width=\"447\" height=\"252\" srcset=\"https:\/\/agora.xtec.cat\/insrosetamauri\/wp-content\/uploads\/usu605\/2022\/05\/batxillerat-300x169.png 300w, https:\/\/agora.xtec.cat\/insrosetamauri\/wp-content\/uploads\/usu605\/2022\/05\/batxillerat-768x432.png 768w, https:\/\/agora.xtec.cat\/insrosetamauri\/wp-content\/uploads\/usu605\/2022\/05\/batxillerat.png 832w\" sizes=\"auto, (max-width: 447px) 100vw, 447px\" \/><\/p>\n<p style=\"text-align: center;\"><strong>Batxillerat<br \/>\n<\/strong>Presentaci\u00f3 de sol\u00b7licituds:\u00a0<strong>del 20 al 26 d\u2019abril<br \/>\n<\/strong>Matr\u00edcula:\u00a0<strong>del 22 de juny al 3 de juliol<\/strong><\/p>\n<p style=\"text-align: center;\"><a href=\"https:\/\/preinscripcio.gencat.cat\/ca\/estudis\/batxillerat\/informat\/calendari\/\" target=\"_blank\" rel=\"noopener\">Calendari i terminis de la preinscripci\u00f3 i matr\u00edcula<\/a><\/p>\n<p style=\"text-align: center;\"><a href=\"https:\/\/preinscripcio.gencat.cat\/ca\/estudis\/batxillerat\/preinscriute\/seguiment-sollicitud\/\" target=\"_blank\" rel=\"noopener\">Acc\u00e9s a la preinscripci\u00f3<\/a><\/p>\n<p style=\"text-align: center;\"><a href=\"https:\/\/preinscripcio.gencat.cat\/ca\/estudis\/batxillerat\/inici\/\" target=\"_blank\" rel=\"noopener\">Informaci\u00f3 detallada<\/a><\/p>\n<p>&nbsp;<\/p>\n<p>&nbsp;<\/p>\n<p>Si necessiteu ajuda en el proc\u00e9s de preinscripci\u00f3 podeu contactar amb l&#8217;Institut:<\/p>\n<p>&#8211; Horari d&#8217;atenci\u00f3 al p\u00fablic durant la preinscripci\u00f3: del 20 al 26 d&#8217;abril, de 9:00 a 14:00h<\/p>\n<p>&#8211; Tel\u00e8fon de contacte: <strong><span class=\"zgWrF\">977 30 11 89<\/span><\/strong><\/p>\n<p>&#8211; Correu electr\u00f2nic: <strong>preinscripcio@iesrosetamauri.org<\/strong><\/p>\n","protected":false},"excerpt":{"rendered":"<p>&nbsp;<\/p>\n<p>Batxillerat<br \/>\nPresentaci\u00f3 de sol\u00b7licituds:\u00a0del 20 al 26 d\u2019abril<br \/>\nMatr\u00edcula:\u00a0del 22 de juny al 3 de juliol<br \/>\n<a href=\"https:\/\/preinscripcio.gencat.cat\/ca\/estudis\/batxillerat\/informat\/calendari\/\" target=\"_blank\" rel=\"noopener\">Calendari i terminis de la preinscripci\u00f3 i matr\u00edcula<\/a><br \/>\n<a href=\"https:\/\/preinscripcio.gencat.cat\/ca\/estudis\/batxillerat\/preinscriute\/seguiment-sollicitud\/\" target=\"_blank\" rel=\"noopener\">Acc\u00e9s a la preinscripci\u00f3<\/a><br \/>\n<a href=\"https:\/\/preinscripcio.gencat.cat\/ca\/estudis\/batxillerat\/inici\/\" target=\"_blank\" rel=\"noopener\">Informaci\u00f3 detallada<\/a><br \/>\n&nbsp;<br \/>\n&nbsp;<br \/>\nSi necessiteu ajuda en el proc\u00e9s de preinscripci\u00f3 podeu contactar amb l&#8217;Institut:<br \/>\n&#8211;&hellip;  <a href=\"https:\/\/agora.xtec.cat\/insrosetamauri\/secretaria-2\/preinscripcio-i-matricula\/\" title=\"Read Preinscripci\u00f3 i Matr\u00edcula BATXILLERAT 2023-24\">Llegeix m\u00e9s\u00bb<\/a><\/p>\n","protected":false},"author":3,"featured_media":0,"parent":2499,"menu_order":3,"comment_status":"closed","ping_status":"closed","template":"page-templates\/side-menu.php","meta":{"_bbp_topic_count":0,"_bbp_reply_count":0,"_bbp_total_topic_count":0,"_bbp_total_reply_count":0,"_bbp_voice_count":0,"_bbp_anonymous_reply_count":0,"_bbp_topic_count_hidden":0,"_bbp_reply_count_hidden":0,"_bbp_forum_subforum_count":0,"footnotes":""},"class_list":["post-1279","page","type-page","status-publish","hentry"],"post_mailing_queue_ids":[],"_links":{"self":[{"href":"https:\/\/agora.xtec.cat\/insrosetamauri\/wp-json\/wp\/v2\/pages\/1279","targetHints":{"allow":["GET"]}}],"collection":[{"href":"https:\/\/agora.xtec.cat\/insrosetamauri\/wp-json\/wp\/v2\/pages"}],"about":[{"href":"https:\/\/agora.xtec.cat\/insrosetamauri\/wp-json\/wp\/v2\/types\/page"}],"author":[{"embeddable":true,"href":"https:\/\/agora.xtec.cat\/insrosetamauri\/wp-json\/wp\/v2\/users\/3"}],"replies":[{"embeddable":true,"href":"https:\/\/agora.xtec.cat\/insrosetamauri\/wp-json\/wp\/v2\/comments?post=1279"}],"version-history":[{"count":4,"href":"https:\/\/agora.xtec.cat\/insrosetamauri\/wp-json\/wp\/v2\/pages\/1279\/revisions"}],"predecessor-version":[{"id":4079,"href":"https:\/\/agora.xtec.cat\/insrosetamauri\/wp-json\/wp\/v2\/pages\/1279\/revisions\/4079"}],"up":[{"embeddable":true,"href":"https:\/\/agora.xtec.cat\/insrosetamauri\/wp-json\/wp\/v2\/pages\/2499"}],"wp:attachment":[{"href":"https:\/\/agora.xtec.cat\/insrosetamauri\/wp-json\/wp\/v2\/media?parent=1279"}],"curies":[{"name":"wp","href":"https:\/\/api.w.org\/{rel}","templated":true}]}}

Preinscripció i Matrícula BATXILLERAT 2023-24

<p>&nbsp;</p>
<p><img loading="lazy" decoding="async" class=" wp-image-3845 alignleft" src="https://agora.xtec.cat/insrosetamauri/wp-content/uploads/usu605/2022/05/batxillerat-300x169.png" alt="" width="447" height="252" srcset="https://agora.xtec.cat/insrosetamauri/wp-content/uploads/usu605/2022/05/batxillerat-300x169.png 300w, https://agora.xtec.cat/insrosetamauri/wp-content/uploads/usu605/2022/05/batxillerat-768x432.png 768w, https://agora.xtec.cat/insrosetamauri/wp-content/uploads/usu605/2022/05/batxillerat.png 832w" sizes="auto, (max-width: 447px) 100vw, 447px" /></p>
<p style="text-align: center;"><strong>Batxillerat<br />
</strong>Presentació de sol·licituds: <strong>del 20 al 26 d’abril<br />
</strong>Matrícula: <strong>del 22 de juny al 3 de juliol</strong></p>
<p style="text-align: center;"><a href="https://preinscripcio.gencat.cat/ca/estudis/batxillerat/informat/calendari/" target="_blank" rel="noopener">Calendari i terminis de la preinscripció i matrícula</a></p>
<p style="text-align: center;"><a href="https://preinscripcio.gencat.cat/ca/estudis/batxillerat/preinscriute/seguiment-sollicitud/" target="_blank" rel="noopener">Accés a la preinscripció</a></p>
<p style="text-align: center;"><a href="https://preinscripcio.gencat.cat/ca/estudis/batxillerat/inici/" target="_blank" rel="noopener">Informació detallada</a></p>
<p>&nbsp;</p>
<p>&nbsp;</p>
<p>Si necessiteu ajuda en el procés de preinscripció podeu contactar amb l&#8217;Institut:</p>
<p>&#8211; Horari d&#8217;atenció al públic durant la preinscripció: del 20 al 26 d&#8217;abril, de 9:00 a 14:00h</p>
<p>&#8211; Telèfon de contacte: <strong><span class="zgWrF">977 30 11 89</span></strong></p>
<p>&#8211; Correu electrònic: <strong>preinscripcio@iesrosetamauri.org</strong></p>

<p>&nbsp;</p>
<p>Batxillerat<br />
Presentació de sol·licituds: del 20 al 26 d’abril<br />
Matrícula: del 22 de juny al 3 de juliol<br />
<a href="https://preinscripcio.gencat.cat/ca/estudis/batxillerat/informat/calendari/" target="_blank" rel="noopener">Calendari i terminis de la preinscripció i matrícula</a><br />
<a href="https://preinscripcio.gencat.cat/ca/estudis/batxillerat/preinscriute/seguiment-sollicitud/" target="_blank" rel="noopener">Accés a la preinscripció</a><br />
<a href="https://preinscripcio.gencat.cat/ca/estudis/batxillerat/inici/" target="_blank" rel="noopener">Informació detallada</a><br />
&nbsp;<br />
&nbsp;<br />
Si necessiteu ajuda en el procés de preinscripció podeu contactar amb l&#8217;Institut:<br />
&#8211;&hellip;  <a href="https://agora.xtec.cat/insrosetamauri/secretaria-2/preinscripcio-i-matricula/" title="Read Preinscripció i Matrícula BATXILLERAT 2023-24">Llegeix més»</a></p>
