{"id":9999,"date":"2022-03-03T10:09:16","date_gmt":"2022-03-03T09:09:16","guid":{"rendered":"http:\/\/agora.xtec.cat\/insrocagrossa\/?page_id=9999"},"modified":"2026-01-28T12:37:17","modified_gmt":"2026-01-28T11:37:17","slug":"preinscripcions-i-matricula-curs-2026-27","status":"publish","type":"page","link":"https:\/\/agora.xtec.cat\/insrocagrossa\/preinscripcions-i-matricula-curs-2026-27\/","title":{"rendered":"Preinscripcions i Matr\u00edcula curs 2026-27"},"content":{"rendered":"<p>En aquest apartat trobareu tota la informaci\u00f3 referent a les preinscripcions i matr\u00edcules dels estudis que cursem a l&#8217;institut.<\/p>\n<h1 style=\"text-align: left;\"><span style=\"color: black;\">CLICA AQUELL ESTUDI QUE T&#8217;INTERESSI<\/span><\/h1>\n<p>&nbsp;<\/p>\n<table style=\"width: 55.0582%; height: 114px;\" align=\"center\">\n<tbody>\n<tr style=\"border: hidden;\">\n<td style=\"border: hidden; width: 47.9885%; text-align: left;\"><a href=\"https:\/\/agora.xtec.cat\/insrocagrossa\/general\/informacions-preinscripcions-eso\/\"><img loading=\"lazy\" decoding=\"async\" class=\"alignnone wp-image-14748\" src=\"https:\/\/agora.xtec.cat\/insrocagrossa\/wp-content\/uploads\/usu1281\/2024\/03\/botoESO.png\" alt=\"\" width=\"245\" height=\"85\" \/><\/a><\/td>\n<td style=\"border: hidden; width: 48.1322%; text-align: left;\"><a href=\"https:\/\/agora.xtec.cat\/insrocagrossa\/general\/informacions-preinscripcions-batx\/\"><img loading=\"lazy\" decoding=\"async\" class=\"wp-image-14749 aligncenter\" src=\"https:\/\/agora.xtec.cat\/insrocagrossa\/wp-content\/uploads\/usu1281\/2024\/03\/botobatxillerat.png\" alt=\"\" width=\"241\" height=\"85\" \/><\/a><\/td>\n<td style=\"border: hidden; width: 1.70648%;\"><\/td>\n<\/tr>\n<\/tbody>\n<\/table>\n<p>&nbsp;<\/p>\n<table style=\"width: 96.6007%; border-collapse: collapse; border-style: hidden; height: 123px;\">\n<tbody>\n<tr style=\"border-style: hidden;\">\n<td style=\"width: 20%; text-align: center; border-style: hidden; height: 110px;\"><a href=\"https:\/\/agora.xtec.cat\/insrocagrossa\/general\/informacions-preinscripcions-guia-mn\/\"><img loading=\"lazy\" decoding=\"async\" class=\"aligncenter wp-image-14751\" src=\"https:\/\/agora.xtec.cat\/insrocagrossa\/wp-content\/uploads\/usu1281\/2024\/03\/botoGMN.png\" alt=\"\" width=\"209\" height=\"70\" \/><\/a><\/td>\n<td style=\"width: 20%; text-align: center; border-style: hidden; height: 110px;\"><a href=\"https:\/\/agora.xtec.cat\/insrocagrossa\/general\/informacions-preinscripcions-grau-superior-d-ensenyament-i-animacio-socioesportiva\"><img loading=\"lazy\" decoding=\"async\" class=\"aligncenter wp-image-14752\" src=\"https:\/\/agora.xtec.cat\/insrocagrossa\/wp-content\/uploads\/usu1281\/2024\/03\/botoEAS.png\" alt=\"\" width=\"206\" height=\"70\" \/><\/a><\/td>\n<td style=\"width: 20%; text-align: center; border-style: hidden; height: 110px;\"><a href=\"https:\/\/agora.xtec.cat\/insrocagrossa\/general\/informacions-preinscripcions-grau-superior-de-condicionament-fisic\"><img loading=\"lazy\" decoding=\"async\" class=\"aligncenter wp-image-14753\" src=\"https:\/\/agora.xtec.cat\/insrocagrossa\/wp-content\/uploads\/usu1281\/2024\/03\/botoCondicionamentfisic.png\" alt=\"\" width=\"199\" height=\"70\" \/><\/a><\/td>\n<td style=\"width: 20%; text-align: center; border-style: hidden; height: 110px;\"><a href=\"https:\/\/agora.xtec.cat\/insrocagrossa\/general\/informacions-preinscripcions-grau-mitja-de-tecnic-o-tecnica-en-futbol\"><img loading=\"lazy\" decoding=\"async\" class=\"aligncenter wp-image-14754\" src=\"https:\/\/agora.xtec.cat\/insrocagrossa\/wp-content\/uploads\/usu1281\/2024\/03\/botofutbol.png\" alt=\"\" width=\"204\" height=\"70\" \/><\/a><\/td>\n<td style=\"width: 20%; text-align: center; border-style: hidden; height: 110px;\"><a href=\"https:\/\/agora.xtec.cat\/insrocagrossa\/general\/informacions-preinscripcions-grau-mitja-de-tecnic-o-tecnica-en-salvament-i-socorrisme\"><img loading=\"lazy\" decoding=\"async\" class=\"aligncenter wp-image-14755\" src=\"https:\/\/agora.xtec.cat\/insrocagrossa\/wp-content\/uploads\/usu1281\/2024\/03\/botosos.png\" alt=\"\" width=\"206\" height=\"70\" \/><\/a><\/td>\n<\/tr>\n<\/tbody>\n<\/table>\n<p>&nbsp;<\/p>\n<table style=\"border-collapse: collapse; width: 56.4675%; height: 136px;\">\n<tbody>\n<tr>\n<td style=\"width: 100%; border-style: hidden;\"><a href=\"https:\/\/agora.xtec.cat\/insrocagrossa\/general\/informacions-preinscripcions-grau-mitja-dacces-i-conservacio-en-installacions-esportives\/\"><img loading=\"lazy\" decoding=\"async\" class=\"wp-image-14756 alignright\" src=\"https:\/\/agora.xtec.cat\/insrocagrossa\/wp-content\/uploads\/usu1281\/2024\/03\/botograubasic.png\" alt=\"\" width=\"225\" height=\"79\" \/><\/a><\/td>\n<\/tr>\n<\/tbody>\n<\/table>\n<p>&nbsp;<\/p>\n","protected":false},"excerpt":{"rendered":"<p>En aquest apartat trobareu tota la informaci\u00f3 referent a les preinscripcions i matr\u00edcules dels estudis que cursem a l&#8217;institut.<br \/>\nCLICA AQUELL ESTUDI QUE T&#8217;INTERESSI<br \/>\n&nbsp;<\/p>\n<p><a href=\"https:\/\/agora.xtec.cat\/insrocagrossa\/general\/informacions-preinscripcions-eso\/\"><\/a><br \/>\n<a href=\"https:\/\/agora.xtec.cat\/insrocagrossa\/general\/informacions-preinscripcions-batx\/\"><\/a><\/p>\n<p>&nbsp;<\/p>\n<p><a href=\"https:\/\/agora.xtec.cat\/insrocagrossa\/general\/informacions-preinscripcions-guia-mn\/\"><\/a><br \/>\n<a href=\"https:\/\/agora.xtec.cat\/insrocagrossa\/general\/informacions-preinscripcions-grau-superior-d-ensenyament-i-animacio-socioesportiva\"><\/a><br \/>\n<a href=\"https:\/\/agora.xtec.cat\/insrocagrossa\/general\/informacions-preinscripcions-grau-superior-de-condicionament-fisic\"><\/a><br \/>\n<a href=\"https:\/\/agora.xtec.cat\/insrocagrossa\/general\/informacions-preinscripcions-grau-mitja-de-tecnic-o-tecnica-en-futbol\"><\/a><br \/>\n<a href=\"https:\/\/agora.xtec.cat\/insrocagrossa\/general\/informacions-preinscripcions-grau-mitja-de-tecnic-o-tecnica-en-salvament-i-socorrisme\"><\/a><\/p>\n<p>&nbsp;<\/p>\n<p><a href=\"https:\/\/agora.xtec.cat\/insrocagrossa\/general\/informacions-preinscripcions-grau-mitja-dacces-i-conservacio-en-installacions-esportives\/\"><\/a><\/p>\n<p>&nbsp;<\/p>\n","protected":false},"author":1,"featured_media":0,"parent":0,"menu_order":0,"comment_status":"closed","ping_status":"closed","template":"","meta":{"_bbp_topic_count":0,"_bbp_reply_count":0,"_bbp_total_topic_count":0,"_bbp_total_reply_count":0,"_bbp_voice_count":0,"_bbp_anonymous_reply_count":0,"_bbp_topic_count_hidden":0,"_bbp_reply_count_hidden":0,"_bbp_forum_subforum_count":0,"footnotes":""},"class_list":["post-9999","page","type-page","status-publish","hentry"],"post_mailing_queue_ids":[],"_links":{"self":[{"href":"https:\/\/agora.xtec.cat\/insrocagrossa\/wp-json\/wp\/v2\/pages\/9999","targetHints":{"allow":["GET"]}}],"collection":[{"href":"https:\/\/agora.xtec.cat\/insrocagrossa\/wp-json\/wp\/v2\/pages"}],"about":[{"href":"https:\/\/agora.xtec.cat\/insrocagrossa\/wp-json\/wp\/v2\/types\/page"}],"author":[{"embeddable":true,"href":"https:\/\/agora.xtec.cat\/insrocagrossa\/wp-json\/wp\/v2\/users\/1"}],"replies":[{"embeddable":true,"href":"https:\/\/agora.xtec.cat\/insrocagrossa\/wp-json\/wp\/v2\/comments?post=9999"}],"version-history":[{"count":6,"href":"https:\/\/agora.xtec.cat\/insrocagrossa\/wp-json\/wp\/v2\/pages\/9999\/revisions"}],"predecessor-version":[{"id":16842,"href":"https:\/\/agora.xtec.cat\/insrocagrossa\/wp-json\/wp\/v2\/pages\/9999\/revisions\/16842"}],"wp:attachment":[{"href":"https:\/\/agora.xtec.cat\/insrocagrossa\/wp-json\/wp\/v2\/media?parent=9999"}],"curies":[{"name":"wp","href":"https:\/\/api.w.org\/{rel}","templated":true}]}}