{"id":57,"date":"2014-09-17T17:01:07","date_gmt":"2014-09-17T17:01:07","guid":{"rendered":"http:\/\/agora.xtec.cat\/insrocagrossa\/?page_id=57"},"modified":"2017-09-08T12:10:45","modified_gmt":"2017-09-08T10:10:45","slug":"projecte-educatiu","status":"publish","type":"page","link":"https:\/\/agora.xtec.cat\/insrocagrossa\/projecte-educatiu\/","title":{"rendered":"Projectes i serveis"},"content":{"rendered":"<p><strong>Activitats i projectes educatius<\/strong><\/p>\n<ul>\n<li>Projecte EDUCAT 2.0 d\u2019aules digitals: cada alumne disposa d\u2019un ordinador i llibres digitals (de 1r a 4t d\u2019ESO).<\/li>\n<li>Idiomes estrangers: angl\u00e8s (obligatori) i franc\u00e8s optatiu.<\/li>\n<li>Pla d\u2019Acci\u00f3 Tutorial.<\/li>\n<li>Aula Oberta.<\/li>\n<li>Impuls de Lleng\u00fces Estrangeres: incorporaci\u00f3 de l\u2019ensenyament en angl\u00e8s a altres mat\u00e8ries.<\/li>\n<li>Pla de Conviv\u00e8ncia i Mediaci\u00f3.<\/li>\n<li>Projecte Singular: activitats en empreses per a determinats alumnes, en col\u00b7laboraci\u00f3 amb l\u2019Ajuntament de Lloret de Mar.<\/li>\n<li>Voluntariat ling\u00fc\u00edstic per fomentar l\u2019\u00fas de la llengua catalana i anglesa.<\/li>\n<li>Taller d\u2019estudi assistit: refor\u00e7 en horari extraescolar.<\/li>\n<li>Pla d\u2019Escola Verda: estalvi energ\u00e8tic i respecte al medi ambient.<\/li>\n<li>Programa Salut i Escola: foment dels h\u00e0bits saludables i prevenci\u00f3, en col\u00b7laboraci\u00f3 amb el CAP de Lloret de Mar.<\/li>\n<li>Programa de socialitzaci\u00f3 de llibres de lectura.<\/li>\n<li>Pla de Biblioteca escolar per al foment de la lectura.<\/li>\n<li>Revista pr\u00f2pia, Atzavara, que edita un n\u00famero cada curs.<\/li>\n<li>Pla d\u2019Acollida: conjunts d\u2019actuacions que el centre posa en marxa per tal de facilitar l\u2019adaptaci\u00f3 a l\u2019alumnat que s\u2019incorpora de nou al centre.<\/li>\n<li>Pla lector de centre: eina per encertar, refor\u00e7ar i millorar els nivells de lectura i comprensi\u00f3 de l\u2019alumnat.<\/li>\n<li>Coral i orquestra.<\/li>\n<li>Projecte Rossinyol (amb la UdG): afavorir la integraci\u00f3 cultural, social I ling\u00fc\u00edstica dels alumnes d\u2019origen estranger.<\/li>\n<li>Participaci\u00f3 al Pla Educatiu d\u2019Entorn.<\/li>\n<li>Participaci\u00f3 en el Programa Rotary d\u2019intercanvi d\u2019estudiants de Batxillerat amb altres pa\u00efsos de parla anglesa durant un curs escolar.<\/li>\n<li>Conveni amb empreses i associacions per fer formaci\u00f3 laboral.<\/li>\n<li>Participaci\u00f3 en les proves Cangur de matem\u00e0tiques.<\/li>\n<li>Participaci\u00f3 en The Big Challenge\u00a0\u00a0 i The Fonix , concursos interescolars en angl\u00e8s.<\/li>\n<li>Intercanvi temporal amb un centre de Fran\u00e7a<\/li>\n<li>Projecte de recerca de 4t d\u2019ESO a Gran Bretanya<\/li>\n<li>Preparaci\u00f3 per a proves oficials del First Certificate.<\/li>\n<\/ul>\n<p><strong>Nivells educatius<\/strong><\/p>\n<ul>\n<li>Educaci\u00f3 secund\u00e0ria obligat\u00f2ria.<\/li>\n<li>Modalitats: Tecnologia, Humanitats, Ci\u00e8ncies Socials i Ci\u00e8ncies de la Naturalesa I Salut.<\/li>\n<li>Cicle d\u2019Ensenyament d\u2019Esports, modalitat de futbol. Habilita per exercir d\u2019entrenador de futbol i d\u2019\u00e0rbitre. Primer i segon nivell<\/li>\n<li>Cicle formatiu de grau mitj\u00e0 de conducci\u00f3 d\u2019activitats fisicoesportives en el medi natural: formar t\u00e8cnics d\u2019acompanyament de particulars o grups organitzats. Un curs.<\/li>\n<li>Cicle d\u2019ensenyament d\u2019esports, modalitat de Salvament i Socorrisme, que acredita per a treballar de socorrista a piscines, parcs aqu\u00e0tics i platges. Cicles inicials i final.<\/li>\n<\/ul>\n","protected":false},"excerpt":{"rendered":"<p>Activitats i projectes educatius<\/p>\n<ul>\n<li>Projecte EDUCAT 2.0 d\u2019aules digitals: cada alumne disposa d\u2019un ordinador i llibres digitals (de 1r a 4t d\u2019ESO).<\/li>\n<li>Idiomes estrangers: angl\u00e8s (obligatori) i franc\u00e8s optatiu.<\/li>\n<li>Pla d\u2019Acci\u00f3 Tutorial.<\/li>\n<li>Aula Oberta.<\/li>\n<li>Impuls de Lleng\u00fces Estrangeres: incorporaci\u00f3 de l\u2019ensenyament en angl\u00e8s a altres mat\u00e8ries.<\/li>\n<li>Pla de Conviv\u00e8ncia i Mediaci\u00f3.<\/li>\n<li>Projecte&hellip;  <a href=\"https:\/\/agora.xtec.cat\/insrocagrossa\/projecte-educatiu\/\" title=\"Read Projectes i serveis\">Llegeix m\u00e9s\u00bb<\/a><br \/>\n","protected":false},"author":1,"featured_media":0,"parent":0,"menu_order":0,"comment_status":"closed","ping_status":"closed","template":"page-templates\/side-menu.php","meta":{"_bbp_topic_count":0,"_bbp_reply_count":0,"_bbp_total_topic_count":0,"_bbp_total_reply_count":0,"_bbp_voice_count":0,"_bbp_anonymous_reply_count":0,"_bbp_topic_count_hidden":0,"_bbp_reply_count_hidden":0,"_bbp_forum_subforum_count":0,"footnotes":""},"class_list":["post-57","page","type-page","status-publish","hentry"],"post_mailing_queue_ids":[],"_links":{"self":[{"href":"https:\/\/agora.xtec.cat\/insrocagrossa\/wp-json\/wp\/v2\/pages\/57","targetHints":{"allow":["GET"]}}],"collection":[{"href":"https:\/\/agora.xtec.cat\/insrocagrossa\/wp-json\/wp\/v2\/pages"}],"about":[{"href":"https:\/\/agora.xtec.cat\/insrocagrossa\/wp-json\/wp\/v2\/types\/page"}],"author":[{"embeddable":true,"href":"https:\/\/agora.xtec.cat\/insrocagrossa\/wp-json\/wp\/v2\/users\/1"}],"replies":[{"embeddable":true,"href":"https:\/\/agora.xtec.cat\/insrocagrossa\/wp-json\/wp\/v2\/comments?post=57"}],"version-history":[{"count":3,"href":"https:\/\/agora.xtec.cat\/insrocagrossa\/wp-json\/wp\/v2\/pages\/57\/revisions"}],"predecessor-version":[{"id":3493,"href":"https:\/\/agora.xtec.cat\/insrocagrossa\/wp-json\/wp\/v2\/pages\/57\/revisions\/3493"}],"wp:attachment":[{"href":"https:\/\/agora.xtec.cat\/insrocagrossa\/wp-json\/wp\/v2\/media?parent=57"}],"curies":[{"name":"wp","href":"https:\/\/api.w.org\/{rel}","templated":true}]}}