{"id":27,"date":"2014-09-17T16:24:03","date_gmt":"2014-09-17T16:24:03","guid":{"rendered":"http:\/\/agora.xtec.cat\/insrocagrossa\/?page_id=27"},"modified":"2016-11-09T17:13:18","modified_gmt":"2016-11-09T16:13:18","slug":"historia","status":"publish","type":"page","link":"https:\/\/agora.xtec.cat\/insrocagrossa\/linstitut\/historia\/","title":{"rendered":"Hist\u00f2ria"},"content":{"rendered":"<p>L&#8217;IES Rocagrossa va comen\u00e7ar les seves activitats a la pla\u00e7a de Moss\u00e8n Pere Torrent, a l&#8217;edifici de la Casa de Cultura de l&#8217;Ajuntament de Lloret de Mar. Era el mes de setembre de 1996. Fins aleshores, aquest mateix edifici, havia servit d&#8217;aixopluc a l&#8217;altre institut de Lloret d&#8217;en\u00e7\u00e0 que era una extensi\u00f3 de l&#8217;Institut de Batxillerat Sa Palomera de Blanes.El primer curs, 1996-97, es va iniciar amb 1r i 3r d&#8217;ESO, desdoblats en tres grups de 20 alumnes, i els anys posteriors an\u00e0 augmentant el nombre de l\u00ednies. Al principi l&#8217;edifici era suficient, encara que les condicions no eren les m\u00e9s favorables: t\u00e9 mancances de material de laboratori, d&#8217;instal\u00b7lacions i material per a l&#8217;educaci\u00f3 f\u00edsica, d&#8217;ordinadors, de pati i de pressupost diu l&#8217;acta de la reuni\u00f3 de Claustre\u00a0n\u00fam 1 celebrada el dimarts 10 de setembre i a la qual assistiren sis professores i quatre professors, entre aquelles la primera directora, Ma. Il\u00b7luminada Guitart i Blanch. Per altra banda la reuni\u00f3 ordin\u00e0ria n\u00fam. 1 del Consell Escolar es va tenir el dimecres 18 del mateix mes. Durant set cursos tothom va haver de superar les dificultats de la situaci\u00f3: grans despla\u00e7aments a les pistes d&#8217;atletisme amb tots els grups i a l&#8217;Escola d&#8217;adults per a les classes de batxillerat, l&#8217;esbarjo a la pla\u00e7a amb un recinte tancat amb una reixa port\u00e0til, la conviv\u00e8ncia al bar del casal de jubilats, l&#8217;estretor de l&#8217;aula d&#8217;inform\u00e0tica\u2026<\/p>\n<p>A la fi, l&#8217;any 2003, pel setembre, v\u00e0rem comen\u00e7ar a l&#8217;edifici actual que es\u00a0 troba al barri que tradicionalment ha estat conegut com Es Mol\u00ed. Aquest canvi, com es pot suposar, va representar una\u00a0 millora important\u00edssima ja que es va\u00a0 passar a gaudir de tots els equipaments que no ten\u00edem a la Casa de Cultura. La inauguraci\u00f3 oficial va \u00e9sser el 18 d&#8217;octubre a c\u00e0rrec del Molt Honorable Sr. Jordi Pujol, president de la Generalitat de Catalunya, essent alcalde l&#8217;Il\u00b7lm. Sr. Xavier Crespo i director en Joaquim Costa. Ara el nostre institut, que agafa el nom d&#8217;aquest element tan caracter\u00edstic del paisatge lloretenc que \u00e9s la Roca Grossa, s&#8217;ha convertit en un centre modern i perfectament adequat a les necessitats educatives dels alumnes.<\/p>\n<p>L\u2019institut Rocagrossa, integrat per alumnat, professorat, fam\u00edlies i personal no docent, es defineix com a centre p\u00fablic que pret\u00e9n d\u2019aconseguir , mitjan\u00e7ant la conviv\u00e8ncia en llibertat, persones educades i formades en el pluralisme, el respecte, la integraci\u00f3 i els valors democr\u00e0tics.<\/p>\n<p>La comunitat educativa treballa per una educaci\u00f3 de qualitat, incorporant les noves tecnologies als processos d\u2019ensenyament i aprenentatge al temps que mant\u00e9 l\u2019ess\u00e8ncia d\u2019una educaci\u00f3 propera a les necessitats de l\u2019alumnat i les fam\u00edlies.<\/p>\n<p>&nbsp;<\/p>\n<p><a href=\"http:\/\/agora.xtec.cat\/insrocagrossa\/wp-content\/uploads\/usu1281\/2014\/09\/historiques_2.jpg\"><img loading=\"lazy\" decoding=\"async\" class=\"alignnone size-full wp-image-2431\" src=\"http:\/\/agora.xtec.cat\/insrocagrossa\/wp-content\/uploads\/usu1281\/2014\/09\/historiques_2.jpg\" alt=\"historiques_2\" width=\"469\" height=\"300\" srcset=\"https:\/\/agora.xtec.cat\/insrocagrossa\/wp-content\/uploads\/usu1281\/2014\/09\/historiques_2.jpg 469w, https:\/\/agora.xtec.cat\/insrocagrossa\/wp-content\/uploads\/usu1281\/2014\/09\/historiques_2-300x192.jpg 300w\" sizes=\"auto, (max-width: 469px) 100vw, 469px\" \/><\/a> <a href=\"http:\/\/agora.xtec.cat\/insrocagrossa\/wp-content\/uploads\/usu1281\/2014\/09\/historiques_3.jpg\"><img loading=\"lazy\" decoding=\"async\" class=\"alignnone size-full wp-image-2432\" src=\"http:\/\/agora.xtec.cat\/insrocagrossa\/wp-content\/uploads\/usu1281\/2014\/09\/historiques_3.jpg\" alt=\"historiques_3\" width=\"300\" height=\"304\" srcset=\"https:\/\/agora.xtec.cat\/insrocagrossa\/wp-content\/uploads\/usu1281\/2014\/09\/historiques_3.jpg 300w, https:\/\/agora.xtec.cat\/insrocagrossa\/wp-content\/uploads\/usu1281\/2014\/09\/historiques_3-296x300.jpg 296w\" sizes=\"auto, (max-width: 300px) 100vw, 300px\" \/><\/a><\/p>\n<p><strong>*Imatges del dia de la inauguraci\u00f3 del centre\u00a0l&#8217;any 2003<\/strong><\/p>\n","protected":false},"excerpt":{"rendered":"<p>L&#8217;IES Rocagrossa va comen\u00e7ar les seves activitats a la pla\u00e7a de Moss\u00e8n Pere Torrent, a l&#8217;edifici de la Casa de Cultura de l&#8217;Ajuntament de Lloret de Mar. Era el mes de setembre de 1996. Fins aleshores, aquest mateix edifici, havia servit d&#8217;aixopluc a l&#8217;altre institut&hellip;  <a href=\"https:\/\/agora.xtec.cat\/insrocagrossa\/linstitut\/historia\/\" title=\"Read Hist\u00f2ria\">Llegeix m\u00e9s\u00bb<\/a><\/p>\n","protected":false},"author":1,"featured_media":0,"parent":19,"menu_order":20,"comment_status":"closed","ping_status":"closed","template":"page-templates\/side-menu.php","meta":{"_bbp_topic_count":0,"_bbp_reply_count":0,"_bbp_total_topic_count":0,"_bbp_total_reply_count":0,"_bbp_voice_count":0,"_bbp_anonymous_reply_count":0,"_bbp_topic_count_hidden":0,"_bbp_reply_count_hidden":0,"_bbp_forum_subforum_count":0,"footnotes":""},"class_list":["post-27","page","type-page","status-publish","hentry"],"post_mailing_queue_ids":[],"_links":{"self":[{"href":"https:\/\/agora.xtec.cat\/insrocagrossa\/wp-json\/wp\/v2\/pages\/27","targetHints":{"allow":["GET"]}}],"collection":[{"href":"https:\/\/agora.xtec.cat\/insrocagrossa\/wp-json\/wp\/v2\/pages"}],"about":[{"href":"https:\/\/agora.xtec.cat\/insrocagrossa\/wp-json\/wp\/v2\/types\/page"}],"author":[{"embeddable":true,"href":"https:\/\/agora.xtec.cat\/insrocagrossa\/wp-json\/wp\/v2\/users\/1"}],"replies":[{"embeddable":true,"href":"https:\/\/agora.xtec.cat\/insrocagrossa\/wp-json\/wp\/v2\/comments?post=27"}],"version-history":[{"count":3,"href":"https:\/\/agora.xtec.cat\/insrocagrossa\/wp-json\/wp\/v2\/pages\/27\/revisions"}],"predecessor-version":[{"id":2435,"href":"https:\/\/agora.xtec.cat\/insrocagrossa\/wp-json\/wp\/v2\/pages\/27\/revisions\/2435"}],"up":[{"embeddable":true,"href":"https:\/\/agora.xtec.cat\/insrocagrossa\/wp-json\/wp\/v2\/pages\/19"}],"wp:attachment":[{"href":"https:\/\/agora.xtec.cat\/insrocagrossa\/wp-json\/wp\/v2\/media?parent=27"}],"curies":[{"name":"wp","href":"https:\/\/api.w.org\/{rel}","templated":true}]}}