{"id":6764,"date":"2023-11-29T20:17:27","date_gmt":"2023-11-29T19:17:27","guid":{"rendered":"https:\/\/agora.xtec.cat\/insramondelatorre\/?page_id=6764"},"modified":"2024-11-08T11:56:11","modified_gmt":"2024-11-08T10:56:11","slug":"cursos-de-capacitacio-digital","status":"publish","type":"page","link":"https:\/\/agora.xtec.cat\/insramondelatorre\/cursos-de-capacitacio-digital\/","title":{"rendered":"CURSOS DIGITALS GRATU\u00cfTS"},"content":{"rendered":"<div>\n<p><a href=\"https:\/\/agora.xtec.cat\/insramondelatorre\/wp-content\/uploads\/usu1829\/2024\/11\/mrr23_redim_evidencia2_logo.png\"><img loading=\"lazy\" decoding=\"async\" class=\"size-large wp-image-7679 aligncenter\" src=\"https:\/\/agora.xtec.cat\/insramondelatorre\/wp-content\/uploads\/usu1829\/2024\/11\/mrr23_redim_evidencia2_logo-1024x268.png\" alt=\"\" width=\"1024\" height=\"268\" srcset=\"https:\/\/agora.xtec.cat\/insramondelatorre\/wp-content\/uploads\/usu1829\/2024\/11\/mrr23_redim_evidencia2_logo-1024x268.png 1024w, https:\/\/agora.xtec.cat\/insramondelatorre\/wp-content\/uploads\/usu1829\/2024\/11\/mrr23_redim_evidencia2_logo-300x79.png 300w, https:\/\/agora.xtec.cat\/insramondelatorre\/wp-content\/uploads\/usu1829\/2024\/11\/mrr23_redim_evidencia2_logo-768x201.png 768w, https:\/\/agora.xtec.cat\/insramondelatorre\/wp-content\/uploads\/usu1829\/2024\/11\/mrr23_redim_evidencia2_logo.png 1196w\" sizes=\"auto, (max-width: 1024px) 100vw, 1024px\" \/><\/a><\/p>\n<p><strong>PER A GENT GRAN, ADULTS I JOVES MAJORS DE 16 ANYS<\/strong><\/p>\n<p>El nostre centre ha estat seleccionat per formar part de la xarxa de centres de capacitaci\u00f3 digital de tot Catalunya. Aix\u00f2 vol dir que durant l&#8217;any 2024, oferirem formaci\u00f3 gratu\u00efta en l&#8217;\u00e0mbit digital a la poblaci\u00f3 que ho desitgi. <span style=\"font-family: inherit; font-size: 1em;\">Estem contents de poder contribuir oferint aquest servei a la nostra comunitat directament.<\/span><\/p>\n<\/div>\n<div>\n<h2 style=\"text-align: center;\"><strong><a href=\"https:\/\/forms.gle\/YBRpwuWVEpzDAwfJ6\" target=\"_blank\" rel=\"noopener\">RESERVA LA TEVA PLA\u00c7A!<\/a><\/strong><\/h2>\n<\/div>\n<div>\n<p>Hi ha 5 cursos diferents que van des del nivell m\u00e9s b\u00e0sic fins a l\u2019\u00e0mbit professional (us adjuntem un document explicatiu de cada curs). Tots 5 cursos tenen certificat.<\/p>\n<\/div>\n<div>\n<ul>\n<li style=\"list-style-type: none;\">\n<ul>\n<li style=\"list-style-type: none;\">\n<ul>\n<li>Descobrim el m\u00f3n digital (15h)\u00a0&#8211; \u00fas del m\u00f2bil, whatsapp, SMS, instal\u00b7lar aplicacions, configuraci\u00f3 del m\u00f2bil&#8230;<\/li>\n<li>Ens movem pel m\u00f3n digital (15h)\u00a0&#8211; \u00fas del correu, fotografies, v\u00eddeos, internet, seguretat&#8230;<\/li>\n<li>Ens endinsem en el m\u00f3n digital (15h)\u00a0&#8211; tr\u00e0mits en l\u00ednia amb l&#8217;administraci\u00f3, atenci\u00f3 sanit\u00e0ria, portar-ho tot a la butxaca&#8230;<\/li>\n<li>Digitalitzaci\u00f3 aplicada l\u2019entorn professional (30h)\u00a0&#8211; gesti\u00f3 de dispositius i continguts<\/li>\n<li style=\"text-align: left;\">Digitalitzaci\u00f3 en la ind\u00fastria, els serveis i la comunicaci\u00f3 (15h) &#8211; impressores 3D, ulleres de realitat virtual, talladores l\u00e0ser&#8230;<\/li>\n<\/ul>\n<\/li>\n<\/ul>\n<\/li>\n<\/ul>\n<h3 style=\"text-align: center;\"><a href=\"https:\/\/agora.xtec.cat\/insramondelatorre\/wp-content\/uploads\/usu1829\/2024\/01\/F-DIGITAL-GUIA.pdf\" target=\"_blank\" rel=\"noopener\">GUIA SOBRE ELS CURSOS<\/a><\/h3>\n<p style=\"text-align: center;\"><embed width=\"75%\" height=\"600px\" src=\"https:\/\/agora.xtec.cat\/insramondelatorre\/wp-content\/uploads\/usu1829\/2024\/01\/F-DIGITAL-GUIA.pdf\" type=\"application\/pdf\"><\/embed><\/p>\n<h4 style=\"text-align: center;\"><a href=\"https:\/\/educacio.gencat.cat\/ca\/serveis-tramits\/formacio-digital\/\">M\u00e9s informaci\u00f3<\/a><\/h4>\n<p><img loading=\"lazy\" decoding=\"async\" class=\"aligncenter size-full wp-image-6768\" src=\"https:\/\/agora.xtec.cat\/insramondelatorre\/wp-content\/uploads\/usu1829\/2023\/11\/IMG_2908.jpg\" alt=\"\" width=\"828\" height=\"1166\" srcset=\"https:\/\/agora.xtec.cat\/insramondelatorre\/wp-content\/uploads\/usu1829\/2023\/11\/IMG_2908.jpg 828w, https:\/\/agora.xtec.cat\/insramondelatorre\/wp-content\/uploads\/usu1829\/2023\/11\/IMG_2908-213x300.jpg 213w, https:\/\/agora.xtec.cat\/insramondelatorre\/wp-content\/uploads\/usu1829\/2023\/11\/IMG_2908-727x1024.jpg 727w, https:\/\/agora.xtec.cat\/insramondelatorre\/wp-content\/uploads\/usu1829\/2023\/11\/IMG_2908-768x1082.jpg 768w\" sizes=\"auto, (max-width: 828px) 100vw, 828px\" \/><\/p>\n<\/div>\n","protected":false},"excerpt":{"rendered":"<p>PER A GENT GRAN, ADULTS I JOVES MAJORS DE 16 ANYS El nostre centre ha estat seleccionat per formar part de la xarxa de centres de capacitaci\u00f3 digital de tot Catalunya. Aix\u00f2 vol dir que durant l&#8217;any 2024, oferirem formaci\u00f3 gratu\u00efta en l&#8217;\u00e0mbit digital a la poblaci\u00f3 que ho desitgi. Estem contents de poder contribuir [&hellip;]<\/p>\n","protected":false},"author":4,"featured_media":0,"parent":0,"menu_order":0,"comment_status":"closed","ping_status":"closed","template":"page-templates\/side-menu.php","meta":{"_bbp_topic_count":0,"_bbp_reply_count":0,"_bbp_total_topic_count":0,"_bbp_total_reply_count":0,"_bbp_voice_count":0,"_bbp_anonymous_reply_count":0,"_bbp_topic_count_hidden":0,"_bbp_reply_count_hidden":0,"_bbp_forum_subforum_count":0,"site-sidebar-layout":"default","site-content-layout":"","ast-site-content-layout":"","site-content-style":"default","site-sidebar-style":"default","ast-global-header-display":"","ast-banner-title-visibility":"","ast-main-header-display":"","ast-hfb-above-header-display":"","ast-hfb-below-header-display":"","ast-hfb-mobile-header-display":"","site-post-title":"","ast-breadcrumbs-content":"","ast-featured-img":"","footer-sml-layout":"","theme-transparent-header-meta":"","adv-header-id-meta":"","stick-header-meta":"","header-above-stick-meta":"","header-main-stick-meta":"","header-below-stick-meta":"","astra-migrate-meta-layouts":"default","ast-page-background-enabled":"default","ast-page-background-meta":{"desktop":{"background-color":"var(--ast-global-color-4)","background-image":"","background-repeat":"repeat","background-position":"center center","background-size":"auto","background-attachment":"scroll","background-type":"","background-media":"","overlay-type":"","overlay-color":"","overlay-opacity":"","overlay-gradient":""},"tablet":{"background-color":"","background-image":"","background-repeat":"repeat","background-position":"center center","background-size":"auto","background-attachment":"scroll","background-type":"","background-media":"","overlay-type":"","overlay-color":"","overlay-opacity":"","overlay-gradient":""},"mobile":{"background-color":"","background-image":"","background-repeat":"repeat","background-position":"center center","background-size":"auto","background-attachment":"scroll","background-type":"","background-media":"","overlay-type":"","overlay-color":"","overlay-opacity":"","overlay-gradient":""}},"ast-content-background-meta":{"desktop":{"background-color":"var(--ast-global-color-5)","background-image":"","background-repeat":"repeat","background-position":"center center","background-size":"auto","background-attachment":"scroll","background-type":"","background-media":"","overlay-type":"","overlay-color":"","overlay-opacity":"","overlay-gradient":""},"tablet":{"background-color":"var(--ast-global-color-5)","background-image":"","background-repeat":"repeat","background-position":"center center","background-size":"auto","background-attachment":"scroll","background-type":"","background-media":"","overlay-type":"","overlay-color":"","overlay-opacity":"","overlay-gradient":""},"mobile":{"background-color":"var(--ast-global-color-5)","background-image":"","background-repeat":"repeat","background-position":"center center","background-size":"auto","background-attachment":"scroll","background-type":"","background-media":"","overlay-type":"","overlay-color":"","overlay-opacity":"","overlay-gradient":""}},"footnotes":""},"class_list":["post-6764","page","type-page","status-publish","hentry"],"post_mailing_queue_ids":[],"_links":{"self":[{"href":"https:\/\/agora.xtec.cat\/insramondelatorre\/wp-json\/wp\/v2\/pages\/6764","targetHints":{"allow":["GET"]}}],"collection":[{"href":"https:\/\/agora.xtec.cat\/insramondelatorre\/wp-json\/wp\/v2\/pages"}],"about":[{"href":"https:\/\/agora.xtec.cat\/insramondelatorre\/wp-json\/wp\/v2\/types\/page"}],"author":[{"embeddable":true,"href":"https:\/\/agora.xtec.cat\/insramondelatorre\/wp-json\/wp\/v2\/users\/4"}],"replies":[{"embeddable":true,"href":"https:\/\/agora.xtec.cat\/insramondelatorre\/wp-json\/wp\/v2\/comments?post=6764"}],"version-history":[{"count":7,"href":"https:\/\/agora.xtec.cat\/insramondelatorre\/wp-json\/wp\/v2\/pages\/6764\/revisions"}],"predecessor-version":[{"id":7681,"href":"https:\/\/agora.xtec.cat\/insramondelatorre\/wp-json\/wp\/v2\/pages\/6764\/revisions\/7681"}],"wp:attachment":[{"href":"https:\/\/agora.xtec.cat\/insramondelatorre\/wp-json\/wp\/v2\/media?parent=6764"}],"curies":[{"name":"wp","href":"https:\/\/api.w.org\/{rel}","templated":true}]}}