{"id":3274,"date":"2020-10-08T12:22:32","date_gmt":"2020-10-08T10:22:32","guid":{"rendered":"https:\/\/agora.xtec.cat\/insramondelatorre\/?page_id=3274"},"modified":"2021-06-28T21:51:23","modified_gmt":"2021-06-28T19:51:23","slug":"paraula-quinzenal","status":"publish","type":"page","link":"https:\/\/agora.xtec.cat\/insramondelatorre\/projecte-educatiu\/comissio-de-llengues\/paraula-quinzenal\/","title":{"rendered":"Paraules quinzenals"},"content":{"rendered":"<p>Des de la comissi\u00f3 ling\u00fc\u00edstica es torna a posar en marxa aquest curs el <strong>projecte anomenat \u201c<em>Paraula de la Quinzena\u201d.<\/em><\/strong><\/p>\n<p style=\"font-weight: 400; text-align: justify;\">Es tracta d&#8217;una iniciativa per fer part\u00edcip tot l&#8217;alumnat i professorat de l\u2019ESO. L\u2019objectiu principal \u00e9s prestar atenci\u00f3 especial a determinades paraules que presenten alguna dificultat, ja sigui per motius ortogr\u00e0fics, per confusi\u00f3 al comparar-les amb altres lleng\u00fces, o b\u00e9 perqu\u00e8 s\u00f3n paraules que resulten interessants per introduir o repassar alguna norma o q\u00fcesti\u00f3 ling\u00fc\u00edstica, sem\u00e0ntica, etimol\u00f2gica, etc.<\/p>\n<p style=\"font-weight: 400; text-align: justify;\">La coordinaci\u00f3 ha fet una tria de paraules en els tres idiomes obligatoris al nostre centre: catal\u00e0, castell\u00e0 i angl\u00e8s per a tot el curs. Aquestes paraules seran exposades quinzenalment en totes i cadascuna de les aules d&#8217;ESO, aix\u00ed com a l\u2019entrada i passadissos a partir del proper dimarts 13 d&#8217;octubre. Tamb\u00e9 disposeu de diversos <em>links<\/em> amb suggeriments i activitats per fer, si en teniu inter\u00e8s.<\/p>\n<p>Aqu\u00ed tindreu un recull d&#8217;aquelles que s&#8217;han anat penjant:<\/p>\n<p><a href=\"https:\/\/www.thinglink.com\/card\/791620134631374850\"><img loading=\"lazy\" decoding=\"async\" class=\"alignnone wp-image-3294 size-thumbnail\" src=\"https:\/\/agora.xtec.cat\/insramondelatorre\/wp-content\/uploads\/usu1829\/2020\/10\/1.soroll-150x150.png\" alt=\"\" width=\"150\" height=\"150\" \/><\/a><a href=\" https:\/\/www.thinglink.com\/card\/773286669565558786 \"><img loading=\"lazy\" decoding=\"async\" class=\"alignnone wp-image-3335 size-thumbnail\" src=\"https:\/\/agora.xtec.cat\/insramondelatorre\/wp-content\/uploads\/usu1829\/2020\/10\/PARADOXA-150x150.png\" alt=\"\" width=\"150\" height=\"150\" \/><img loading=\"lazy\" decoding=\"async\" class=\"alignnone wp-image-3642 size-thumbnail\" src=\"https:\/\/agora.xtec.cat\/insramondelatorre\/wp-content\/uploads\/usu1829\/2021\/01\/Captura-150x150.png\" alt=\"\" width=\"150\" height=\"150\" \/><\/a><\/p>\n<p><a href=\"https:\/\/www.thinglink.com\/scene\/722525027152429058\"><img loading=\"lazy\" decoding=\"async\" class=\"alignnone wp-image-3638 size-thumbnail\" src=\"https:\/\/agora.xtec.cat\/insramondelatorre\/wp-content\/uploads\/usu1829\/2021\/01\/3.G\u00c0BIA-1-150x150.png\" alt=\"\" width=\"150\" height=\"150\" \/><\/a> <a href=\" https:\/\/www.thinglink.com\/card\/781253629330849792\"><img loading=\"lazy\" decoding=\"async\" class=\"alignnone wp-image-3639 size-thumbnail\" src=\"https:\/\/agora.xtec.cat\/insramondelatorre\/wp-content\/uploads\/usu1829\/2021\/01\/5.RATLLA-1-150x150.png\" alt=\"\" width=\"150\" height=\"150\" \/><\/a> <a href=\" https:\/\/www.thinglink.com\/card\/750443779369992192\"><img loading=\"lazy\" decoding=\"async\" class=\"alignnone wp-image-3640 size-thumbnail\" src=\"https:\/\/agora.xtec.cat\/insramondelatorre\/wp-content\/uploads\/usu1829\/2021\/01\/6.DANSA_-1-150x150.png\" alt=\"\" width=\"150\" height=\"150\" \/><\/a><\/p>\n<p><a href=\" https:\/\/www.thinglink.com\/card\/755745094404931585\"><img loading=\"lazy\" decoding=\"async\" class=\"alignnone wp-image-4690 size-thumbnail\" src=\"https:\/\/agora.xtec.cat\/insramondelatorre\/wp-content\/uploads\/usu1829\/2021\/06\/7.GRAVETAT-1-150x150.png\" alt=\"\" width=\"150\" height=\"150\" \/><\/a> <a href=\" https:\/\/www.thinglink.com\/card\/755745094404931585\"><img loading=\"lazy\" decoding=\"async\" class=\"alignnone wp-image-4689 size-thumbnail\" src=\"https:\/\/agora.xtec.cat\/insramondelatorre\/wp-content\/uploads\/usu1829\/2021\/06\/8.DEDAL-1-150x150.png\" alt=\"\" width=\"150\" height=\"150\" \/><\/a> <a href=\"https:\/\/www.thinglink.com\/card\/759739640583290881\"><img loading=\"lazy\" decoding=\"async\" class=\"alignnone wp-image-4688 size-thumbnail\" src=\"https:\/\/agora.xtec.cat\/insramondelatorre\/wp-content\/uploads\/usu1829\/2021\/06\/BACALLA-1-150x150.png\" alt=\"\" width=\"150\" height=\"150\" \/><\/a><\/p>\n<p><a href=\" https:\/\/www.thinglink.com\/card\/1413077551194046467\"><img loading=\"lazy\" decoding=\"async\" class=\"alignnone wp-image-4687 size-thumbnail\" src=\"https:\/\/agora.xtec.cat\/insramondelatorre\/wp-content\/uploads\/usu1829\/2021\/06\/10.CAPA\u00c7-1-150x150.png\" alt=\"\" width=\"150\" height=\"150\" \/><\/a> <a href=\" https:\/\/www.thinglink.com\/scene\/1422996691572752385\"><img loading=\"lazy\" decoding=\"async\" class=\"alignnone wp-image-4686 size-thumbnail\" src=\"https:\/\/agora.xtec.cat\/insramondelatorre\/wp-content\/uploads\/usu1829\/2021\/06\/11.HEROI_-150x150.png\" alt=\"\" width=\"150\" height=\"150\" \/><\/a> <a href=\" https:\/\/www.thinglink.com\/scene\/1422627433655304195\"><img loading=\"lazy\" decoding=\"async\" class=\"alignnone wp-image-4685 size-thumbnail\" src=\"https:\/\/agora.xtec.cat\/insramondelatorre\/wp-content\/uploads\/usu1829\/2021\/06\/12.PASSEIG-150x150.png\" alt=\"\" width=\"150\" height=\"150\" \/><\/a><\/p>\n<p>&nbsp;<\/p>\n<p><span style=\"color: #333333;\">Aix\u00ed com aquelles paraules quinzenals que corresponen al <em><strong>curs 19-20.<\/strong><\/em><\/span><\/p>\n<p>&nbsp;<\/p>\n<p><img loading=\"lazy\" decoding=\"async\" class=\"alignnone wp-image-3343 size-full\" src=\"https:\/\/agora.xtec.cat\/insramondelatorre\/wp-content\/uploads\/usu1829\/2020\/10\/anteriors.png\" alt=\"\" width=\"477\" height=\"422\" srcset=\"https:\/\/agora.xtec.cat\/insramondelatorre\/wp-content\/uploads\/usu1829\/2020\/10\/anteriors.png 477w, https:\/\/agora.xtec.cat\/insramondelatorre\/wp-content\/uploads\/usu1829\/2020\/10\/anteriors-300x265.png 300w\" sizes=\"auto, (max-width: 477px) 100vw, 477px\" \/><\/p>\n<p><span style=\"color: #993366;\"><span style=\"color: #666699;\">Enlla\u00e7os:<\/span><\/span><\/p>\n<table style=\"height: 124px;\">\n<tbody>\n<tr style=\"height: 31px;\">\n<td style=\"height: 31px; width: 98px;\"><a href=\"https:\/\/www.thinglink.com\/scene\/783970667644059648\">Repte<\/a><\/td>\n<td style=\"height: 31px; width: 95px;\"><a href=\"https:\/\/www.thinglink.com\/card\/714185316549787649\">Ping\u00fc\u00ed<\/a><\/td>\n<td style=\"height: 31px; width: 83px;\"><a href=\"https:\/\/www.thinglink.com\/card\/730509184268763137\">Xiuxiueig<\/a><\/td>\n<\/tr>\n<tr style=\"height: 31px;\">\n<td style=\"height: 31px; width: 98px;\"><a href=\"https:\/\/www.thinglink.com\/card\/725061978808123394\">Canvi<\/a><\/td>\n<td style=\"height: 31px; width: 95px;\"><a href=\"https:\/\/www.thinglink.com\/card\/732342027613634561\">Esperan\u00e7a<\/a><\/td>\n<td style=\"height: 31px; width: 83px;\"><a href=\"https:\/\/www.thinglink.com\/card\/753310083638624257\">Hivern<\/a><\/td>\n<\/tr>\n<tr style=\"height: 31px;\">\n<td style=\"height: 31px; width: 98px;\"><a href=\"https:\/\/www.thinglink.com\/card\/765650140349333505\">Mol\u00e8cula<\/a><\/td>\n<td style=\"height: 31px; width: 95px;\"><a href=\"https:\/\/www.thinglink.com\/card\/747904774220808192\">Somn\u00e0mbul<\/a><\/td>\n<td style=\"height: 31px; width: 83px;\"><a href=\"https:\/\/www.thinglink.com\/card\/788870159937830914\">Sospir<\/a><\/td>\n<\/tr>\n<tr style=\"height: 31px;\">\n<td style=\"height: 31px; width: 98px;\"><a href=\"https:\/\/www.thinglink.com\/card\/778733631244861440\">La s\u00edndrome<\/a><\/td>\n<td style=\"height: 31px; width: 95px;\"><a href=\"https:\/\/www.thinglink.com\/card\/1291474976083279874\">Sororitat<\/a><\/td>\n<td style=\"height: 31px; width: 83px;\"><a href=\"https:\/\/www.thinglink.com\/card\/775759379323420674\">Espurneig<\/a><\/td>\n<\/tr>\n<\/tbody>\n<\/table>\n<p>&nbsp;<\/p>\n","protected":false},"excerpt":{"rendered":"<p>Des de la comissi\u00f3 ling\u00fc\u00edstica es torna a posar en marxa aquest curs el projecte anomenat \u201cParaula de la Quinzena\u201d. Es tracta d&#8217;una iniciativa per fer part\u00edcip tot l&#8217;alumnat i professorat de l\u2019ESO. L\u2019objectiu principal \u00e9s prestar atenci\u00f3 especial a determinades paraules que presenten alguna dificultat, ja sigui per motius ortogr\u00e0fics, per confusi\u00f3 al comparar-les [&hellip;]<\/p>\n","protected":false},"author":4,"featured_media":0,"parent":3311,"menu_order":0,"comment_status":"closed","ping_status":"closed","template":"page-templates\/side-menu.php","meta":{"_bbp_topic_count":0,"_bbp_reply_count":0,"_bbp_total_topic_count":0,"_bbp_total_reply_count":0,"_bbp_voice_count":0,"_bbp_anonymous_reply_count":0,"_bbp_topic_count_hidden":0,"_bbp_reply_count_hidden":0,"_bbp_forum_subforum_count":0,"site-sidebar-layout":"default","site-content-layout":"","ast-site-content-layout":"","site-content-style":"default","site-sidebar-style":"default","ast-global-header-display":"","ast-banner-title-visibility":"","ast-main-header-display":"","ast-hfb-above-header-display":"","ast-hfb-below-header-display":"","ast-hfb-mobile-header-display":"","site-post-title":"","ast-breadcrumbs-content":"","ast-featured-img":"","footer-sml-layout":"","theme-transparent-header-meta":"","adv-header-id-meta":"","stick-header-meta":"","header-above-stick-meta":"","header-main-stick-meta":"","header-below-stick-meta":"","astra-migrate-meta-layouts":"default","ast-page-background-enabled":"default","ast-page-background-meta":{"desktop":{"background-color":"var(--ast-global-color-4)","background-image":"","background-repeat":"repeat","background-position":"center center","background-size":"auto","background-attachment":"scroll","background-type":"","background-media":"","overlay-type":"","overlay-color":"","overlay-opacity":"","overlay-gradient":""},"tablet":{"background-color":"","background-image":"","background-repeat":"repeat","background-position":"center center","background-size":"auto","background-attachment":"scroll","background-type":"","background-media":"","overlay-type":"","overlay-color":"","overlay-opacity":"","overlay-gradient":""},"mobile":{"background-color":"","background-image":"","background-repeat":"repeat","background-position":"center center","background-size":"auto","background-attachment":"scroll","background-type":"","background-media":"","overlay-type":"","overlay-color":"","overlay-opacity":"","overlay-gradient":""}},"ast-content-background-meta":{"desktop":{"background-color":"var(--ast-global-color-5)","background-image":"","background-repeat":"repeat","background-position":"center center","background-size":"auto","background-attachment":"scroll","background-type":"","background-media":"","overlay-type":"","overlay-color":"","overlay-opacity":"","overlay-gradient":""},"tablet":{"background-color":"var(--ast-global-color-5)","background-image":"","background-repeat":"repeat","background-position":"center center","background-size":"auto","background-attachment":"scroll","background-type":"","background-media":"","overlay-type":"","overlay-color":"","overlay-opacity":"","overlay-gradient":""},"mobile":{"background-color":"var(--ast-global-color-5)","background-image":"","background-repeat":"repeat","background-position":"center center","background-size":"auto","background-attachment":"scroll","background-type":"","background-media":"","overlay-type":"","overlay-color":"","overlay-opacity":"","overlay-gradient":""}},"footnotes":""},"class_list":["post-3274","page","type-page","status-publish","hentry"],"post_mailing_queue_ids":[],"_links":{"self":[{"href":"https:\/\/agora.xtec.cat\/insramondelatorre\/wp-json\/wp\/v2\/pages\/3274","targetHints":{"allow":["GET"]}}],"collection":[{"href":"https:\/\/agora.xtec.cat\/insramondelatorre\/wp-json\/wp\/v2\/pages"}],"about":[{"href":"https:\/\/agora.xtec.cat\/insramondelatorre\/wp-json\/wp\/v2\/types\/page"}],"author":[{"embeddable":true,"href":"https:\/\/agora.xtec.cat\/insramondelatorre\/wp-json\/wp\/v2\/users\/4"}],"replies":[{"embeddable":true,"href":"https:\/\/agora.xtec.cat\/insramondelatorre\/wp-json\/wp\/v2\/comments?post=3274"}],"version-history":[{"count":3,"href":"https:\/\/agora.xtec.cat\/insramondelatorre\/wp-json\/wp\/v2\/pages\/3274\/revisions"}],"predecessor-version":[{"id":4691,"href":"https:\/\/agora.xtec.cat\/insramondelatorre\/wp-json\/wp\/v2\/pages\/3274\/revisions\/4691"}],"up":[{"embeddable":true,"href":"https:\/\/agora.xtec.cat\/insramondelatorre\/wp-json\/wp\/v2\/pages\/3311"}],"wp:attachment":[{"href":"https:\/\/agora.xtec.cat\/insramondelatorre\/wp-json\/wp\/v2\/media?parent=3274"}],"curies":[{"name":"wp","href":"https:\/\/api.w.org\/{rel}","templated":true}]}}