{"id":2248,"date":"2020-03-13T20:47:05","date_gmt":"2020-03-13T19:47:05","guid":{"rendered":"https:\/\/agora.xtec.cat\/insramondelatorre\/?page_id=2248"},"modified":"2025-09-08T09:25:43","modified_gmt":"2025-09-08T07:25:43","slug":"formacio-online","status":"publish","type":"page","link":"https:\/\/agora.xtec.cat\/insramondelatorre\/material-alumnat\/formacio-online\/","title":{"rendered":"AULES VIRTUALS"},"content":{"rendered":"<h3><strong>ESO<\/strong><\/h3>\n<ul>\n<li style=\"list-style-type: none;\">\n<ul>\n<li><a href=\"https:\/\/docs.google.com\/document\/d\/1NUBx7AFu_cUpP2zHCVyzoweZM4lkAQZfTFKXtW724w0\/edit?usp=sharing\" target=\"_blank\" rel=\"noopener noreferrer\">1r ESO<\/a><\/li>\n<li><a href=\"https:\/\/docs.google.com\/document\/d\/11LZaN_Qu1MSjVWaJiWJfUREZa5OymVuZ2V3xptsgh3E\/edit?usp=sharing\" target=\"_blank\" rel=\"noopener\">2n ESO<\/a><\/li>\n<li><a href=\"https:\/\/docs.google.com\/document\/d\/1MnhVFrqUQt2vRggdNEZBl0zAf-9YSLzV3nXasgy7Qdg\/edit?usp=sharing\" target=\"_blank\" rel=\"noopener\">3r ESO<\/a><\/li>\n<li><a href=\"https:\/\/docs.google.com\/document\/d\/1wJmSep-u6BsT9vgxpQyG_SD8rESFf5o5Ju8JnWvrzqU\/edit?usp=sharing\" target=\"_blank\" rel=\"noopener\">4t ESO<\/a><\/li>\n<\/ul>\n<\/li>\n<\/ul>\n<h3><strong>BATXILLERAT<\/strong><\/h3>\n<ul>\n<li style=\"list-style-type: none;\">\n<ul>\n<li><a href=\"https:\/\/docs.google.com\/document\/d\/1In8CxxMQA7YVJo7CfeicWVa_o9Zv2V4o3xPfYqRL_Ks\/edit?usp=sharing\" target=\"_blank\" rel=\"noopener\">1r BAT<\/a><\/li>\n<li><a href=\"https:\/\/docs.google.com\/document\/d\/1gv4bHw0d7UJ7agXuQ8z-4c56_1evfeWWc5vWJ9LXtps\/edit?usp=sharing\" target=\"_blank\" rel=\"noopener\">2n BAT<\/a><\/li>\n<\/ul>\n<\/li>\n<\/ul>\n<h3><strong>CICLES FORMATIUS<\/strong><\/h3>\n<ul>\n<li style=\"list-style-type: none;\">\n<ul>\n<li><a href=\"https:\/\/docs.google.com\/document\/d\/1WDlemx7AtAWy1f21JDtEWfiuGQcOd9Qwf9EhLETf_30\/edit?usp=sharing\" target=\"_blank\" rel=\"noopener\">CFGM &#8211; Gesti\u00f3 Administrativa<\/a><\/li>\n<li><a href=\"https:\/\/docs.google.com\/document\/d\/1TbKvL6Qoit0spC-e4jNTf7VLN_hV2_3kJ6QCZYXvbfA\/edit?usp=sharing\" target=\"_blank\" rel=\"noopener\">CFGM &#8211; Manteniment Embarcacions<\/a><\/li>\n<li><a href=\"https:\/\/docs.google.com\/document\/d\/1s3EzYl5fWb3FrTu4SUV6qPqOdTS94-snMX2OyAiV3bQ\/edit?usp=sharing\" target=\"_blank\" rel=\"noopener\">CFGS &#8211; Administraci\u00f3 i Finances<\/a><\/li>\n<\/ul>\n<\/li>\n<\/ul>\n<h3><strong>PFI &#8211; PROGRAMES DE FORMACI\u00d3 I INSERCI\u00d3<\/strong><\/h3>\n<ul>\n<li style=\"list-style-type: none;\">\n<ul>\n<li><a href=\"https:\/\/docs.google.com\/document\/d\/1_pnOm_yil3zSIgqtBSswI1xqYZy8q0f9SNY-jdBw97M\/edit?usp=sharing\" target=\"_blank\" rel=\"noopener\">PTT &#8211; COMER\u00c7<\/a><\/li>\n<li><a href=\"https:\/\/docs.google.com\/document\/d\/1La5I4masgeCIpsLfcPjYv_xFQWjff_eZ1zfu6B5JU3s\/edit?usp=sharing\" target=\"_blank\" rel=\"noopener\">PTT &#8211; ELECTRICITAT<\/a><\/li>\n<li><a href=\"https:\/\/docs.google.com\/document\/d\/1R87GhQa-rUFL4TnN27pk20ko3_I_jJDSnhkaec42soU\/edit?usp=sharing\" target=\"_blank\" rel=\"noopener\">PIP &#8211; EMBARCACIONS<\/a><\/li>\n<\/ul>\n<\/li>\n<\/ul>\n","protected":false},"excerpt":{"rendered":"<p>ESO 1r ESO 2n ESO 3r ESO 4t ESO BATXILLERAT 1r BAT 2n BAT CICLES FORMATIUS CFGM &#8211; Gesti\u00f3 Administrativa CFGM &#8211; Manteniment Embarcacions CFGS &#8211; Administraci\u00f3 i Finances PFI &#8211; PROGRAMES DE FORMACI\u00d3 I INSERCI\u00d3 PTT &#8211; COMER\u00c7 PTT &#8211; ELECTRICITAT PIP &#8211; EMBARCACIONS<\/p>\n","protected":false},"author":4,"featured_media":0,"parent":1511,"menu_order":0,"comment_status":"closed","ping_status":"closed","template":"page-templates\/side-menu.php","meta":{"_bbp_topic_count":0,"_bbp_reply_count":0,"_bbp_total_topic_count":0,"_bbp_total_reply_count":0,"_bbp_voice_count":0,"_bbp_anonymous_reply_count":0,"_bbp_topic_count_hidden":0,"_bbp_reply_count_hidden":0,"_bbp_forum_subforum_count":0,"site-sidebar-layout":"default","site-content-layout":"","ast-site-content-layout":"","site-content-style":"default","site-sidebar-style":"default","ast-global-header-display":"","ast-banner-title-visibility":"","ast-main-header-display":"","ast-hfb-above-header-display":"","ast-hfb-below-header-display":"","ast-hfb-mobile-header-display":"","site-post-title":"","ast-breadcrumbs-content":"","ast-featured-img":"","footer-sml-layout":"","theme-transparent-header-meta":"","adv-header-id-meta":"","stick-header-meta":"","header-above-stick-meta":"","header-main-stick-meta":"","header-below-stick-meta":"","astra-migrate-meta-layouts":"default","ast-page-background-enabled":"default","ast-page-background-meta":{"desktop":{"background-color":"var(--ast-global-color-4)","background-image":"","background-repeat":"repeat","background-position":"center center","background-size":"auto","background-attachment":"scroll","background-type":"","background-media":"","overlay-type":"","overlay-color":"","overlay-opacity":"","overlay-gradient":""},"tablet":{"background-color":"","background-image":"","background-repeat":"repeat","background-position":"center center","background-size":"auto","background-attachment":"scroll","background-type":"","background-media":"","overlay-type":"","overlay-color":"","overlay-opacity":"","overlay-gradient":""},"mobile":{"background-color":"","background-image":"","background-repeat":"repeat","background-position":"center center","background-size":"auto","background-attachment":"scroll","background-type":"","background-media":"","overlay-type":"","overlay-color":"","overlay-opacity":"","overlay-gradient":""}},"ast-content-background-meta":{"desktop":{"background-color":"var(--ast-global-color-5)","background-image":"","background-repeat":"repeat","background-position":"center center","background-size":"auto","background-attachment":"scroll","background-type":"","background-media":"","overlay-type":"","overlay-color":"","overlay-opacity":"","overlay-gradient":""},"tablet":{"background-color":"var(--ast-global-color-5)","background-image":"","background-repeat":"repeat","background-position":"center center","background-size":"auto","background-attachment":"scroll","background-type":"","background-media":"","overlay-type":"","overlay-color":"","overlay-opacity":"","overlay-gradient":""},"mobile":{"background-color":"var(--ast-global-color-5)","background-image":"","background-repeat":"repeat","background-position":"center center","background-size":"auto","background-attachment":"scroll","background-type":"","background-media":"","overlay-type":"","overlay-color":"","overlay-opacity":"","overlay-gradient":""}},"footnotes":""},"class_list":["post-2248","page","type-page","status-publish","hentry"],"post_mailing_queue_ids":[],"_links":{"self":[{"href":"https:\/\/agora.xtec.cat\/insramondelatorre\/wp-json\/wp\/v2\/pages\/2248","targetHints":{"allow":["GET"]}}],"collection":[{"href":"https:\/\/agora.xtec.cat\/insramondelatorre\/wp-json\/wp\/v2\/pages"}],"about":[{"href":"https:\/\/agora.xtec.cat\/insramondelatorre\/wp-json\/wp\/v2\/types\/page"}],"author":[{"embeddable":true,"href":"https:\/\/agora.xtec.cat\/insramondelatorre\/wp-json\/wp\/v2\/users\/4"}],"replies":[{"embeddable":true,"href":"https:\/\/agora.xtec.cat\/insramondelatorre\/wp-json\/wp\/v2\/comments?post=2248"}],"version-history":[{"count":8,"href":"https:\/\/agora.xtec.cat\/insramondelatorre\/wp-json\/wp\/v2\/pages\/2248\/revisions"}],"predecessor-version":[{"id":8187,"href":"https:\/\/agora.xtec.cat\/insramondelatorre\/wp-json\/wp\/v2\/pages\/2248\/revisions\/8187"}],"up":[{"embeddable":true,"href":"https:\/\/agora.xtec.cat\/insramondelatorre\/wp-json\/wp\/v2\/pages\/1511"}],"wp:attachment":[{"href":"https:\/\/agora.xtec.cat\/insramondelatorre\/wp-json\/wp\/v2\/media?parent=2248"}],"curies":[{"name":"wp","href":"https:\/\/api.w.org\/{rel}","templated":true}]}}