{"id":1869,"date":"2019-12-17T16:11:34","date_gmt":"2019-12-17T15:11:34","guid":{"rendered":"https:\/\/agora.xtec.cat\/insramondelatorre\/?page_id=1869"},"modified":"2026-03-26T08:25:41","modified_gmt":"2026-03-26T07:25:41","slug":"cfgs-administracio-i-finances","status":"publish","type":"page","link":"https:\/\/agora.xtec.cat\/insramondelatorre\/estudis\/cicles-formatius\/cfgs-administracio-i-finances\/","title":{"rendered":"CFGS ADMINISTRACI\u00d3 I FINANCES"},"content":{"rendered":"<p><strong>Fam\u00edlia Professional:<\/strong>\u00a0Administraci\u00f3 i Gesti\u00f3<\/p>\n<p><strong>T\u00edtol<\/strong>:\u00a0T\u00e8cnic Superior en Administraci\u00f3 i Finances<\/p>\n<p style=\"text-align: justify;\"><strong>Durada:<\/strong> 2.000 hores. 1.485 hores en el centre educatiu i 515 hores en centres de treball (Estada a l&#8217;empresa). 2 cursos acad\u00e8mics.<\/p>\n<p style=\"text-align: justify;\"><strong>Compet\u00e8ncia General: <\/strong> La compet\u00e8ncia general d&#8217;aquest t\u00edtol consisteix a organitzar i executar les operacions de gesti\u00f3 i administraci\u00f3 en els processos comercials, laborals, comptables, fiscals i financers d&#8217;una empresa p\u00fablica o privada, aplicant la normativa vigent i els protocols de gesti\u00f3 de qualitat, gestionant la informaci\u00f3, assegurant la satisfacci\u00f3 del client i\/o usuari i actuant segons les normes de prevenci\u00f3 de riscos laborals i protecci\u00f3 mediambiental.<\/p>\n<p style=\"text-align: justify;\">Les\u00a0<strong>principals ocupacions i llocs de treball<\/strong>\u00a0s\u00f3n:<\/p>\n<ul style=\"list-style-type: square;\">\n<li style=\"text-align: justify;\">Personal administratiu d&#8217;oficina.<\/li>\n<li style=\"text-align: justify;\">Personal administratiu comercial.<\/li>\n<li style=\"text-align: justify;\">Personal administratiu financer.<\/li>\n<li style=\"text-align: justify;\">Personal administratiu comptable.<\/li>\n<li style=\"text-align: justify;\">Personal administratiu de log\u00edstica.<\/li>\n<li>Personal administratiu de banca i d&#8217;assegurances.<\/li>\n<li>Personal administratiu de recursos humans.<\/li>\n<li>Personal administratiu de l&#8217;Administraci\u00f3 p\u00fablica.<\/li>\n<li>Personal administratiu d&#8217;assessories jur\u00eddiques, comptables, laborals, fiscals o gestories.<\/li>\n<li>Personal t\u00e8cnic en gesti\u00f3 de cobraments.<\/li>\n<li>Personal responsable d&#8217;atenci\u00f3 al client.<\/li>\n<\/ul>\n<p>M\u00e9s informaci\u00f3\u00a0<a href=\"https:\/\/agora.xtec.cat\/insramondelatorre\/wp-content\/uploads\/usu1829\/2026\/03\/diptic_CFGS_AFI_2026.pdf\" target=\"_blank\" rel=\"noopener\"><strong>AQU\u00cd<\/strong><\/a><\/p>\n","protected":false},"excerpt":{"rendered":"<p>Fam\u00edlia Professional:\u00a0Administraci\u00f3 i Gesti\u00f3 T\u00edtol:\u00a0T\u00e8cnic Superior en Administraci\u00f3 i Finances Durada: 2.000 hores. 1.485 hores en el centre educatiu i 515 hores en centres de treball (Estada a l&#8217;empresa). 2 cursos acad\u00e8mics. Compet\u00e8ncia General: La compet\u00e8ncia general d&#8217;aquest t\u00edtol consisteix a organitzar i executar les operacions de gesti\u00f3 i administraci\u00f3 en els processos comercials, laborals, [&hellip;]<\/p>\n","protected":false},"author":7,"featured_media":0,"parent":1487,"menu_order":1,"comment_status":"closed","ping_status":"closed","template":"","meta":{"_bbp_topic_count":0,"_bbp_reply_count":0,"_bbp_total_topic_count":0,"_bbp_total_reply_count":0,"_bbp_voice_count":0,"_bbp_anonymous_reply_count":0,"_bbp_topic_count_hidden":0,"_bbp_reply_count_hidden":0,"_bbp_forum_subforum_count":0,"site-sidebar-layout":"default","site-content-layout":"","ast-site-content-layout":"default","site-content-style":"default","site-sidebar-style":"default","ast-global-header-display":"","ast-banner-title-visibility":"","ast-main-header-display":"","ast-hfb-above-header-display":"","ast-hfb-below-header-display":"","ast-hfb-mobile-header-display":"","site-post-title":"","ast-breadcrumbs-content":"","ast-featured-img":"","footer-sml-layout":"","theme-transparent-header-meta":"default","adv-header-id-meta":"","stick-header-meta":"","header-above-stick-meta":"","header-main-stick-meta":"","header-below-stick-meta":"","astra-migrate-meta-layouts":"set","ast-page-background-enabled":"default","ast-page-background-meta":{"desktop":{"background-color":"var(--ast-global-color-4)","background-image":"","background-repeat":"repeat","background-position":"center center","background-size":"auto","background-attachment":"scroll","background-type":"","background-media":"","overlay-type":"","overlay-color":"","overlay-opacity":"","overlay-gradient":""},"tablet":{"background-color":"","background-image":"","background-repeat":"repeat","background-position":"center center","background-size":"auto","background-attachment":"scroll","background-type":"","background-media":"","overlay-type":"","overlay-color":"","overlay-opacity":"","overlay-gradient":""},"mobile":{"background-color":"","background-image":"","background-repeat":"repeat","background-position":"center center","background-size":"auto","background-attachment":"scroll","background-type":"","background-media":"","overlay-type":"","overlay-color":"","overlay-opacity":"","overlay-gradient":""}},"ast-content-background-meta":{"desktop":{"background-color":"var(--ast-global-color-5)","background-image":"","background-repeat":"repeat","background-position":"center center","background-size":"auto","background-attachment":"scroll","background-type":"","background-media":"","overlay-type":"","overlay-color":"","overlay-opacity":"","overlay-gradient":""},"tablet":{"background-color":"var(--ast-global-color-5)","background-image":"","background-repeat":"repeat","background-position":"center center","background-size":"auto","background-attachment":"scroll","background-type":"","background-media":"","overlay-type":"","overlay-color":"","overlay-opacity":"","overlay-gradient":""},"mobile":{"background-color":"var(--ast-global-color-5)","background-image":"","background-repeat":"repeat","background-position":"center center","background-size":"auto","background-attachment":"scroll","background-type":"","background-media":"","overlay-type":"","overlay-color":"","overlay-opacity":"","overlay-gradient":""}},"footnotes":""},"class_list":["post-1869","page","type-page","status-publish","hentry"],"post_mailing_queue_ids":[],"_links":{"self":[{"href":"https:\/\/agora.xtec.cat\/insramondelatorre\/wp-json\/wp\/v2\/pages\/1869","targetHints":{"allow":["GET"]}}],"collection":[{"href":"https:\/\/agora.xtec.cat\/insramondelatorre\/wp-json\/wp\/v2\/pages"}],"about":[{"href":"https:\/\/agora.xtec.cat\/insramondelatorre\/wp-json\/wp\/v2\/types\/page"}],"author":[{"embeddable":true,"href":"https:\/\/agora.xtec.cat\/insramondelatorre\/wp-json\/wp\/v2\/users\/7"}],"replies":[{"embeddable":true,"href":"https:\/\/agora.xtec.cat\/insramondelatorre\/wp-json\/wp\/v2\/comments?post=1869"}],"version-history":[{"count":5,"href":"https:\/\/agora.xtec.cat\/insramondelatorre\/wp-json\/wp\/v2\/pages\/1869\/revisions"}],"predecessor-version":[{"id":8743,"href":"https:\/\/agora.xtec.cat\/insramondelatorre\/wp-json\/wp\/v2\/pages\/1869\/revisions\/8743"}],"up":[{"embeddable":true,"href":"https:\/\/agora.xtec.cat\/insramondelatorre\/wp-json\/wp\/v2\/pages\/1487"}],"wp:attachment":[{"href":"https:\/\/agora.xtec.cat\/insramondelatorre\/wp-json\/wp\/v2\/media?parent=1869"}],"curies":[{"name":"wp","href":"https:\/\/api.w.org\/{rel}","templated":true}]}}