{"id":1701,"date":"2019-10-16T09:59:54","date_gmt":"2019-10-16T07:59:54","guid":{"rendered":"https:\/\/agora.xtec.cat\/insramondelatorre\/?page_id=1701"},"modified":"2019-10-16T09:59:54","modified_gmt":"2019-10-16T07:59:54","slug":"erasmus","status":"publish","type":"page","link":"https:\/\/agora.xtec.cat\/insramondelatorre\/erasmus\/","title":{"rendered":"Erasmus +"},"content":{"rendered":"<p><span style=\"font-size: x-large;\" data-blogger-escaped-style=\"font-size: large;\"><span style=\"color: #222222; font-family: 'arial' , sans-serif;\" data-blogger-escaped-style=\"background-color: white; color: #222222; font-family: &quot;arial&quot; , sans-serif;\">En el seg\u00fcent enlla\u00e7 hi trobareu tot el que fa refer\u00e8ncia al nostre projecte:<\/span><br data-blogger-escaped-style=\"background-color: white; color: #222222; font-family: arial, sans-serif;\" \/><br data-blogger-escaped-style=\"background-color: white; color: #222222; font-family: arial, sans-serif;\" \/><span style=\"color: #222222; font-family: 'arial' , sans-serif;\" data-blogger-escaped-style=\"background-color: white; color: #222222; font-family: &quot;arial&quot; , sans-serif;\"><a href=\"https:\/\/beecosrdt.blogspot.com.es\/\" rel=\"noopener noreferrer\" data-blogger-escaped-target=\"_blank\"><span id=\"goog_1547133707\"><\/span>Erasmus+ BRINGING UP NEW ECO SCIEN<\/a><\/span><\/span><span style=\"font-size: x-large;\" data-blogger-escaped-style=\"font-size: large;\"><span style=\"color: #222222; font-family: 'arial' , sans-serif;\" data-blogger-escaped-style=\"background-color: white; color: #222222; font-family: &quot;arial&quot; , sans-serif;\"><a href=\"https:\/\/beecosrdt.blogspot.com.es\/\" rel=\"noopener noreferrer\" data-blogger-escaped-target=\"_blank\">TIT<\/a><\/span><\/span><span style=\"color: #222222; font-family: 'arial' , sans-serif;\" data-blogger-escaped-style=\"background-color: white; color: #222222; font-family: &quot;arial&quot; , sans-serif; font-size: 12.8px;\"><a href=\"https:\/\/beecosrdt.blogspot.com.es\/\" rel=\"noopener noreferrer\" data-blogger-escaped-target=\"_blank\">S<\/a><span id=\"goog_1547133708\"><\/span>.<\/span><\/p>\n<table border=\"5\" cellpadding=\"20\" data-blogger-escaped-style=\"text-align: center;\">\n<tbody>\n<tr bgcolor=\"GRey\">\n<td><span style=\"font-family: 'arial' , 'helvetica' , sans-serif;\" data-blogger-escaped-style=\"font-family: &quot;arial&quot; , &quot;helvetica&quot; , sans-serif;\"><span style=\"color: #ffff00;\" data-blogger-escaped-style=\"color: yellow;\"><b>\u00a0 \u00a0 \u00a0 \u00a0 \u00a0 \u00a0 \u00a0<\/b><\/span><\/span><\/p>\n<p class=\"separator\" data-blogger-escaped-style=\"clear: both; text-align: center;\"><span style=\"font-family: 'arial' , 'helvetica' , sans-serif;\" data-blogger-escaped-style=\"font-family: &quot;arial&quot; , &quot;helvetica&quot; , sans-serif;\"><span style=\"color: #ffff00;\" data-blogger-escaped-style=\"color: yellow;\"><b><a href=\"https:\/\/1.bp.blogspot.com\/-2B_4T2t-lU8\/Wfdfrx_IK3I\/AAAAAAAAiWo\/sKWq00YP1t8NjtQ_hIjr1TQwFXmhB3PnwCLcBGAs\/s1600\/logo%2Berasmus.JPG\" data-blogger-escaped-style=\"margin-left: 1em; margin-right: 1em;\"><img loading=\"lazy\" decoding=\"async\" src=\"https:\/\/1.bp.blogspot.com\/-2B_4T2t-lU8\/Wfdfrx_IK3I\/AAAAAAAAiWo\/sKWq00YP1t8NjtQ_hIjr1TQwFXmhB3PnwCLcBGAs\/s200\/logo%2Berasmus.JPG\" width=\"200\" height=\"52\" border=\"0\" data-blogger-escaped-data-original-height=\"80\" data-blogger-escaped-data-original-width=\"293\" \/><\/a><\/b><\/span><\/span><\/p>\n<p><span style=\"font-family: 'arial' , 'helvetica' , sans-serif;\" data-blogger-escaped-style=\"font-family: &quot;arial&quot; , &quot;helvetica&quot; , sans-serif;\"><span style=\"color: #ffff00;\" data-blogger-escaped-style=\"color: yellow;\"><b>\u00a0 \u00a0<\/b><\/span><\/span><\/td>\n<td>\n<p class=\"separator\" data-blogger-escaped-style=\"clear: both; text-align: center;\"><a href=\"https:\/\/beecosrdt.blogspot.com.es\/\" rel=\"noopener noreferrer\" data-blogger-escaped-target=\"_blank\"><img loading=\"lazy\" decoding=\"async\" src=\"https:\/\/1.bp.blogspot.com\/-XFlCfbcTaPA\/Wfdf2jGnJqI\/AAAAAAAAiWs\/qyYv5otPjDwK0llgWVOKPKCyqrAhMzwVACLcBGAs\/s320\/captura%2Bbloc.JPG\" width=\"320\" height=\"131\" border=\"0\" data-blogger-escaped-data-original-height=\"674\" data-blogger-escaped-data-original-width=\"1600\" \/><\/a><\/p>\n<\/td>\n<\/tr>\n<\/tbody>\n<\/table>\n<div>\n<p><span style=\"color: #800080; font-size: x-large;\" data-blogger-escaped-style=\"color: purple; font-size: large;\"><b>LES NOSTRES NEWSLETTERS<\/b><\/span><\/p>\n<\/div>\n<div>\n<ul>\n<li><span style=\"color: #800080;\" data-blogger-escaped-style=\"color: purple;\"><b><a href=\"https:\/\/drive.google.com\/file\/d\/1MTECVo2qK6DKGUlyytlOjEOrcLCadKsQ\/view?usp=sharing\" rel=\"noopener noreferrer\" data-blogger-escaped-target=\"_blank\">NEWSLETTER_1<\/a><\/b><\/span><\/li>\n<\/ul>\n<ul>\n<li><span style=\"color: #0000ff; font-family: 'arial' , 'helvetica' , sans-serif;\" data-blogger-escaped-style=\"color: blue; font-family: &quot;arial&quot; , &quot;helvetica&quot; , sans-serif;\"><b><a href=\"https:\/\/drive.google.com\/file\/d\/1u7it_lz_uTAwqonjg09HP085h1eKaX0L\/view\" rel=\"noopener noreferrer\" data-blogger-escaped-target=\"_blank\">NEWSLETTER_2<\/a><\/b><\/span><\/li>\n<\/ul>\n<ul>\n<li><span style=\"color: #800080; font-family: 'arial' , 'helvetica' , sans-serif;\" data-blogger-escaped-style=\"color: purple; font-family: &quot;arial&quot; , &quot;helvetica&quot; , sans-serif;\"><b><a href=\"https:\/\/drive.google.com\/file\/d\/1qrAnhgcA1Ec0qLIxdytv_aiBquRh7b_A\/view?usp=sharing\" rel=\"noopener noreferrer\" data-blogger-escaped-target=\"_blank\">NEWSLETTER_3<\/a><\/b><\/span><\/li>\n<\/ul>\n<ul>\n<li><span style=\"color: #800080; font-family: 'arial' , 'helvetica' , sans-serif;\" data-blogger-escaped-style=\"color: purple; font-family: &quot;arial&quot; , &quot;helvetica&quot; , sans-serif;\"><b><a href=\"https:\/\/drive.google.com\/file\/d\/1i_7h5C7XD0v6xwvJhmKhB9r6bHAEiPaP\/view?usp=sharing\" rel=\"noopener noreferrer\" data-blogger-escaped-target=\"_blank\">NEWSLETTER_4<\/a><\/b><\/span><\/li>\n<\/ul>\n<ul>\n<li><span style=\"color: #800080; font-family: 'arial' , 'helvetica' , sans-serif;\" data-blogger-escaped-style=\"color: purple; font-family: &quot;arial&quot; , &quot;helvetica&quot; , sans-serif;\"><a href=\"https:\/\/drive.google.com\/file\/d\/1SgCO52xS06DUNVln4HMah8FvWulXRG2s\/view?usp=sharing\" rel=\"noopener noreferrer\" data-blogger-escaped-target=\"_blank\"><b>NEWSLETTER_5<\/b><\/a><\/span><\/li>\n<\/ul>\n<\/div>\n<div><\/div>\n","protected":false},"excerpt":{"rendered":"<p>En el seg\u00fcent enlla\u00e7 hi trobareu tot el que fa refer\u00e8ncia al nostre projecte:Erasmus+ BRINGING UP NEW ECO SCIENTITS. \u00a0 \u00a0 \u00a0 \u00a0 \u00a0 \u00a0 \u00a0 \u00a0 \u00a0 LES NOSTRES NEWSLETTERS NEWSLETTER_1 NEWSLETTER_2 NEWSLETTER_3 NEWSLETTER_4 NEWSLETTER_5<\/p>\n","protected":false},"author":4,"featured_media":0,"parent":0,"menu_order":0,"comment_status":"closed","ping_status":"closed","template":"","meta":{"_bbp_topic_count":0,"_bbp_reply_count":0,"_bbp_total_topic_count":0,"_bbp_total_reply_count":0,"_bbp_voice_count":0,"_bbp_anonymous_reply_count":0,"_bbp_topic_count_hidden":0,"_bbp_reply_count_hidden":0,"_bbp_forum_subforum_count":0,"site-sidebar-layout":"default","site-content-layout":"","ast-site-content-layout":"","site-content-style":"default","site-sidebar-style":"default","ast-global-header-display":"","ast-banner-title-visibility":"","ast-main-header-display":"","ast-hfb-above-header-display":"","ast-hfb-below-header-display":"","ast-hfb-mobile-header-display":"","site-post-title":"","ast-breadcrumbs-content":"","ast-featured-img":"","footer-sml-layout":"","theme-transparent-header-meta":"","adv-header-id-meta":"","stick-header-meta":"","header-above-stick-meta":"","header-main-stick-meta":"","header-below-stick-meta":"","astra-migrate-meta-layouts":"default","ast-page-background-enabled":"default","ast-page-background-meta":{"desktop":{"background-color":"var(--ast-global-color-4)","background-image":"","background-repeat":"repeat","background-position":"center center","background-size":"auto","background-attachment":"scroll","background-type":"","background-media":"","overlay-type":"","overlay-color":"","overlay-opacity":"","overlay-gradient":""},"tablet":{"background-color":"","background-image":"","background-repeat":"repeat","background-position":"center center","background-size":"auto","background-attachment":"scroll","background-type":"","background-media":"","overlay-type":"","overlay-color":"","overlay-opacity":"","overlay-gradient":""},"mobile":{"background-color":"","background-image":"","background-repeat":"repeat","background-position":"center center","background-size":"auto","background-attachment":"scroll","background-type":"","background-media":"","overlay-type":"","overlay-color":"","overlay-opacity":"","overlay-gradient":""}},"ast-content-background-meta":{"desktop":{"background-color":"var(--ast-global-color-5)","background-image":"","background-repeat":"repeat","background-position":"center center","background-size":"auto","background-attachment":"scroll","background-type":"","background-media":"","overlay-type":"","overlay-color":"","overlay-opacity":"","overlay-gradient":""},"tablet":{"background-color":"var(--ast-global-color-5)","background-image":"","background-repeat":"repeat","background-position":"center center","background-size":"auto","background-attachment":"scroll","background-type":"","background-media":"","overlay-type":"","overlay-color":"","overlay-opacity":"","overlay-gradient":""},"mobile":{"background-color":"var(--ast-global-color-5)","background-image":"","background-repeat":"repeat","background-position":"center center","background-size":"auto","background-attachment":"scroll","background-type":"","background-media":"","overlay-type":"","overlay-color":"","overlay-opacity":"","overlay-gradient":""}},"footnotes":""},"class_list":["post-1701","page","type-page","status-publish","hentry"],"post_mailing_queue_ids":[],"_links":{"self":[{"href":"https:\/\/agora.xtec.cat\/insramondelatorre\/wp-json\/wp\/v2\/pages\/1701","targetHints":{"allow":["GET"]}}],"collection":[{"href":"https:\/\/agora.xtec.cat\/insramondelatorre\/wp-json\/wp\/v2\/pages"}],"about":[{"href":"https:\/\/agora.xtec.cat\/insramondelatorre\/wp-json\/wp\/v2\/types\/page"}],"author":[{"embeddable":true,"href":"https:\/\/agora.xtec.cat\/insramondelatorre\/wp-json\/wp\/v2\/users\/4"}],"replies":[{"embeddable":true,"href":"https:\/\/agora.xtec.cat\/insramondelatorre\/wp-json\/wp\/v2\/comments?post=1701"}],"version-history":[{"count":2,"href":"https:\/\/agora.xtec.cat\/insramondelatorre\/wp-json\/wp\/v2\/pages\/1701\/revisions"}],"predecessor-version":[{"id":1703,"href":"https:\/\/agora.xtec.cat\/insramondelatorre\/wp-json\/wp\/v2\/pages\/1701\/revisions\/1703"}],"wp:attachment":[{"href":"https:\/\/agora.xtec.cat\/insramondelatorre\/wp-json\/wp\/v2\/media?parent=1701"}],"curies":[{"name":"wp","href":"https:\/\/api.w.org\/{rel}","templated":true}]}}