{"id":9851,"date":"2025-07-02T13:49:39","date_gmt":"2025-07-02T11:49:39","guid":{"rendered":"https:\/\/agora.xtec.cat\/insramoncasas\/?page_id=9851"},"modified":"2025-07-02T13:57:34","modified_gmt":"2025-07-02T11:57:34","slug":"programes-de-formacio-i-insercio-pfi","status":"publish","type":"page","link":"https:\/\/agora.xtec.cat\/insramoncasas\/estudis\/programes-de-formacio-i-insercio-pfi\/","title":{"rendered":"Programes de Formaci\u00f3 i Inserci\u00f3 (PFI)"},"content":{"rendered":"<p>S&#8217;ofereixen els seg\u00fcents Programes de Formaci\u00f3 i Inserci\u00f3 a l&#8217;Institut Ramon Casas i Carb\u00f3, en horari de matins:<\/p>\n<ul>\n<li><a href=\"https:\/\/xtec.gencat.cat\/web\/.content\/curriculum\/professionals\/pfi\/curriculum-a-partir-de-2024-2025\/documents\/Fitxa-AG01.pdf\">Auxiliar d&#8217;Activitats d&#8217;Oficina i en Serveis Administratius Generals (AG01)<\/a><\/li>\n<li><a href=\"https:\/\/xtec.gencat.cat\/web\/.content\/curriculum\/professionals\/pfi\/curriculum-a-partir-de-2024-2025\/documents\/Fitxa-CM02.pdf\">Auxiliar de comer\u00e7 i atenci\u00f3 al p\u00fablic (CM02)<\/a><\/li>\n<li><a href=\"https:\/\/xtec.gencat.cat\/web\/.content\/curriculum\/professionals\/pfi\/curriculum-a-partir-de-2024-2025\/documents\/Fitxa-EE01.pdf\">Auxiliar de muntatges d\u2019instal\u00b7lacions electrot\u00e8cniques en edificis (EE01)<\/a><\/li>\n<\/ul>\n","protected":false},"excerpt":{"rendered":"<p>S&#8217;ofereixen els seg\u00fcents Programes de Formaci\u00f3 i Inserci\u00f3 a l&#8217;Institut Ramon Casas i Carb\u00f3, en horari de matins: Auxiliar d&#8217;Activitats d&#8217;Oficina i en Serveis Administratius Generals (AG01) Auxiliar de comer\u00e7 i atenci\u00f3 al p\u00fablic (CM02) Auxiliar de muntatges d\u2019instal\u00b7lacions electrot\u00e8cniques en edificis (EE01)<\/p>\n","protected":false},"author":3,"featured_media":0,"parent":195,"menu_order":0,"comment_status":"closed","ping_status":"closed","template":"","meta":{"_bbp_topic_count":0,"_bbp_reply_count":0,"_bbp_total_topic_count":0,"_bbp_total_reply_count":0,"_bbp_voice_count":0,"_bbp_anonymous_reply_count":0,"_bbp_topic_count_hidden":0,"_bbp_reply_count_hidden":0,"_bbp_forum_subforum_count":0,"site-sidebar-layout":"default","site-content-layout":"","ast-site-content-layout":"","site-content-style":"default","site-sidebar-style":"default","ast-global-header-display":"","ast-banner-title-visibility":"","ast-main-header-display":"","ast-hfb-above-header-display":"","ast-hfb-below-header-display":"","ast-hfb-mobile-header-display":"","site-post-title":"","ast-breadcrumbs-content":"","ast-featured-img":"","footer-sml-layout":"","theme-transparent-header-meta":"","adv-header-id-meta":"","stick-header-meta":"","header-above-stick-meta":"","header-main-stick-meta":"","header-below-stick-meta":"","astra-migrate-meta-layouts":"default","ast-page-background-enabled":"default","ast-page-background-meta":{"desktop":{"background-color":"var(--ast-global-color-4)","background-image":"","background-repeat":"repeat","background-position":"center center","background-size":"auto","background-attachment":"scroll","background-type":"","background-media":"","overlay-type":"","overlay-color":"","overlay-opacity":"","overlay-gradient":""},"tablet":{"background-color":"","background-image":"","background-repeat":"repeat","background-position":"center center","background-size":"auto","background-attachment":"scroll","background-type":"","background-media":"","overlay-type":"","overlay-color":"","overlay-opacity":"","overlay-gradient":""},"mobile":{"background-color":"","background-image":"","background-repeat":"repeat","background-position":"center center","background-size":"auto","background-attachment":"scroll","background-type":"","background-media":"","overlay-type":"","overlay-color":"","overlay-opacity":"","overlay-gradient":""}},"ast-content-background-meta":{"desktop":{"background-color":"var(--ast-global-color-5)","background-image":"","background-repeat":"repeat","background-position":"center center","background-size":"auto","background-attachment":"scroll","background-type":"","background-media":"","overlay-type":"","overlay-color":"","overlay-opacity":"","overlay-gradient":""},"tablet":{"background-color":"var(--ast-global-color-5)","background-image":"","background-repeat":"repeat","background-position":"center center","background-size":"auto","background-attachment":"scroll","background-type":"","background-media":"","overlay-type":"","overlay-color":"","overlay-opacity":"","overlay-gradient":""},"mobile":{"background-color":"var(--ast-global-color-5)","background-image":"","background-repeat":"repeat","background-position":"center center","background-size":"auto","background-attachment":"scroll","background-type":"","background-media":"","overlay-type":"","overlay-color":"","overlay-opacity":"","overlay-gradient":""}},"footnotes":""},"class_list":["post-9851","page","type-page","status-publish","hentry"],"post_mailing_queue_ids":[],"_links":{"self":[{"href":"https:\/\/agora.xtec.cat\/insramoncasas\/wp-json\/wp\/v2\/pages\/9851","targetHints":{"allow":["GET"]}}],"collection":[{"href":"https:\/\/agora.xtec.cat\/insramoncasas\/wp-json\/wp\/v2\/pages"}],"about":[{"href":"https:\/\/agora.xtec.cat\/insramoncasas\/wp-json\/wp\/v2\/types\/page"}],"author":[{"embeddable":true,"href":"https:\/\/agora.xtec.cat\/insramoncasas\/wp-json\/wp\/v2\/users\/3"}],"replies":[{"embeddable":true,"href":"https:\/\/agora.xtec.cat\/insramoncasas\/wp-json\/wp\/v2\/comments?post=9851"}],"version-history":[{"count":3,"href":"https:\/\/agora.xtec.cat\/insramoncasas\/wp-json\/wp\/v2\/pages\/9851\/revisions"}],"predecessor-version":[{"id":9856,"href":"https:\/\/agora.xtec.cat\/insramoncasas\/wp-json\/wp\/v2\/pages\/9851\/revisions\/9856"}],"up":[{"embeddable":true,"href":"https:\/\/agora.xtec.cat\/insramoncasas\/wp-json\/wp\/v2\/pages\/195"}],"wp:attachment":[{"href":"https:\/\/agora.xtec.cat\/insramoncasas\/wp-json\/wp\/v2\/media?parent=9851"}],"curies":[{"name":"wp","href":"https:\/\/api.w.org\/{rel}","templated":true}]}}