{"id":6441,"date":"2021-02-17T14:19:48","date_gmt":"2021-02-17T13:19:48","guid":{"rendered":"http:\/\/agora.xtec.cat\/insramoncasas\/?page_id=6441"},"modified":"2026-03-02T11:10:19","modified_gmt":"2026-03-02T10:10:19","slug":"mediacio-i-convivencia","status":"publish","type":"page","link":"https:\/\/agora.xtec.cat\/insramoncasas\/ambits-de-coneixement\/mediacio-i-convivencia\/","title":{"rendered":"Conviv\u00e8ncia i Mediaci\u00f3"},"content":{"rendered":"<p>La conviv\u00e8ncia \u00e9s imprescindible per garantir un entorn educatiu de qualitat. Es fonamenta en el respecte mutu i la correcci\u00f3 entre tots els membres de la comunitat educativa: alumnat, professorat, personal no docent i altres participants en activitats del centre, dins i fora d&#8217;aquest. Tothom t\u00e9 dret a gaudir d\u2019un bon clima escolar i el deure de contribuir-hi amb actituds i conductes adequades.<\/p>\n<p>La Direcci\u00f3 i el Claustre, posant en coneixement al Consell Escolar, s\u00f3n responsables d\u2019aplicar les normes de conviv\u00e8ncia. El centre promou mecanismes com la mediaci\u00f3 per resoldre pac\u00edficament els conflictes i fomenta la cooperaci\u00f3 de les fam\u00edlies en l\u2019orientaci\u00f3 acad\u00e8mica i personal de l\u2019alumnat.<br \/>\nEls conflictes, inherents a la conviv\u00e8ncia, s\u2019han de gestionar amb una perspectiva restaurativa, que permeti reparar el dany causat i trobar solucions beneficioses per a totes les parts. La comunicaci\u00f3 i la participaci\u00f3 activa de tots els agents educatius s\u00f3n elements clau per consolidar un clima positiu.<\/p>\n<p>Deures de Conviv\u00e8ncia<br \/>\n\u25cf Complir les normes d\u2019organitzaci\u00f3 del centre.<br \/>\n\u25cf Respectar les instal\u00b7lacions i les normes d\u2019\u00fas.<br \/>\n\u25cf Evitar qualsevol classe de discriminaci\u00f3.<br \/>\n\u25cf Respectar la llibertat de consci\u00e8ncia i les activitats acad\u00e8miques.<\/p>\n<p>Compromisos del Centre<br \/>\n\u25cf Promoci\u00f3 d\u2019h\u00e0bits de conviv\u00e8ncia: Fomentar actituds respectuoses de forma natural.<br \/>\n\u25cf Prevenci\u00f3 de conflictes: Anticipar-se per evitar situacions problem\u00e0tiques.<br \/>\n\u25cf Mediaci\u00f3 i just\u00edcia restaurativa: Utilitzar eines que fomentin el di\u00e0leg i la comprensi\u00f3 m\u00fatua per gestionar els conflictes de manera efectiva.<br \/>\nAquest enfocament assegura un entorn educatiu basat en el respecte, la participaci\u00f3 i la col\u00b7laboraci\u00f3. 85<\/p>\n","protected":false},"excerpt":{"rendered":"<p>La conviv\u00e8ncia \u00e9s imprescindible per garantir un entorn educatiu de qualitat. Es fonamenta en el respecte mutu i la correcci\u00f3 entre tots els membres de la comunitat educativa: alumnat, professorat, personal no docent i altres participants en activitats del centre, dins i fora d&#8217;aquest. Tothom t\u00e9 dret a gaudir d\u2019un bon clima escolar i el [&hellip;]<\/p>\n","protected":false},"author":3,"featured_media":0,"parent":6418,"menu_order":0,"comment_status":"closed","ping_status":"closed","template":"","meta":{"_bbp_topic_count":0,"_bbp_reply_count":0,"_bbp_total_topic_count":0,"_bbp_total_reply_count":0,"_bbp_voice_count":0,"_bbp_anonymous_reply_count":0,"_bbp_topic_count_hidden":0,"_bbp_reply_count_hidden":0,"_bbp_forum_subforum_count":0,"site-sidebar-layout":"default","site-content-layout":"","ast-site-content-layout":"default","site-content-style":"default","site-sidebar-style":"default","ast-global-header-display":"","ast-banner-title-visibility":"","ast-main-header-display":"","ast-hfb-above-header-display":"","ast-hfb-below-header-display":"","ast-hfb-mobile-header-display":"","site-post-title":"","ast-breadcrumbs-content":"","ast-featured-img":"","footer-sml-layout":"","theme-transparent-header-meta":"default","adv-header-id-meta":"","stick-header-meta":"","header-above-stick-meta":"","header-main-stick-meta":"","header-below-stick-meta":"","astra-migrate-meta-layouts":"set","ast-page-background-enabled":"default","ast-page-background-meta":{"desktop":{"background-color":"var(--ast-global-color-4)","background-image":"","background-repeat":"repeat","background-position":"center center","background-size":"auto","background-attachment":"scroll","background-type":"","background-media":"","overlay-type":"","overlay-color":"","overlay-opacity":"","overlay-gradient":""},"tablet":{"background-color":"","background-image":"","background-repeat":"repeat","background-position":"center center","background-size":"auto","background-attachment":"scroll","background-type":"","background-media":"","overlay-type":"","overlay-color":"","overlay-opacity":"","overlay-gradient":""},"mobile":{"background-color":"","background-image":"","background-repeat":"repeat","background-position":"center center","background-size":"auto","background-attachment":"scroll","background-type":"","background-media":"","overlay-type":"","overlay-color":"","overlay-opacity":"","overlay-gradient":""}},"ast-content-background-meta":{"desktop":{"background-color":"var(--ast-global-color-5)","background-image":"","background-repeat":"repeat","background-position":"center center","background-size":"auto","background-attachment":"scroll","background-type":"","background-media":"","overlay-type":"","overlay-color":"","overlay-opacity":"","overlay-gradient":""},"tablet":{"background-color":"var(--ast-global-color-5)","background-image":"","background-repeat":"repeat","background-position":"center center","background-size":"auto","background-attachment":"scroll","background-type":"","background-media":"","overlay-type":"","overlay-color":"","overlay-opacity":"","overlay-gradient":""},"mobile":{"background-color":"var(--ast-global-color-5)","background-image":"","background-repeat":"repeat","background-position":"center center","background-size":"auto","background-attachment":"scroll","background-type":"","background-media":"","overlay-type":"","overlay-color":"","overlay-opacity":"","overlay-gradient":""}},"footnotes":""},"class_list":["post-6441","page","type-page","status-publish","hentry"],"post_mailing_queue_ids":[],"_links":{"self":[{"href":"https:\/\/agora.xtec.cat\/insramoncasas\/wp-json\/wp\/v2\/pages\/6441","targetHints":{"allow":["GET"]}}],"collection":[{"href":"https:\/\/agora.xtec.cat\/insramoncasas\/wp-json\/wp\/v2\/pages"}],"about":[{"href":"https:\/\/agora.xtec.cat\/insramoncasas\/wp-json\/wp\/v2\/types\/page"}],"author":[{"embeddable":true,"href":"https:\/\/agora.xtec.cat\/insramoncasas\/wp-json\/wp\/v2\/users\/3"}],"replies":[{"embeddable":true,"href":"https:\/\/agora.xtec.cat\/insramoncasas\/wp-json\/wp\/v2\/comments?post=6441"}],"version-history":[{"count":4,"href":"https:\/\/agora.xtec.cat\/insramoncasas\/wp-json\/wp\/v2\/pages\/6441\/revisions"}],"predecessor-version":[{"id":10283,"href":"https:\/\/agora.xtec.cat\/insramoncasas\/wp-json\/wp\/v2\/pages\/6441\/revisions\/10283"}],"up":[{"embeddable":true,"href":"https:\/\/agora.xtec.cat\/insramoncasas\/wp-json\/wp\/v2\/pages\/6418"}],"wp:attachment":[{"href":"https:\/\/agora.xtec.cat\/insramoncasas\/wp-json\/wp\/v2\/media?parent=6441"}],"curies":[{"name":"wp","href":"https:\/\/api.w.org\/{rel}","templated":true}]}}