{"id":5389,"date":"2019-11-05T13:17:31","date_gmt":"2019-11-05T12:17:31","guid":{"rendered":"http:\/\/agora.xtec.cat\/insramoncasas\/?page_id=5389"},"modified":"2025-11-19T14:14:17","modified_gmt":"2025-11-19T13:14:17","slug":"documents-de-centre","status":"publish","type":"page","link":"https:\/\/agora.xtec.cat\/insramoncasas\/documents-de-centre\/","title":{"rendered":"Documents de Centre"},"content":{"rendered":"<h4>Consulta els documents de centre vigents:<\/h4>\n<ul>\n<li>\n<h5><a href=\"https:\/\/agora.xtec.cat\/insramoncasas\/documents-de-centre\/normes-dorganitzacio-i-funcionament\/\">NORMES I FUNCIONAMENT (NOFC)<\/a><\/h5>\n<\/li>\n<li><strong><a href=\"https:\/\/agora.xtec.cat\/insramoncasas\/documents-de-centre\/annex-nofc-mesures-correctores-i-sancionadores-sobre-lus-inadequat-del-material-informatic\/\">ANNEX NOFC Mesures Correctores i Sancionadores sobre l\u2019\u00fas inadequat del material inform\u00e0tic (en revisi\u00f3)<\/a><\/strong><\/li>\n<li>\n<h5><a href=\"https:\/\/agora.xtec.cat\/insramoncasas\/documents-de-centre\/projecte-educatiu-de-centre-pec\/\">PROJECTE EDUCATIU DE CENTRE<\/a><\/h5>\n<\/li>\n<li>\n<h5><a href=\"https:\/\/agora.xtec.cat\/insramoncasas\/documents-de-centre\/pla-linguistic-de-centre-plc\/\">PLA LING\u00dc\u00cdSTIC DE CENTRE\u00a0<\/a><\/h5>\n<\/li>\n<li>\n<h5><a href=\"https:\/\/agora.xtec.cat\/insramoncasas\/documents-de-centre\/projecte-de-convivencia\/\">PROJECTE DE CONVIV\u00c8NCIA<\/a><\/h5>\n<\/li>\n<\/ul>\n<h4><strong>Convenis FP DUAL<\/strong><\/h4>\n<p><strong><a href=\"https:\/\/agora.xtec.cat\/insramoncasas\/wp-content\/uploads\/usu1921\/2025\/11\/Convenis-Dual-Ramon-Casas.pdf\">Convenis FP Dual &#8211; Institut Ramon Casas i Carb\u00f3<\/a><\/strong><\/p>\n","protected":false},"excerpt":{"rendered":"<p>Consulta els documents de centre vigents: NORMES I FUNCIONAMENT (NOFC) ANNEX NOFC Mesures Correctores i Sancionadores sobre l\u2019\u00fas inadequat del material inform\u00e0tic (en revisi\u00f3) PROJECTE EDUCATIU DE CENTRE PLA LING\u00dc\u00cdSTIC DE CENTRE\u00a0 PROJECTE DE CONVIV\u00c8NCIA Convenis FP DUAL Convenis FP Dual &#8211; Institut Ramon Casas i Carb\u00f3<\/p>\n","protected":false},"author":3,"featured_media":0,"parent":0,"menu_order":0,"comment_status":"closed","ping_status":"closed","template":"page-templates\/side-menu.php","meta":{"_bbp_topic_count":0,"_bbp_reply_count":0,"_bbp_total_topic_count":0,"_bbp_total_reply_count":0,"_bbp_voice_count":0,"_bbp_anonymous_reply_count":0,"_bbp_topic_count_hidden":0,"_bbp_reply_count_hidden":0,"_bbp_forum_subforum_count":0,"site-sidebar-layout":"default","site-content-layout":"","ast-site-content-layout":"","site-content-style":"default","site-sidebar-style":"default","ast-global-header-display":"","ast-banner-title-visibility":"","ast-main-header-display":"","ast-hfb-above-header-display":"","ast-hfb-below-header-display":"","ast-hfb-mobile-header-display":"","site-post-title":"","ast-breadcrumbs-content":"","ast-featured-img":"","footer-sml-layout":"","theme-transparent-header-meta":"","adv-header-id-meta":"","stick-header-meta":"","header-above-stick-meta":"","header-main-stick-meta":"","header-below-stick-meta":"","astra-migrate-meta-layouts":"default","ast-page-background-enabled":"default","ast-page-background-meta":{"desktop":{"background-color":"var(--ast-global-color-4)","background-image":"","background-repeat":"repeat","background-position":"center center","background-size":"auto","background-attachment":"scroll","background-type":"","background-media":"","overlay-type":"","overlay-color":"","overlay-opacity":"","overlay-gradient":""},"tablet":{"background-color":"","background-image":"","background-repeat":"repeat","background-position":"center center","background-size":"auto","background-attachment":"scroll","background-type":"","background-media":"","overlay-type":"","overlay-color":"","overlay-opacity":"","overlay-gradient":""},"mobile":{"background-color":"","background-image":"","background-repeat":"repeat","background-position":"center center","background-size":"auto","background-attachment":"scroll","background-type":"","background-media":"","overlay-type":"","overlay-color":"","overlay-opacity":"","overlay-gradient":""}},"ast-content-background-meta":{"desktop":{"background-color":"var(--ast-global-color-5)","background-image":"","background-repeat":"repeat","background-position":"center center","background-size":"auto","background-attachment":"scroll","background-type":"","background-media":"","overlay-type":"","overlay-color":"","overlay-opacity":"","overlay-gradient":""},"tablet":{"background-color":"var(--ast-global-color-5)","background-image":"","background-repeat":"repeat","background-position":"center center","background-size":"auto","background-attachment":"scroll","background-type":"","background-media":"","overlay-type":"","overlay-color":"","overlay-opacity":"","overlay-gradient":""},"mobile":{"background-color":"var(--ast-global-color-5)","background-image":"","background-repeat":"repeat","background-position":"center center","background-size":"auto","background-attachment":"scroll","background-type":"","background-media":"","overlay-type":"","overlay-color":"","overlay-opacity":"","overlay-gradient":""}},"footnotes":""},"class_list":["post-5389","page","type-page","status-publish","hentry"],"post_mailing_queue_ids":[],"_links":{"self":[{"href":"https:\/\/agora.xtec.cat\/insramoncasas\/wp-json\/wp\/v2\/pages\/5389","targetHints":{"allow":["GET"]}}],"collection":[{"href":"https:\/\/agora.xtec.cat\/insramoncasas\/wp-json\/wp\/v2\/pages"}],"about":[{"href":"https:\/\/agora.xtec.cat\/insramoncasas\/wp-json\/wp\/v2\/types\/page"}],"author":[{"embeddable":true,"href":"https:\/\/agora.xtec.cat\/insramoncasas\/wp-json\/wp\/v2\/users\/3"}],"replies":[{"embeddable":true,"href":"https:\/\/agora.xtec.cat\/insramoncasas\/wp-json\/wp\/v2\/comments?post=5389"}],"version-history":[{"count":6,"href":"https:\/\/agora.xtec.cat\/insramoncasas\/wp-json\/wp\/v2\/pages\/5389\/revisions"}],"predecessor-version":[{"id":10041,"href":"https:\/\/agora.xtec.cat\/insramoncasas\/wp-json\/wp\/v2\/pages\/5389\/revisions\/10041"}],"wp:attachment":[{"href":"https:\/\/agora.xtec.cat\/insramoncasas\/wp-json\/wp\/v2\/media?parent=5389"}],"curies":[{"name":"wp","href":"https:\/\/api.w.org\/{rel}","templated":true}]}}