{"id":815,"date":"2017-06-28T11:05:32","date_gmt":"2017-06-28T09:05:32","guid":{"rendered":"http:\/\/iesquercus.com\/?page_id=193"},"modified":"2017-06-28T11:05:32","modified_gmt":"2017-06-28T09:05:32","slug":"projecte-de-mediacio","status":"publish","type":"page","link":"https:\/\/agora.xtec.cat\/insquercus\/projecte-de-mediacio\/","title":{"rendered":"Projecte de Mediaci\u00f3"},"content":{"rendered":"<section class=\"article-body\">El Departament d\u2019Educaci\u00f3 ha engegat diversos projectes d\u2019innovaci\u00f3 per millorar la qualitat de l\u2019ensenyament. Un d\u2019aquests projectes \u00e9s la\u00a0<strong>mediaci\u00f3 escolar<\/strong>. La mediaci\u00f3 \u00e9s una via de resoluci\u00f3 de conflictes que t\u00e9 per objectiu millorar la conviv\u00e8ncia al centre.<\/p>\n<p>El curs 2004-2005 una colla de professors, pares i alumnes van fer-ne un curs de formaci\u00f3 i des d\u2019aleshores s\u2019ofereix aquest servei a tots els membres de la comunitat educativa del centre.<\/p>\n<p>Qu\u00e8 \u00e9s la\u00a0<strong>mediaci\u00f3<\/strong>?\u00a0La mediaci\u00f3 \u00e9s una forma alternativa de resoldre conflictes. \u00c9s un proc\u00e9s voluntari en qu\u00e8 s\u2019ofereix a les dues parts la possibilitat de reunir-se amb una persona imparcial (mediador\/a) per parlar del problema i mirar d\u2019arribar a un acord.<\/p>\n<p>El mediador no jutja, no opina, no decideix, no pren part a favor de ning\u00fa. Facilita el di\u00e0leg i ajuda a establir acords i compromisos conjunts. Cedeix el protagonisme a les persones implicades perqu\u00e8 elles mateixes trobin les possibles solucions.<\/p>\n<p>Quins s\u00f3n els principis de la\u00a0<strong>mediaci\u00f3<\/strong>?<\/p>\n<blockquote><p>&#8211; \u00c9s un proc\u00e9s voluntari.<br \/>\n&#8211; \u00c9s un proc\u00e9s cooperatiu i no pas competitiu. Tothom hi guanya.<br \/>\n&#8211; El mediador \u00e9s una persona imparcial.<br \/>\n&#8211; Exigeix franquesa i honestedat.<br \/>\n&#8211; \u00c9s confidencial.<\/p><\/blockquote>\n<p>Qui pot fer \u00fas del\u00a0<strong>servei de mediaci\u00f3<\/strong>?\u00a0El servei de mediaci\u00f3 \u00e9s un instrument per gestionar els conflictes que pertorben el bon clima de comunicaci\u00f3 del centre. El professorat, l\u2019alumnat i tots els membres de la comunitat educativa del centre poden sol\u00b7licitar per iniciativa pr\u00f2pia el servei de mediaci\u00f3 quan siguin una de les parts implicades en un conflicte. L\u2019equip de direcci\u00f3, els coordinadors, tutors o tutors individuals poden proposar a les parts implicades en un conflicte la utilitzaci\u00f3 del servei de mediaci\u00f3.<\/p>\n<p>El professorat que observi alguna conducta que cregui inadequada pot parlar amb el coordinador de nivell o els tutors i valorar conjuntament la possibilitat de proposar a les parts una mediaci\u00f3.<\/p>\n<p>La Comissi\u00f3 de Conviv\u00e8ncia pot proposar l\u2019assist\u00e8ncia a la mediaci\u00f3 com un recurs m\u00e9s.<\/p>\n<p>Com funciona el<strong>\u00a0servei de mediaci\u00f3<\/strong>?<\/p>\n<blockquote><p>&#8211; Al costat de Secretaria hi ha la b\u00fastia del servei de mediaci\u00f3 i els fulls de sol\u00b7licitud. Els interessats, per pr\u00f2pia iniciativa, poden omplir el full de sol\u00b7licitud i deixar-lo a la b\u00fastia (als fulls hi ha la possibilitat de triar el mediador\/a).<br \/>\n&#8211; L\u2019equip directiu, coordinadors o tutors poden fer la proposta a qui ho creguin convenient. Si les parts ho accepten, omplen un full de sol\u00b7licitud.<br \/>\n&#8211; Els coordinadors revisen els fulls i adjudiquen els mediadors\/es.<br \/>\n&#8211; Els coordinadors o els mediadors es posen en contacte amb les parts per comen\u00e7ar el proc\u00e9s.<\/p><\/blockquote>\n<p>Qui forma<strong>\u00a0l\u2019equip de mediaci\u00f3<\/strong>?\u00a0L\u2019equip de mediaci\u00f3 \u00e9s format pels professors, pares i mares i alumnes que han seguit un curs espec\u00edfic de mediaci\u00f3 escolar.<\/p>\n<\/section>\n","protected":false},"excerpt":{"rendered":"<p>El Departament d\u2019Educaci\u00f3 ha engegat diversos projectes d\u2019innovaci\u00f3 per millorar la qualitat de l\u2019ensenyament. Un d\u2019aquests projectes \u00e9s la\u00a0mediaci\u00f3 escolar. La mediaci\u00f3 \u00e9s una via de resoluci\u00f3 de conflictes que t\u00e9 per objectiu millorar la conviv\u00e8ncia al centre. El curs 2004-2005 una colla de professors, pares i alumnes van fer-ne un curs de formaci\u00f3 i [&hellip;]<\/p>\n","protected":false},"author":1,"featured_media":0,"parent":0,"menu_order":0,"comment_status":"closed","ping_status":"closed","template":"","meta":{"site-sidebar-layout":"default","site-content-layout":"","ast-site-content-layout":"","site-content-style":"default","site-sidebar-style":"default","ast-global-header-display":"","ast-banner-title-visibility":"","ast-main-header-display":"","ast-hfb-above-header-display":"","ast-hfb-below-header-display":"","ast-hfb-mobile-header-display":"","site-post-title":"","ast-breadcrumbs-content":"","ast-featured-img":"","footer-sml-layout":"","theme-transparent-header-meta":"","adv-header-id-meta":"","stick-header-meta":"","header-above-stick-meta":"","header-main-stick-meta":"","header-below-stick-meta":"","astra-migrate-meta-layouts":"default","ast-page-background-enabled":"default","ast-page-background-meta":{"desktop":{"background-color":"var(--ast-global-color-4)","background-image":"","background-repeat":"repeat","background-position":"center center","background-size":"auto","background-attachment":"scroll","background-type":"","background-media":"","overlay-type":"","overlay-color":"","overlay-opacity":"","overlay-gradient":""},"tablet":{"background-color":"","background-image":"","background-repeat":"repeat","background-position":"center center","background-size":"auto","background-attachment":"scroll","background-type":"","background-media":"","overlay-type":"","overlay-color":"","overlay-opacity":"","overlay-gradient":""},"mobile":{"background-color":"","background-image":"","background-repeat":"repeat","background-position":"center center","background-size":"auto","background-attachment":"scroll","background-type":"","background-media":"","overlay-type":"","overlay-color":"","overlay-opacity":"","overlay-gradient":""}},"ast-content-background-meta":{"desktop":{"background-color":"var(--ast-global-color-5)","background-image":"","background-repeat":"repeat","background-position":"center center","background-size":"auto","background-attachment":"scroll","background-type":"","background-media":"","overlay-type":"","overlay-color":"","overlay-opacity":"","overlay-gradient":""},"tablet":{"background-color":"var(--ast-global-color-5)","background-image":"","background-repeat":"repeat","background-position":"center center","background-size":"auto","background-attachment":"scroll","background-type":"","background-media":"","overlay-type":"","overlay-color":"","overlay-opacity":"","overlay-gradient":""},"mobile":{"background-color":"var(--ast-global-color-5)","background-image":"","background-repeat":"repeat","background-position":"center center","background-size":"auto","background-attachment":"scroll","background-type":"","background-media":"","overlay-type":"","overlay-color":"","overlay-opacity":"","overlay-gradient":""}},"footnotes":""},"class_list":["post-815","page","type-page","status-publish","hentry"],"post_mailing_queue_ids":[],"_links":{"self":[{"href":"https:\/\/agora.xtec.cat\/insquercus\/wp-json\/wp\/v2\/pages\/815","targetHints":{"allow":["GET"]}}],"collection":[{"href":"https:\/\/agora.xtec.cat\/insquercus\/wp-json\/wp\/v2\/pages"}],"about":[{"href":"https:\/\/agora.xtec.cat\/insquercus\/wp-json\/wp\/v2\/types\/page"}],"author":[{"embeddable":true,"href":"https:\/\/agora.xtec.cat\/insquercus\/wp-json\/wp\/v2\/users\/1"}],"replies":[{"embeddable":true,"href":"https:\/\/agora.xtec.cat\/insquercus\/wp-json\/wp\/v2\/comments?post=815"}],"version-history":[{"count":0,"href":"https:\/\/agora.xtec.cat\/insquercus\/wp-json\/wp\/v2\/pages\/815\/revisions"}],"wp:attachment":[{"href":"https:\/\/agora.xtec.cat\/insquercus\/wp-json\/wp\/v2\/media?parent=815"}],"curies":[{"name":"wp","href":"https:\/\/api.w.org\/{rel}","templated":true}]}}

Projecte de Mediació

<section class="article-body">El Departament d’Educació ha engegat diversos projectes d’innovació per millorar la qualitat de l’ensenyament. Un d’aquests projectes és la <strong>mediació escolar</strong>. La mediació és una via de resolució de conflictes que té per objectiu millorar la convivència al centre.</p>
<p>El curs 2004-2005 una colla de professors, pares i alumnes van fer-ne un curs de formació i des d’aleshores s’ofereix aquest servei a tots els membres de la comunitat educativa del centre.</p>
<p>Què és la <strong>mediació</strong>? La mediació és una forma alternativa de resoldre conflictes. És un procés voluntari en què s’ofereix a les dues parts la possibilitat de reunir-se amb una persona imparcial (mediador/a) per parlar del problema i mirar d’arribar a un acord.</p>
<p>El mediador no jutja, no opina, no decideix, no pren part a favor de ningú. Facilita el diàleg i ajuda a establir acords i compromisos conjunts. Cedeix el protagonisme a les persones implicades perquè elles mateixes trobin les possibles solucions.</p>
<p>Quins són els principis de la <strong>mediació</strong>?</p>
<blockquote><p>&#8211; És un procés voluntari.<br />
&#8211; És un procés cooperatiu i no pas competitiu. Tothom hi guanya.<br />
&#8211; El mediador és una persona imparcial.<br />
&#8211; Exigeix franquesa i honestedat.<br />
&#8211; És confidencial.</p></blockquote>
<p>Qui pot fer ús del <strong>servei de mediació</strong>? El servei de mediació és un instrument per gestionar els conflictes que pertorben el bon clima de comunicació del centre. El professorat, l’alumnat i tots els membres de la comunitat educativa del centre poden sol·licitar per iniciativa pròpia el servei de mediació quan siguin una de les parts implicades en un conflicte. L’equip de direcció, els coordinadors, tutors o tutors individuals poden proposar a les parts implicades en un conflicte la utilització del servei de mediació.</p>
<p>El professorat que observi alguna conducta que cregui inadequada pot parlar amb el coordinador de nivell o els tutors i valorar conjuntament la possibilitat de proposar a les parts una mediació.</p>
<p>La Comissió de Convivència pot proposar l’assistència a la mediació com un recurs més.</p>
<p>Com funciona el<strong> servei de mediació</strong>?</p>
<blockquote><p>&#8211; Al costat de Secretaria hi ha la bústia del servei de mediació i els fulls de sol·licitud. Els interessats, per pròpia iniciativa, poden omplir el full de sol·licitud i deixar-lo a la bústia (als fulls hi ha la possibilitat de triar el mediador/a).<br />
&#8211; L’equip directiu, coordinadors o tutors poden fer la proposta a qui ho creguin convenient. Si les parts ho accepten, omplen un full de sol·licitud.<br />
&#8211; Els coordinadors revisen els fulls i adjudiquen els mediadors/es.<br />
&#8211; Els coordinadors o els mediadors es posen en contacte amb les parts per començar el procés.</p></blockquote>
<p>Qui forma<strong> l’equip de mediació</strong>? L’equip de mediació és format pels professors, pares i mares i alumnes que han seguit un curs específic de mediació escolar.</p>
</section>

<p>El Departament d’Educació ha engegat diversos projectes d’innovació per millorar la qualitat de l’ensenyament. Un d’aquests projectes és la mediació escolar. La mediació és una via de resolució de conflictes que té per objectiu millorar la convivència al centre. El curs 2004-2005 una colla de professors, pares i alumnes van fer-ne un curs de formació i [&hellip;]</p>
