{"id":814,"date":"2017-06-28T11:03:05","date_gmt":"2017-06-28T09:03:05","guid":{"rendered":"http:\/\/iesquercus.com\/?page_id=191"},"modified":"2017-06-28T11:03:05","modified_gmt":"2017-06-28T09:03:05","slug":"projecte-de-qualitat","status":"publish","type":"page","link":"https:\/\/agora.xtec.cat\/insquercus\/projecte-de-qualitat\/","title":{"rendered":"Projecte de Qualitat"},"content":{"rendered":"<section class=\"article-body\">L\u2019any 1998 l\u2019IES Quercus i tres centres m\u00e9s van formar un equip de treball per aconseguir el certificat ISO 9000. Finalment l\u2019any 2002 tots quatre es van convertir en els primers centres d\u2019ensenyament de Catalunya a obtenir aquest certificat per al proc\u00e9s d\u2019ensenyament i aprenentatge.<\/p>\n<p>L\u2019ISO 9000 \u00e9s un conjunt de normes de qualitat establertes per l\u2019Organitzaci\u00f3 Internacional per a l\u2019Estandarditzaci\u00f3, que es pot aplicar a qualsevol organitzaci\u00f3 (empresa privada, empresa de serveis, administraci\u00f3 p\u00fablica&#8230;).<\/p>\n<p>La implantaci\u00f3 d\u2019aquestes normes no \u00e9s f\u00e0cil. Implica molta feina i canvis en el funcionament i la gesti\u00f3 del centre, per\u00f2 tamb\u00e9 aporta molts avantatges:<\/p>\n<blockquote><p>&#8211; Redueix les incid\u00e8ncies en el servei (m\u00e9s coordinaci\u00f3 entre professorat, programacions m\u00e9s acurades..).<\/p>\n<p>&#8211; Augmenta l\u2019efic\u00e0cia de la gesti\u00f3 (objectius clars, procediments detallats, registres, documentaci\u00f3 endre\u00e7ada&#8230;).<\/p>\n<p>&#8211; Incrementa el comprom\u00eds amb els alumnes, les fam\u00edlies i la societat en general (mecanismes de participaci\u00f3, enquestes i indicadors de satisfacci\u00f3&#8230;).<\/p>\n<p>&#8211; Estableix mecanismes de millora cont\u00ednua (avaluacions internes i externes anuals, revisions peri\u00f2diques del funcionament del sistema a partir d\u2019indicadors&#8230;).<\/p><\/blockquote>\n<p>Actualment molts centres han obtingut o s\u00f3n en proc\u00e9s d\u2019obtenir aquest certificat i \u00e9s un requisit indispensable per als centres que imparteixen formaci\u00f3 professional.<\/p>\n<\/section>\n","protected":false},"excerpt":{"rendered":"<p>L\u2019any 1998 l\u2019IES Quercus i tres centres m\u00e9s van formar un equip de treball per aconseguir el certificat ISO 9000. Finalment l\u2019any 2002 tots quatre es van convertir en els primers centres d\u2019ensenyament de Catalunya a obtenir aquest certificat per al proc\u00e9s d\u2019ensenyament i aprenentatge. L\u2019ISO 9000 \u00e9s un conjunt de normes de qualitat establertes [&hellip;]<\/p>\n","protected":false},"author":1,"featured_media":0,"parent":0,"menu_order":0,"comment_status":"closed","ping_status":"closed","template":"","meta":{"site-sidebar-layout":"default","site-content-layout":"","ast-site-content-layout":"","site-content-style":"default","site-sidebar-style":"default","ast-global-header-display":"","ast-banner-title-visibility":"","ast-main-header-display":"","ast-hfb-above-header-display":"","ast-hfb-below-header-display":"","ast-hfb-mobile-header-display":"","site-post-title":"","ast-breadcrumbs-content":"","ast-featured-img":"","footer-sml-layout":"","theme-transparent-header-meta":"","adv-header-id-meta":"","stick-header-meta":"","header-above-stick-meta":"","header-main-stick-meta":"","header-below-stick-meta":"","astra-migrate-meta-layouts":"default","ast-page-background-enabled":"default","ast-page-background-meta":{"desktop":{"background-color":"var(--ast-global-color-4)","background-image":"","background-repeat":"repeat","background-position":"center center","background-size":"auto","background-attachment":"scroll","background-type":"","background-media":"","overlay-type":"","overlay-color":"","overlay-opacity":"","overlay-gradient":""},"tablet":{"background-color":"","background-image":"","background-repeat":"repeat","background-position":"center center","background-size":"auto","background-attachment":"scroll","background-type":"","background-media":"","overlay-type":"","overlay-color":"","overlay-opacity":"","overlay-gradient":""},"mobile":{"background-color":"","background-image":"","background-repeat":"repeat","background-position":"center center","background-size":"auto","background-attachment":"scroll","background-type":"","background-media":"","overlay-type":"","overlay-color":"","overlay-opacity":"","overlay-gradient":""}},"ast-content-background-meta":{"desktop":{"background-color":"var(--ast-global-color-5)","background-image":"","background-repeat":"repeat","background-position":"center center","background-size":"auto","background-attachment":"scroll","background-type":"","background-media":"","overlay-type":"","overlay-color":"","overlay-opacity":"","overlay-gradient":""},"tablet":{"background-color":"var(--ast-global-color-5)","background-image":"","background-repeat":"repeat","background-position":"center center","background-size":"auto","background-attachment":"scroll","background-type":"","background-media":"","overlay-type":"","overlay-color":"","overlay-opacity":"","overlay-gradient":""},"mobile":{"background-color":"var(--ast-global-color-5)","background-image":"","background-repeat":"repeat","background-position":"center center","background-size":"auto","background-attachment":"scroll","background-type":"","background-media":"","overlay-type":"","overlay-color":"","overlay-opacity":"","overlay-gradient":""}},"footnotes":""},"class_list":["post-814","page","type-page","status-publish","hentry"],"post_mailing_queue_ids":[],"_links":{"self":[{"href":"https:\/\/agora.xtec.cat\/insquercus\/wp-json\/wp\/v2\/pages\/814","targetHints":{"allow":["GET"]}}],"collection":[{"href":"https:\/\/agora.xtec.cat\/insquercus\/wp-json\/wp\/v2\/pages"}],"about":[{"href":"https:\/\/agora.xtec.cat\/insquercus\/wp-json\/wp\/v2\/types\/page"}],"author":[{"embeddable":true,"href":"https:\/\/agora.xtec.cat\/insquercus\/wp-json\/wp\/v2\/users\/1"}],"replies":[{"embeddable":true,"href":"https:\/\/agora.xtec.cat\/insquercus\/wp-json\/wp\/v2\/comments?post=814"}],"version-history":[{"count":0,"href":"https:\/\/agora.xtec.cat\/insquercus\/wp-json\/wp\/v2\/pages\/814\/revisions"}],"wp:attachment":[{"href":"https:\/\/agora.xtec.cat\/insquercus\/wp-json\/wp\/v2\/media?parent=814"}],"curies":[{"name":"wp","href":"https:\/\/api.w.org\/{rel}","templated":true}]}}