{"id":77,"date":"2014-09-18T10:29:25","date_gmt":"2014-09-18T09:29:25","guid":{"rendered":"http:\/\/agora.xtec.cat\/inspontdeldiable\/?page_id=77"},"modified":"2019-11-12T16:52:03","modified_gmt":"2019-11-12T15:52:03","slug":"transport-escolar","status":"publish","type":"page","link":"https:\/\/agora.xtec.cat\/inspontdeldiable\/projecte-educatiu\/transport-escolar\/","title":{"rendered":"Mediaci\u00f3"},"content":{"rendered":"<p style=\"color: #000000;\">La mediaci\u00f3 contribueix a regular la conviv\u00e8ncia en el centre desenvolupant actituds i habilitats relacionals positives, prevenint la viol\u00e8ncia, intervenint constructivament enfront dels conflictes i propiciant la reparaci\u00f3 responsable i la reconciliaci\u00f3 entre persones que passen molt de temps juntes. De retruc, la millora en el clima del centre incideix positivament en la resta d\u2019activitats educatives.<\/p>\n","protected":false},"excerpt":{"rendered":"<p>La mediaci\u00f3 contribueix a regular la conviv\u00e8ncia en el centre desenvolupant actituds i habilitats relacionals positives, prevenint la viol\u00e8ncia, intervenint constructivament enfront dels conflictes i propiciant la reparaci\u00f3 responsable i la reconciliaci\u00f3 entre persones que passen molt de temps juntes. De retruc, la millora en&hellip;  <a href=\"https:\/\/agora.xtec.cat\/inspontdeldiable\/projecte-educatiu\/transport-escolar\/\" title=\"Read Mediaci\u00f3\">Llegeix m\u00e9s\u00bb<\/a><\/p>\n","protected":false},"author":1,"featured_media":0,"parent":57,"menu_order":40,"comment_status":"closed","ping_status":"closed","template":"page-templates\/side-menu.php","meta":{"_bbp_topic_count":0,"_bbp_reply_count":0,"_bbp_total_topic_count":0,"_bbp_total_reply_count":0,"_bbp_voice_count":0,"_bbp_anonymous_reply_count":0,"_bbp_topic_count_hidden":0,"_bbp_reply_count_hidden":0,"_bbp_forum_subforum_count":0,"footnotes":""},"class_list":["post-77","page","type-page","status-publish","hentry"],"post_mailing_queue_ids":[],"_links":{"self":[{"href":"https:\/\/agora.xtec.cat\/inspontdeldiable\/wp-json\/wp\/v2\/pages\/77","targetHints":{"allow":["GET"]}}],"collection":[{"href":"https:\/\/agora.xtec.cat\/inspontdeldiable\/wp-json\/wp\/v2\/pages"}],"about":[{"href":"https:\/\/agora.xtec.cat\/inspontdeldiable\/wp-json\/wp\/v2\/types\/page"}],"author":[{"embeddable":true,"href":"https:\/\/agora.xtec.cat\/inspontdeldiable\/wp-json\/wp\/v2\/users\/1"}],"replies":[{"embeddable":true,"href":"https:\/\/agora.xtec.cat\/inspontdeldiable\/wp-json\/wp\/v2\/comments?post=77"}],"version-history":[{"count":1,"href":"https:\/\/agora.xtec.cat\/inspontdeldiable\/wp-json\/wp\/v2\/pages\/77\/revisions"}],"predecessor-version":[{"id":557,"href":"https:\/\/agora.xtec.cat\/inspontdeldiable\/wp-json\/wp\/v2\/pages\/77\/revisions\/557"}],"up":[{"embeddable":true,"href":"https:\/\/agora.xtec.cat\/inspontdeldiable\/wp-json\/wp\/v2\/pages\/57"}],"wp:attachment":[{"href":"https:\/\/agora.xtec.cat\/inspontdeldiable\/wp-json\/wp\/v2\/media?parent=77"}],"curies":[{"name":"wp","href":"https:\/\/api.w.org\/{rel}","templated":true}]}}