{"id":69,"date":"2014-09-18T10:15:07","date_gmt":"2014-09-18T09:15:07","guid":{"rendered":"http:\/\/agora.xtec.cat\/inspontdeldiable\/?page_id=69"},"modified":"2019-11-12T16:54:19","modified_gmt":"2019-11-12T15:54:19","slug":"menjador-escolar","status":"publish","type":"page","link":"https:\/\/agora.xtec.cat\/inspontdeldiable\/projecte-educatiu\/menjador-escolar\/","title":{"rendered":"Assessorament pedag\u00f2gic"},"content":{"rendered":"<p>L\u2019equip d\u2019assessorament i orientaci\u00f3 psicopedag\u00f2gica (EAP) \u00e9s un servei educatiu de zona que d\u00f3na suport al professorat dels centres docents per tal d\u2019oferir la resposta educativa m\u00e9s adequada al conjunt de l\u2019alumnat, especialment aquell que presenta disminucions o m\u00e9s dificultats en el proc\u00e9s d\u2019aprenentatge, i les seves fam\u00edlies.<\/p>\n<p><strong>Professionals de l\u2019EAP \u00a0\u00a0:<\/strong><\/p>\n<p>Psicopedagoga:\u00a0\u00a0\u00a0\u00a0\u00a0\u00a0\u00a0\u00a0 Atenci\u00f3 setmanal:<\/p>\n<p>Treballadora Social:\u00a0\u00a0 Atenci\u00f3 per demanda<\/p>\n<p>Anualment l\u2019 EAP consensua amb l\u2019equip directiu el seu Pla d\u2019Actuaci\u00f3<\/p>\n<p><strong>Funcions:<\/strong><\/p>\n<p>\u00b7 Identificaci\u00f3 i avaluaci\u00f3 de les necessitats educatives especials de l\u2019alumnat, conjuntament amb el professorat i d\u2019altres serveis espec\u00edfics per tal de trobar la resposta educativa m\u00e9s adequada en cada cas.<br \/>\n\u00b7 Col\u00b7laboraci\u00f3 en l\u2019elaboraci\u00f3 i seguiment dels\u00a0 diferents plans individualitzats que puguin necessitar els alumnes,conjuntament amb el professorat i d\u2019altres serveis espec\u00edfics.<br \/>\n\u00b7 Assessorament als mestres i professors sobre aspectes psicopedag\u00f2gics\u00a0 que millorin l\u2019atenci\u00f3 a la diversitat de necessitats dels alumnes.<br \/>\n\u00b7 Assessorament a l\u2019alumnat, les fam\u00edlies i el professorat sobre aspectes relacionats amb l\u2019orientaci\u00f3 personal, educativa i professional.<\/p>\n","protected":false},"excerpt":{"rendered":"<p>L\u2019equip d\u2019assessorament i orientaci\u00f3 psicopedag\u00f2gica (EAP) \u00e9s un servei educatiu de zona que d\u00f3na suport al professorat dels centres docents per tal d\u2019oferir la resposta educativa m\u00e9s adequada al conjunt de l\u2019alumnat, especialment aquell que presenta disminucions o m\u00e9s dificultats en el proc\u00e9s d\u2019aprenentatge, i&hellip;  <a href=\"https:\/\/agora.xtec.cat\/inspontdeldiable\/projecte-educatiu\/menjador-escolar\/\" title=\"Read Assessorament pedag\u00f2gic\">Llegeix m\u00e9s\u00bb<\/a><\/p>\n","protected":false},"author":1,"featured_media":0,"parent":57,"menu_order":30,"comment_status":"closed","ping_status":"closed","template":"page-templates\/side-menu.php","meta":{"_bbp_topic_count":0,"_bbp_reply_count":0,"_bbp_total_topic_count":0,"_bbp_total_reply_count":0,"_bbp_voice_count":0,"_bbp_anonymous_reply_count":0,"_bbp_topic_count_hidden":0,"_bbp_reply_count_hidden":0,"_bbp_forum_subforum_count":0,"footnotes":""},"class_list":["post-69","page","type-page","status-publish","hentry"],"post_mailing_queue_ids":[],"_links":{"self":[{"href":"https:\/\/agora.xtec.cat\/inspontdeldiable\/wp-json\/wp\/v2\/pages\/69","targetHints":{"allow":["GET"]}}],"collection":[{"href":"https:\/\/agora.xtec.cat\/inspontdeldiable\/wp-json\/wp\/v2\/pages"}],"about":[{"href":"https:\/\/agora.xtec.cat\/inspontdeldiable\/wp-json\/wp\/v2\/types\/page"}],"author":[{"embeddable":true,"href":"https:\/\/agora.xtec.cat\/inspontdeldiable\/wp-json\/wp\/v2\/users\/1"}],"replies":[{"embeddable":true,"href":"https:\/\/agora.xtec.cat\/inspontdeldiable\/wp-json\/wp\/v2\/comments?post=69"}],"version-history":[{"count":1,"href":"https:\/\/agora.xtec.cat\/inspontdeldiable\/wp-json\/wp\/v2\/pages\/69\/revisions"}],"predecessor-version":[{"id":556,"href":"https:\/\/agora.xtec.cat\/inspontdeldiable\/wp-json\/wp\/v2\/pages\/69\/revisions\/556"}],"up":[{"embeddable":true,"href":"https:\/\/agora.xtec.cat\/inspontdeldiable\/wp-json\/wp\/v2\/pages\/57"}],"wp:attachment":[{"href":"https:\/\/agora.xtec.cat\/inspontdeldiable\/wp-json\/wp\/v2\/media?parent=69"}],"curies":[{"name":"wp","href":"https:\/\/api.w.org\/{rel}","templated":true}]}}

Assessorament pedagògic

<p>L’equip d’assessorament i orientació psicopedagògica (EAP) és un servei educatiu de zona que dóna suport al professorat dels centres docents per tal d’oferir la resposta educativa més adequada al conjunt de l’alumnat, especialment aquell que presenta disminucions o més dificultats en el procés d’aprenentatge, i les seves famílies.</p>
<p><strong>Professionals de l’EAP   :</strong></p>
<p>Psicopedagoga:         Atenció setmanal:</p>
<p>Treballadora Social:   Atenció per demanda</p>
<p>Anualment l’ EAP consensua amb l’equip directiu el seu Pla d’Actuació</p>
<p><strong>Funcions:</strong></p>
<p>· Identificació i avaluació de les necessitats educatives especials de l’alumnat, conjuntament amb el professorat i d’altres serveis específics per tal de trobar la resposta educativa més adequada en cada cas.<br />
· Col·laboració en l’elaboració i seguiment dels  diferents plans individualitzats que puguin necessitar els alumnes,conjuntament amb el professorat i d’altres serveis específics.<br />
· Assessorament als mestres i professors sobre aspectes psicopedagògics  que millorin l’atenció a la diversitat de necessitats dels alumnes.<br />
· Assessorament a l’alumnat, les famílies i el professorat sobre aspectes relacionats amb l’orientació personal, educativa i professional.</p>

<p>L’equip d’assessorament i orientació psicopedagògica (EAP) és un servei educatiu de zona que dóna suport al professorat dels centres docents per tal d’oferir la resposta educativa més adequada al conjunt de l’alumnat, especialment aquell que presenta disminucions o més dificultats en el procés d’aprenentatge, i&hellip;  <a href="https://agora.xtec.cat/inspontdeldiable/projecte-educatiu/menjador-escolar/" title="Read Assessorament pedagògic">Llegeix més»</a></p>
