{"id":615,"date":"2019-11-11T22:08:41","date_gmt":"2019-11-11T21:08:41","guid":{"rendered":"https:\/\/agora.xtec.cat\/inspontdeldiable\/?page_id=615"},"modified":"2020-01-27T19:44:18","modified_gmt":"2020-01-27T18:44:18","slug":"pla-demergencia","status":"publish","type":"page","link":"https:\/\/agora.xtec.cat\/inspontdeldiable\/projecte-educatiu\/pla-demergencia\/","title":{"rendered":"Pla d&#8217;emerg\u00e8ncia"},"content":{"rendered":"<p style=\"text-align: justify;\"><span lang=\"EN-US\">Els centres docents, com altres edificis, estan sotmesos a uns riscos, <\/span><span lang=\"EN-US\">que<\/span> <span lang=\"EN-US\">poden<\/span> <span lang=\"EN-US\">venir<\/span> <span lang=\"EN-US\">de dins de l\u2019edifici (el casd\u2019un incendi) o de fora (casos <\/span><span lang=\"EN-US\">de contaminaci\u00f3, inundaci\u00f3&#8230;). \u00c9s per aix\u00f2 que la Generalitat de Catalunya ha potenciat, dins de la Llei de Protecci\u00f3 Civil de Catalunya 4\/97, la redacci\u00f3 del <\/span><span lang=\"EN-US\"><a href=\"https:\/\/drive.google.com\/open?id=1nikr-ic90MKzulOeAVYgNCqTAXWP7_K1\">Pla d\u2019Emerg\u00e8ncia<\/a> del <\/span><span lang=\"EN-US\">Centre Docent, document que es posa al servei del m\u00f3n escolar perqu\u00e8 s\u00e0piga donar resposta a situacions de risc. El Pla recull totes les actuacions que han de dur a terme els professors\/es, els alumnes i el personal <\/span><span lang=\"EN-US\">de serveis davant d\u2019una emerg\u00e8ncia, tot <\/span><span lang=\"EN-US\">fent \u00e8mfasi en la col\u00b7laboraci\u00f3 de tots els implicats, tant del centre docent com de les administracions p\u00fabliques i dels serveis de protecci\u00f3.<\/span><\/p>\n","protected":false},"excerpt":{"rendered":"<p>Els centres docents, com altres edificis, estan sotmesos a uns riscos, que poden venir de dins de l\u2019edifici (el casd\u2019un incendi) o de fora (casos de contaminaci\u00f3, inundaci\u00f3&#8230;). \u00c9s per aix\u00f2 que la Generalitat de Catalunya ha potenciat, dins de la Llei de Protecci\u00f3 Civil&hellip;  <a href=\"https:\/\/agora.xtec.cat\/inspontdeldiable\/projecte-educatiu\/pla-demergencia\/\" title=\"Read Pla d&#8217;emerg\u00e8ncia\">Llegeix m\u00e9s\u00bb<\/a><\/p>\n","protected":false},"author":1,"featured_media":0,"parent":57,"menu_order":0,"comment_status":"closed","ping_status":"closed","template":"page-templates\/side-menu.php","meta":{"_bbp_topic_count":0,"_bbp_reply_count":0,"_bbp_total_topic_count":0,"_bbp_total_reply_count":0,"_bbp_voice_count":0,"_bbp_anonymous_reply_count":0,"_bbp_topic_count_hidden":0,"_bbp_reply_count_hidden":0,"_bbp_forum_subforum_count":0,"footnotes":""},"class_list":["post-615","page","type-page","status-publish","hentry"],"post_mailing_queue_ids":[],"_links":{"self":[{"href":"https:\/\/agora.xtec.cat\/inspontdeldiable\/wp-json\/wp\/v2\/pages\/615","targetHints":{"allow":["GET"]}}],"collection":[{"href":"https:\/\/agora.xtec.cat\/inspontdeldiable\/wp-json\/wp\/v2\/pages"}],"about":[{"href":"https:\/\/agora.xtec.cat\/inspontdeldiable\/wp-json\/wp\/v2\/types\/page"}],"author":[{"embeddable":true,"href":"https:\/\/agora.xtec.cat\/inspontdeldiable\/wp-json\/wp\/v2\/users\/1"}],"replies":[{"embeddable":true,"href":"https:\/\/agora.xtec.cat\/inspontdeldiable\/wp-json\/wp\/v2\/comments?post=615"}],"version-history":[{"count":3,"href":"https:\/\/agora.xtec.cat\/inspontdeldiable\/wp-json\/wp\/v2\/pages\/615\/revisions"}],"predecessor-version":[{"id":720,"href":"https:\/\/agora.xtec.cat\/inspontdeldiable\/wp-json\/wp\/v2\/pages\/615\/revisions\/720"}],"up":[{"embeddable":true,"href":"https:\/\/agora.xtec.cat\/inspontdeldiable\/wp-json\/wp\/v2\/pages\/57"}],"wp:attachment":[{"href":"https:\/\/agora.xtec.cat\/inspontdeldiable\/wp-json\/wp\/v2\/media?parent=615"}],"curies":[{"name":"wp","href":"https:\/\/api.w.org\/{rel}","templated":true}]}}

Pla d&#8217;emergència

<p style="text-align: justify;"><span lang="EN-US">Els centres docents, com altres edificis, estan sotmesos a uns riscos, </span><span lang="EN-US">que</span> <span lang="EN-US">poden</span> <span lang="EN-US">venir</span> <span lang="EN-US">de dins de l’edifici (el casd’un incendi) o de fora (casos </span><span lang="EN-US">de contaminació, inundació&#8230;). És per això que la Generalitat de Catalunya ha potenciat, dins de la Llei de Protecció Civil de Catalunya 4/97, la redacció del </span><span lang="EN-US"><a href="https://drive.google.com/open?id=1nikr-ic90MKzulOeAVYgNCqTAXWP7_K1">Pla d’Emergència</a> del </span><span lang="EN-US">Centre Docent, document que es posa al servei del món escolar perquè sàpiga donar resposta a situacions de risc. El Pla recull totes les actuacions que han de dur a terme els professors/es, els alumnes i el personal </span><span lang="EN-US">de serveis davant d’una emergència, tot </span><span lang="EN-US">fent èmfasi en la col·laboració de tots els implicats, tant del centre docent com de les administracions públiques i dels serveis de protecció.</span></p>

<p>Els centres docents, com altres edificis, estan sotmesos a uns riscos, que poden venir de dins de l’edifici (el casd’un incendi) o de fora (casos de contaminació, inundació&#8230;). És per això que la Generalitat de Catalunya ha potenciat, dins de la Llei de Protecció Civil&hellip;  <a href="https://agora.xtec.cat/inspontdeldiable/projecte-educatiu/pla-demergencia/" title="Read Pla d&#8217;emergència">Llegeix més»</a></p>
