{"id":564,"date":"2019-11-11T20:17:10","date_gmt":"2019-11-11T19:17:10","guid":{"rendered":"https:\/\/agora.xtec.cat\/inspontdeldiable\/?page_id=564"},"modified":"2019-11-12T16:53:05","modified_gmt":"2019-11-12T15:53:05","slug":"ilec","status":"publish","type":"page","link":"https:\/\/agora.xtec.cat\/inspontdeldiable\/projecte-educatiu\/ilec\/","title":{"rendered":"Pla d&#8217;Impuls de la Lectura (ILEC)"},"content":{"rendered":"<p>El curs 2011-12 el Govern de la Generalitat de Catalunya va impulsar un <strong>Pla Nacional de Lectura<\/strong>, que t\u00e9 com a finalitat augmentar els h\u00e0bits lectors dels ciutadans i la seva compet\u00e8ncia lectora. Aquest pla va dirigit als centres educatius, al professorat, als alumnes, a les fam\u00edlies i a la societat en general.<\/p>\n","protected":false},"excerpt":{"rendered":"<p>El curs 2011-12 el Govern de la Generalitat de Catalunya va impulsar un Pla Nacional de Lectura, que t\u00e9 com a finalitat augmentar els h\u00e0bits lectors dels ciutadans i la seva compet\u00e8ncia lectora. Aquest pla va dirigit als centres educatius, al professorat, als alumnes, a&hellip;  <a href=\"https:\/\/agora.xtec.cat\/inspontdeldiable\/projecte-educatiu\/ilec\/\" title=\"Read Pla d&#8217;Impuls de la Lectura (ILEC)\">Llegeix m\u00e9s\u00bb<\/a><\/p>\n","protected":false},"author":1,"featured_media":0,"parent":57,"menu_order":80,"comment_status":"closed","ping_status":"closed","template":"page-templates\/side-menu.php","meta":{"_bbp_topic_count":0,"_bbp_reply_count":0,"_bbp_total_topic_count":0,"_bbp_total_reply_count":0,"_bbp_voice_count":0,"_bbp_anonymous_reply_count":0,"_bbp_topic_count_hidden":0,"_bbp_reply_count_hidden":0,"_bbp_forum_subforum_count":0,"footnotes":""},"class_list":["post-564","page","type-page","status-publish","hentry"],"post_mailing_queue_ids":[],"_links":{"self":[{"href":"https:\/\/agora.xtec.cat\/inspontdeldiable\/wp-json\/wp\/v2\/pages\/564","targetHints":{"allow":["GET"]}}],"collection":[{"href":"https:\/\/agora.xtec.cat\/inspontdeldiable\/wp-json\/wp\/v2\/pages"}],"about":[{"href":"https:\/\/agora.xtec.cat\/inspontdeldiable\/wp-json\/wp\/v2\/types\/page"}],"author":[{"embeddable":true,"href":"https:\/\/agora.xtec.cat\/inspontdeldiable\/wp-json\/wp\/v2\/users\/1"}],"replies":[{"embeddable":true,"href":"https:\/\/agora.xtec.cat\/inspontdeldiable\/wp-json\/wp\/v2\/comments?post=564"}],"version-history":[{"count":2,"href":"https:\/\/agora.xtec.cat\/inspontdeldiable\/wp-json\/wp\/v2\/pages\/564\/revisions"}],"predecessor-version":[{"id":572,"href":"https:\/\/agora.xtec.cat\/inspontdeldiable\/wp-json\/wp\/v2\/pages\/564\/revisions\/572"}],"up":[{"embeddable":true,"href":"https:\/\/agora.xtec.cat\/inspontdeldiable\/wp-json\/wp\/v2\/pages\/57"}],"wp:attachment":[{"href":"https:\/\/agora.xtec.cat\/inspontdeldiable\/wp-json\/wp\/v2\/media?parent=564"}],"curies":[{"name":"wp","href":"https:\/\/api.w.org\/{rel}","templated":true}]}}